000
CXAK56 PAFC 020449
CF6CDB
PRELIMINARY LOCAL CLIMATOLOGICAL DATA (WS FORM: F-6)
STATION: COLD BAY
MONTH: DECEMBER
YEAR: 2022
LATITUDE: 55 13 N
LONGITUDE: 162 44 W
TEMPERATURE IN F: :PCPN: SNOW: WIND :SUNSHINE: SKY :PK WND
================================================================================
1 2 3 4 5 6A 6B 7 8 9 10 11 12 13 14 15 16 17 18
12Z AVG MX 2MIN
DY MAX MIN AVG DEP HDD CDD WTR SNW DPTH SPD SPD DIR MIN PSBL S-S WX SPD DR
================================================================================
1 45 31 38 5 27 0 0.00 M M 3.8 13 140 M M 3 12 14 140
2 43 32 38 5 27 0 0.00 M M 21.0 32 160 M M 1 1 39 150
3 46 41 44 11 21 0 0.05 M M 35.7 53 140 M M 10 1 64 140
4 47 33 40 7 25 0 0.68 M M 24.4 54 140 M M 6 1 73 150
5 44 32 38 6 27 0 0.26 M M 18.6 53 160 M M 6 1 62 160
6 36 30 33 1 32 0 0.16 M M 17.4 38 290 M M 5 1589 46 300
7 36 28 32 0 33 0 0.11 M M 12.7 24 250 M M 5 1 28 250
8 35 27 31 -1 34 0 0.00 M M 13.4 26 360 M M 7 31 360
9 37 25 31 -1 34 0 T M M 16.1 43 150 M M 8 1 55 150
10 44 34 39 7 26 0 0.77 M M 17.3 49 160 M M 10 12 61 150
11 40 33 37 5 28 0 0.17 M M 18.0 35 290 M M 8 12 42 320
12 48 28 38 7 27 0 0.22 M M 16.3 35 160 M M 7 1 43 160
13 44 34 39 8 26 0 T M M 7.9 25 230 M M 10 29 230
14 39 33 36 5 29 0 0.47 M M 17.9 32 20 M M 10 16 40 10
15 M M M M M M M M M 22.9 31 20 M M 10 1 44 20
16 M M M M M M M M M 19.9 36 120 M M 10 1 43 120
17 42 39 41 10 24 0 T M M 21.0 33 140 M M 8 41 140
18 42 39 41 11 24 0 0.27 M M 24.1 36 140 M M 7 1 42 150
19 40 37 39 9 26 0 T M M 30.8 39 150 M M 5 48 150
20 41 37 39 9 26 0 T M M 26.4 39 150 M M 8 47 150
21 43 40 42 12 23 0 T M M 38.8 67 90 M M 10 1 88 80
22 43 39 41 11 24 0 T M M 32.5 63 90 M M 9 1 88 90
23 42 31 37 7 28 0 0.02 M M 17.5 36 80 M M 9 1 47 90
24 31 13 22 -8 43 0 0.06 M M 14.1 37 30 M M 10 1 47 30
25 24 4 14 -15 51 0 0.03 M M 8.1 20 250 M M 6 1 24 240
26 31 16 24 -5 41 0 T M M 14.6 28 290 M M 8 1 36 290
27 39 27 33 4 32 0 T M M 14.9 29 120 M M 7 33 120
28 41 38 40 11 25 0 0.08 M M 23.2 37 90 M M 9 45 80
29 39 21 30 1 35 0 0.09 M M 8.4 28 250 M M 5 1 32 250
30 30 17 24 -5 41 0 0.00 M M 2.0 8 40 M M 3 1 8 40
31 32 19 26 -3 39 0 0.01 M M 7.9 20 20 M M 3 18 26 10
================================================================================
SM 1144 858 878 0 3.45 M 567.6 M 223
================================================================================
AV 39.4 29.6 18.3 FASTST M M 7 MAX(MPH)
MISC ----> 67 90 # 88 80
================================================================================
NOTES:
# LAST OF SEVERAL OCCURRENCES
COLUMN 17 PEAK WIND IN M.P.H.
PRELIMINARY LOCAL CLIMATOLOGICAL DATA (WS FORM: F-6) , PAGE 2
STATION: COLD BAY
MONTH: DECEMBER
YEAR: 2022
LATITUDE: 55 13 N
LONGITUDE: 162 44 W
[TEMPERATURE DATA] [PRECIPITATION DATA] SYMBOLS USED IN COLUMN 16
AVERAGE MONTHLY: 34.5 TOTAL FOR MONTH: 3.45 1 = FOG OR MIST
DPTR FM NORMAL: 3.7 DPTR FM NORMAL: -0.97 2 = FOG REDUCING VISIBILITY
HIGHEST: 48 ON 12 GRTST 24HR 0.77 ON 10-10 TO 1/4 MILE OR LESS
LOWEST: 4 ON 25 3 = THUNDER
SNOW, ICE PELLETS, HAIL 4 = ICE PELLETS
TOTAL MONTH: M 5 = HAIL
GRTST 24HR M ON M 6 = FREEZING RAIN OR DRIZZLE
GRTST DEPTH: M ON M 7 = DUSTSTORM OR SANDSTORM:
VSBY 1/2 MILE OR LESS
8 = SMOKE OR HAZE
[NO. OF DAYS WITH] [WEATHER - DAYS WITH] 9 = BLOWING SNOW
X = TORNADO
MAX 32 OR BELOW: 5 0.01 INCH OR MORE: 16
MAX 90 OR ABOVE: 0 0.10 INCH OR MORE: 9
MIN 32 OR BELOW: 16 0.50 INCH OR MORE: 2
MIN 0 OR BELOW: 0 1.00 INCH OR MORE: 0
[HDD (BASE 65) ]
TOTAL THIS MO. 878 CLEAR (SCALE 0-3) 3
DPTR FM NORMAL -184 PTCLDY (SCALE 4-7) 17
TOTAL FM JUL 1 3641 CLOUDY (SCALE 8-10) 11
DPTR FM NORMAL -346
[CDD (BASE 65) ]
TOTAL THIS MO. 0
DPTR FM NORMAL 0 [PRESSURE DATA]
TOTAL FM JAN 1 0 HIGHEST SLP 30.45 ON 1
DPTR FM NORMAL 0 LOWEST SLP 28.49 ON 28
[REMARKS]
#FINAL-12-22#