000
CXUS55 KEAX 010736
CF6CDJ
PRELIMINARY LOCAL CLIMATOLOGICAL DATA (WS FORM: F-6)
STATION: CHILLICOTHE
MONTH: APRIL
YEAR: 2021
LATITUDE: 39 49 N
LONGITUDE: 93 35 W
TEMPERATURE IN F: :PCPN: SNOW: WIND :SUNSHINE: SKY :PK WND
================================================================================
1 2 3 4 5 6A 6B 7 8 9 10 11 12 13 14 15 16 17 18
12Z AVG MX 2MIN
DY MAX MIN AVG DEP HDD CDD WTR SNW DPTH SPD SPD DIR MIN PSBL S-S WX SPD DR
================================================================================
1 50 22 36 -13 29 0 0.00 M M 1.8 9 60 M M 0 14 50
2 65 32 49 0 16 0 0.00 M M 10.8 20 200 M M 0 30 160
3 75 46 61 11 4 0 0.00 M M 7.6 16 200 M M 0 26 200
4 80 47 64 14 1 0 0.00 M M 9.1 20 190 M M 0 31 180
5 79 54 67 17 0 2 0.00 M M 11.3 25 190 M M 0 36 200
6 79 58 69 18 0 4 0.00 M M 11.6 23 180 M M 0 34 180
7 70 49 60 9 5 0 M M M 8.8 20 140 M M 0 34 140
8 56 47 52 0 13 0 0.10 M M 6.9 14 180 M M 0 23 270
9 73 44 59 7 6 0 0.00 M M 7.5 16 20 M M 0 27 20
10 57 47 52 0 13 0 1.22 M M 8.8 17 310 M M 0 29 310
11 71 42 57 5 8 0 0.00 M M 5.1 13 280 M M 0 20 290
12 62 42 52 -1 13 0 0.00 M M 6.5 14 300 M M 0 23 310
13 60 34 47 -6 18 0 0.00 M M 4.1 15 280 M M 0 26 280
14 56 35 46 -7 19 0 0.00 M M 6.5 15 310 M M 0 26 310
15 60 35 48 -6 17 0 0.00 M M 4.6 12 30 M M 0 16 310
16 54 41 48 -6 17 0 0.22 M M 3.1 9 300 M M 0 15 40
17 63 43 53 -1 12 0 0.06 M M 4.8 15 20 M M 0 23 10
18 62 41 52 -3 13 0 0.00 M M 3.1 13 310 M M 0 19 320
19 51 35 43 -12 22 0 0.00 M M 6.5 14 360 M M 0 26 10
20 45 27 36 -19 29 0 0.28 M M 4.8 15 310 M M 0 26 330
21 48 25 37 -19 28 0 0.00 M M 5.1 17 310 M M 0 29 290
22 57 25 41 -15 24 0 0.00 M M 5.0 15 200 M M 0 22 220
23 60 46 53 -3 12 0 0.02 M M 6.2 16 200 M M 0 23 210
24 68 44 56 0 9 0 0.00 M M 5.1 15 310 M M 0 22 310
25 72 41 57 0 8 0 0.00 M M 7.8 20 160 M M 0 31 150
26 86 52 69 12 0 4 0.00 M M 12.1 26 200 M M 0 40 210
27 83 64 74 17 0 9 0.01 M M 9.9 21 180 M M 0 29 170
28 75 60 68 10 0 3 0.44 M M 3.7 10 350 M M 0 3 17 360
29 77 53 65 7 0 0 0.00 M M 5.8 14 300 M M 0 26 330
30 80 44 62 4 3 0 0.00 M M 3.7 12 230 M M 0 20 220
================================================================================
SM 1974 1275 339 22 2.35 M 197.7 M 0
================================================================================
AV 65.8 42.5 6.6 FASTST M M 0 MAX(MPH)
MISC ----> 26 200 40 210
================================================================================
NOTES:
# LAST OF SEVERAL OCCURRENCES
COLUMN 17 PEAK WIND IN M.P.H.
PRELIMINARY LOCAL CLIMATOLOGICAL DATA (WS FORM: F-6) , PAGE 2
STATION: CHILLICOTHE
MONTH: APRIL
YEAR: 2021
LATITUDE: 39 49 N
LONGITUDE: 93 35 W
[TEMPERATURE DATA] [PRECIPITATION DATA] SYMBOLS USED IN COLUMN 16
AVERAGE MONTHLY: 54.2 TOTAL FOR MONTH: 2.35 1 = FOG OR MIST
DPTR FM NORMAL: 0.5 DPTR FM NORMAL: -1.22 2 = FOG REDUCING VISIBILITY
HIGHEST: 86 ON 26 GRTST 24HR 1.22 ON 10-10 TO 1/4 MILE OR LESS
LOWEST: 22 ON 1 3 = THUNDER
SNOW, ICE PELLETS, HAIL 4 = ICE PELLETS
TOTAL MONTH: M 5 = HAIL
GRTST 24HR M ON M 6 = FREEZING RAIN OR DRIZZLE
GRTST DEPTH: M ON M 7 = DUSTSTORM OR SANDSTORM:
VSBY 1/2 MILE OR LESS
8 = SMOKE OR HAZE
[NO. OF DAYS WITH] [WEATHER - DAYS WITH] 9 = BLOWING SNOW
X = TORNADO
MAX 32 OR BELOW: 0 0.01 INCH OR MORE: 8
MAX 90 OR ABOVE: 0 0.10 INCH OR MORE: 5
MIN 32 OR BELOW: 5 0.50 INCH OR MORE: 1
MIN 0 OR BELOW: 0 1.00 INCH OR MORE: 1
[HDD (BASE 65) ]
TOTAL THIS MO. 339 CLEAR (SCALE 0-3) 30
DPTR FM NORMAL -11 PTCLDY (SCALE 4-7) 0
TOTAL FM JUL 1 5110 CLOUDY (SCALE 8-10) 0
DPTR FM NORMAL -261
[CDD (BASE 65) ]
TOTAL THIS MO. 22
DPTR FM NORMAL 10 [PRESSURE DATA]
TOTAL FM JAN 1 22 HIGHEST SLP M ON M
DPTR FM NORMAL 8 LOWEST SLP 29.46 ON 8
[REMARKS]
#FINAL-04-21#