000
CXUS55 KCYS 040957
CF6CDR
PRELIMINARY LOCAL CLIMATOLOGICAL DATA (WS FORM: F-6) ...CORRECTED...
STATION: CHADRON NEBRASKA AIRPORT
MONTH: MARCH
YEAR: 2020
LATITUDE: 42 50 N
LONGITUDE: 103 6 W
TEMPERATURE IN F: :PCPN: SNOW: WIND :SUNSHINE: SKY :PK WND
================================================================================
1 2 3 4 5 6A 6B 7 8 9 10 11 12 13 14 15 16 17 18
12Z AVG MX 2MIN
DY MAX MIN AVG DEP HDD CDD WTR SNW DPTH SPD SPD DIR MIN PSBL S-S WX SPD DR
================================================================================
1 42 24 33 2 32 0 T M M 7.9 23 310 M M 5 1 30 310
2 48 19 34 2 31 0 0.00 M M 13.4 30 290 M M 3 36 290
3 57 25 41 9 24 0 0.00 M M 14.4 38 320 M M 3 53 320
4 63 25 44 12 21 0 0.05 M M 14.2 33 280 M M 1 1 41 300
5 50 24 37 5 28 0 0.00 M M 11.0 24 310 M M 2 30 300
6 72 27 50 17 15 0 0.00 M M 7.4 18 250 M M 0 23 250
7 73 35 54 21 11 0 0.00 M M 11.0 25 250 M M 0 32 240
8 67 30 49 15 16 0 0.00 M M 10.7 25 250 M M 3 32 260
9 59 26 43 9 22 0 0.00 M M 3.3 12 160 M M 4 16 250
10 54 28 41 7 24 0 0.00 M M 6.0 18 300 M M 2 25 310
11 69 24 47 13 18 0 0.00 M M 12.5 29 250 M M 0 8 38 260
12 45 19 32 -3 33 0 0.05 M M 7.6 26 30 M M 7 12 33 40
13 35 16 26 -9 39 0 0.04 M M 9.2 24 140 M M 8 1 32 160
14 35 28 32 -3 33 0 0.07 M M 17.5 29 180 M M 10 18 34 150
15 47 31 39 3 26 0 0.00 M M 14.4 28 200 M M 5 34 190
16 36 27 32 -4 33 0 0.00 M M 7.6 17 10 M M 10 1 22 20
17 53 31 42 6 23 0 0.00 M M 13.2 29 180 M M 6 35 180
18 44 27 36 0 29 0 0.00 M M 5.6 16 140 M M 7 12 21 140
19 38 15 27 -10 38 0 0.06 M M 17.1 35 40 M M 10 16 45 40
20 28 11 20 -17 45 0 0.00 M M 8.9 21 190 M M 5 24 180
21 58 19 39 2 26 0 0.00 M M 5.2 16 280 M M 3 21 260
22 56 25 41 3 24 0 T M M 5.7 17 10 M M 2 22 10
23 65 20 43 5 22 0 T M M 8.0 26 240 M M 2 40 230
24 68 31 50 12 15 0 T M M 11.2 25 280 M M 1 33 300
25 52 34 43 5 22 0 0.01 M M 7.4 20 40 M M 8 1 26 30
26 57 31 44 5 21 0 0.04 M M 5.8 17 360 M M 6 1 22 360
27 49 30 40 1 25 0 0.31 M M 8.4 20 20 M M 10 1 24 10
28 53 31 42 3 23 0 0.24 M M 10.6 22 310 M M 7 1 31 310
29 58 25 42 2 23 0 0.00 M M 8.1 16 190 M M 1 20 180
30 62 33 48 8 17 0 0.00 M M 10.5 24 150 M M 4 29 160
31 71 32 52 12 13 0 0.00 M M 11.2 26 270 M M 1 34 270
================================================================================
SM 1664 803 772 0 0.87 M 305.0 M 136
================================================================================
AV 53.7 25.9 9.8 FASTST M M 4 MAX(MPH)
MISC ----> # 38 320 # 53 320
================================================================================
NOTES:
# LAST OF SEVERAL OCCURRENCES
COLUMN 17 PEAK WIND IN M.P.H.
PRELIMINARY LOCAL CLIMATOLOGICAL DATA (WS FORM: F-6) , PAGE 2
STATION: CHADRON NEBRASKA AIRPORT
MONTH: MARCH
YEAR: 2020
LATITUDE: 42 50 N
LONGITUDE: 103 6 W
[TEMPERATURE DATA] [PRECIPITATION DATA] SYMBOLS USED IN COLUMN 16
AVERAGE MONTHLY: 39.8 TOTAL FOR MONTH: 0.87 1 = FOG OR MIST
DPTR FM NORMAL: 4.0 DPTR FM NORMAL: -0.36 2 = FOG REDUCING VISIBILITY
HIGHEST: 73 ON 7 GRTST 24HR 0.31 ON 27-27 TO 1/4 MILE OR LESS
LOWEST: 11 ON 20 3 = THUNDER
SNOW, ICE PELLETS, HAIL 4 = ICE PELLETS
TOTAL MONTH: M 5 = HAIL
GRTST 24HR M ON M 6 = FREEZING RAIN OR DRIZZLE
GRTST DEPTH: M ON M 7 = DUSTSTORM OR SANDSTORM:
VSBY 1/2 MILE OR LESS
8 = SMOKE OR HAZE
[NO. OF DAYS WITH] [WEATHER - DAYS WITH] 9 = BLOWING SNOW
X = TORNADO
MAX 32 OR BELOW: 1 0.01 INCH OR MORE: 9
MAX 90 OR ABOVE: 0 0.10 INCH OR MORE: 2
MIN 32 OR BELOW: 28 0.50 INCH OR MORE: 0
MIN 0 OR BELOW: 0 1.00 INCH OR MORE: 0
[HDD (BASE 65) ]
TOTAL THIS MO. 772 CLEAR (SCALE 0-3) 14
DPTR FM NORMAL -133 PTCLDY (SCALE 4-7) 13
TOTAL FM JUL 1 5996 CLOUDY (SCALE 8-10) 4
DPTR FM NORMAL -161
[CDD (BASE 65) ]
TOTAL THIS MO. 0
DPTR FM NORMAL 0 [PRESSURE DATA]
TOTAL FM JAN 1 0 HIGHEST SLP 30.71 ON 20
DPTR FM NORMAL 0 LOWEST SLP 29.61 ON 11
[REMARKS]
MARCH 7TH...RECORD HIGH 73 DEGREES (PREVIOUS 70 DEGREES IN 2007).
#FINAL-03-20#