000
CXUS55 KCYS 011516
CLMCDR
CLIMATE REPORT
NATIONAL WEATHER SERVICE CHEYENNE WY
916 AM MDT TUE AUG 01 2023
...................................
...THE CHADRON NEBRASKA AIRPORT CLIMATE SUMMARY FOR THE MONTH OF JULY 2023...
CLIMATE NORMAL PERIOD 1991 TO 2020
CLIMATE RECORD PERIOD 1895 TO 2023
WEATHER OBSERVED NORMAL DEPART LAST YEAR`S
VALUE DATE(S) VALUE FROM VALUE DATE(S)
NORMAL
................................................................
TEMPERATURE (F)
RECORD
HIGH 112 07/15/2006
LOW 38 07/30/1971
HIGHEST 102 07/26 MM MM 111
LOWEST 48 07/06 MM MM 51
07/09
AVG. MAXIMUM 87.4 91.0 -3.6 95.5
AVG. MINIMUM 57.1 59.5 -2.4 60.5
MEAN 72.3 75.3 -3.0 78.0
DAYS MAX >= 90 13 21.3 -8.3 23
DAYS MAX <= 32 0 0.0 0.0 0
DAYS MIN <= 32 0 0.0 0.0 0
DAYS MIN <= 0 0 0.0 0.0 0
PRECIPITATION (INCHES)
RECORD
MAXIMUM 5.53 1997
TOTALS 1.83 1.99 -0.16 1.93
DAYS >= .01 17 6.7 10.3 9
DAYS >= .10 5 3.2 1.8 5
DAYS >= .50 1 0.7 0.3 1
DAYS >= 1.00 0 0.3 -0.3 0
GREATEST
24 HR. TOTAL 0.58 07/30 TO 07/30 0.77 07/07 TO 07/07
DEGREE DAYS
HEATING TOTAL 20 4 16 0
SINCE 7/1 20 0 20 MM
COOLING TOTAL 253 322 -69 397
SINCE 1/1 391 469 -78 MM
................................................................
WIND (MPH)
AVERAGE WIND SPEED 6.3
HIGHEST WIND SPEED/DIRECTION 43/290 DATE 07/03
HIGHEST GUST SPEED/DIRECTION 60/280 DATE 07/03
SKY COVER
POSSIBLE SUNSHINE (PERCENT) MM
AVERAGE SKY COVER 0.18
NUMBER OF DAYS FAIR 25
NUMBER OF DAYS PC 4
NUMBER OF DAYS CLOUDY 2
AVERAGE RH (PERCENT) 64
WEATHER CONDITIONS. NUMBER OF DAYS WITH
THUNDERSTORM 18 MIXED PRECIP 0
HEAVY RAIN 3 RAIN 6
LIGHT RAIN 18 FREEZING RAIN 0
LT FREEZING RAIN 0 HAIL 0
HEAVY SNOW 0 SNOW 0
LIGHT SNOW 0 SLEET 0
FOG 14 FOG W/VIS <= 1/4 MILE 0
HAZE 7
- INDICATES NEGATIVE NUMBERS.
R INDICATES RECORD WAS SET OR TIED.
MM INDICATES DATA IS MISSING.
T INDICATES TRACE AMOUNT.
$$