859
CXUS54 KLUB 061331
CF6CDS
PRELIMINARY LOCAL CLIMATOLOGICAL DATA (WS FORM: F-6)
STATION: CHILDRESS
MONTH: SEPTEMBER
YEAR: 2020
LATITUDE: 34 25 N
LONGITUDE: 100 17 W
TEMPERATURE IN F: :PCPN: SNOW: WIND :SUNSHINE: SKY :PK WND
================================================================================
1 2 3 4 5 6A 6B 7 8 9 10 11 12 13 14 15 16 17 18
12Z AVG MX 2MIN
DY MAX MIN AVG DEP HDD CDD WTR SNW DPTH SPD SPD DIR MIN PSBL S-S WX SPD DR
================================================================================
1 85 69 77 -2 0 12 0.83 0.0 0 6.8 29 320 M M 4 13 36 330
2 88 66 77 -2 0 12 0.13 0.0 0 5.4 21 40 M M 2 13 29 40
3 92 67 80 1 0 15 0.00 0.0 0 2.8 9 130 M M 0 13 80
4 90 69 80 2 0 15 0.00 0.0 0 5.7 12 130 M M 1 16 140
5 90 68 79 1 0 14 0.00 0.0 0 7.5 15 160 M M 1 1 20 160
6 94 68 81 3 0 16 0.00 0.0 0 10.7 18 230 M M 0 29 240
7 93 68 81 3 0 16 0.00 0.0 0 9.8 20 190 M M 0 26 180
8 84 51 68 -9 0 3 0.01 0.0 0 15.7 33 10 M M 5 40 10
9 51 44 48 -29 17 0 0.42 0.0 0 20.7 30 10 M M 10 18 37 10
10 63 49 56 -20 9 0 0.08 0.0 0 10.2 20 10 M M 10 23 360
11 75 55 65 -11 0 0 0.00 0.0 0 6.0 15 140 M M 6 1 20 150
12 83 59 71 -5 0 6 0.00 0.0 0 4.5 8 150 M M 1 1 11 150
13 85 61 73 -2 0 8 0.00 0.0 0 4.0 9 100 M M 2 12 14 50
14 82 65 74 -1 0 9 0.00 0.0 0 5.0 14 40 M M 2 20 40
15 83 59 71 -3 0 6 0.00 0.0 0 4.0 10 140 M M 1 12 130
16 88 62 75 1 0 10 0.00 0.0 0 5.6 12 180 M M 0 16 110
17 85 61 73 -1 0 8 0.00 0.0 0 5.3 12 10 M M 2 16 100
18 83 58 71 -2 0 6 0.00 0.0 0 5.3 14 60 M M 0 18 50
19 81 55 68 -5 0 3 0.00 0.0 0 5.4 15 140 M M 0 8 19 130
20 80 54 67 -6 0 2 0.00 0.0 0 7.0 15 140 M M 0 18 20 140
21 80 52 66 -6 0 1 0.00 0.0 0 4.6 14 130 M M 1 18 140
22 82 54 68 -4 0 3 0.00 0.0 0 5.7 12 130 M M 0 16 130
23 82 60 71 0 0 6 0.00 0.0 0 4.0 9 100 M M 4 14 70
24 91 57 74 3 0 9 0.00 0.0 0 6.7 13 150 M M 0 12 17 160
25 98 59 79 8 0 14 0.00 0.0 0 9.6 21 160 M M 0 30 170
26 96 59 78 8 0 13 0.00 0.0 0 13.0 23 170 M M 0 32 180
27 87 64 76 6 0 11 0.00 0.0 0 18.6 31 20 M M 3 41 20
28 75 49 62 -7 3 0 0.00 0.0 0 11.5 26 350 M M 3 36 340
29 84 44 64 -5 1 0 0.00 0.0 0 8.8 18 290 M M 0 8 23 300
30 95 52 74 5 0 9 0.00 0.0 0 6.2 14 60 M M 0 8 20 60
================================================================================
SM 2525 1758 30 227 1.47 0.0 236.1 M 58
================================================================================
AV 84.2 58.6 7.9 FASTST M M 2 MAX(MPH)
MISC ----> 33 10 41 20
================================================================================
NOTES:
# LAST OF SEVERAL OCCURRENCES
COLUMN 17 PEAK WIND IN M.P.H.
PRELIMINARY LOCAL CLIMATOLOGICAL DATA (WS FORM: F-6) , PAGE 2
STATION: CHILDRESS
MONTH: SEPTEMBER
YEAR: 2020
LATITUDE: 34 25 N
LONGITUDE: 100 17 W
[TEMPERATURE DATA] [PRECIPITATION DATA] SYMBOLS USED IN COLUMN 16
AVERAGE MONTHLY: 71.4 TOTAL FOR MONTH: 1.47 1 = FOG OR MIST
DPTR FM NORMAL: -2.8 DPTR FM NORMAL: -0.95 2 = FOG REDUCING VISIBILITY
HIGHEST: 98 ON 25 GRTST 24HR 0.96 ON 1- 2 TO 1/4 MILE OR LESS
LOWEST: 44 ON 29, 9 3 = THUNDER
SNOW, ICE PELLETS, HAIL 4 = ICE PELLETS
TOTAL MONTH: 0.0 INCH 5 = HAIL
GRTST 24HR 0.0 6 = FREEZING RAIN OR DRIZZLE
GRTST DEPTH: 0 7 = DUSTSTORM OR SANDSTORM:
VSBY 1/2 MILE OR LESS
8 = SMOKE OR HAZE
[NO. OF DAYS WITH] [WEATHER - DAYS WITH] 9 = BLOWING SNOW
X = TORNADO
MAX 32 OR BELOW: 0 0.01 INCH OR MORE: 5
MAX 90 OR ABOVE: 9 0.10 INCH OR MORE: 3
MIN 32 OR BELOW: 0 0.50 INCH OR MORE: 1
MIN 0 OR BELOW: 0 1.00 INCH OR MORE: 0
[HDD (BASE 65) ]
TOTAL THIS MO. 30 CLEAR (SCALE 0-3) 23
DPTR FM NORMAL 13 PTCLDY (SCALE 4-7) 5
TOTAL FM JUL 1 30 CLOUDY (SCALE 8-10) 2
DPTR FM NORMAL 14
[CDD (BASE 65) ]
TOTAL THIS MO. 227
DPTR FM NORMAL -66 [PRESSURE DATA]
TOTAL FM JAN 1 2310 HIGHEST SLP 30.36 ON 10
DPTR FM NORMAL 186 LOWEST SLP 29.53 ON 27
[REMARKS]
#FINAL-09-20#