000
CXUS54 KLUB 280730
CF6CDS
PRELIMINARY LOCAL CLIMATOLOGICAL DATA (WS FORM: F-6)
STATION: CHILDRESS
MONTH: MARCH
YEAR: 2024
LATITUDE: 34 25 N
LONGITUDE: 100 17 W
TEMPERATURE IN F: :PCPN: SNOW: WIND :SUNSHINE: SKY :PK WND
================================================================================
1 2 3 4 5 6A 6B 7 8 9 10 11 12 13 14 15 16 17 18
12Z AVG MX 2MIN
DY MAX MIN AVG DEP HDD CDD WTR SNW DPTH SPD SPD DIR MIN PSBL S-S WX SPD DR
================================================================================
1 72 30 51 2 14 0 0.00 0.0 0 7.6 17 120 M M 2 12 23 120
2 82 42 62 13 3 0 0.00 0.0 0 11.9 25 260 M M 0 32 270
3 84 45 65 15 0 0 0.00 0.0 0 12.5 21 190 M M 0 28 200
4 75 48 62 12 3 0 0.00 0.0 0 10.3 17 360 M M 0 23 10
5 69 36 53 3 12 0 0.00 0.0 0 8.1 15 60 M M 0 23 50
6 66 35 51 0 14 0 0.00 0.0 0 6.8 15 130 M M 0 20 170
7 76 53 65 14 0 0 0.03 0.0 0 9.8 23 190 M M 2 32 190
8 52 37 45 -6 20 0 0.10 T 0 19.2 30 360 M M 10 1 37 360
9 55 34 45 -7 20 0 0.01 T 0 9.9 24 350 M M 4 1 30 350
10 67 33 50 -2 15 0 0.00 0.0 0 9.2 21 210 M M 0 28 190
11 73 38 56 4 9 0 0.00 0.0 0 12.4 23 190 M M 0 40 180
12 84 47 66 13 0 1 0.00 0.0 0 11.5 24 250 M M 0 31 250
13 83 45 64 11 1 0 0.00 0.0 0 15.0 29 220 M M 0 37 220
14 78 43 61 8 4 0 0.00 0.0 0 11.5 29 10 M M 0 37 10
15 56 46 51 -3 14 0 0.09 0.0 0 12.2 22 20 M M 7 1 33 30
16 52 41 47 -7 18 0 0.33 0.0 0 6.6 14 10 M M 8 1 25 350
17 63 44 54 0 11 0 0.03 0.0 0 8.1 18 60 M M 6 1 30 40
18 59 33 46 -9 19 0 0.00 0.0 0 6.0 14 60 M M 0 20 60
19 72 38 55 0 10 0 0.00 0.0 0 11.1 23 210 M M 0 30 210
20 78 46 62 7 3 0 T 0.0 0 9.1 15 200 M M 1 22 190
21 64 47 56 0 9 0 0.32 0.0 0 5.8 37 210 M M 8 1 49 210
22 72 41 57 1 8 0 0.00 0.0 0 9.3 23 10 M M 2 12 31 40
23 59 37 48 -8 17 0 0.00 0.0 0 8.5 17 140 M M 0 23 140
24 74 53 64 7 1 0 0.04 0.0 0 20.9 37 250 M M 5 38 60 200
25 58 35 47 -10 18 0 0.00 0.0 0 18.3 31 320 M M 4 40 320
26 57 30 44 -13 21 0 0.00 0.0 0 8.4 18 350 M M 3 25 350
27 58 37 48 -10 17 0 0.00 0.0 0 8.6 17 120 M M 2 25 110
================================================================================
SM 1838 1094 281 1 0.95 T 288.6 M 64
================================================================================
AV 68.1 40.5 10.7 FASTST M M 2 MAX(MPH)
MISC ----> # 37 210 60 200
================================================================================
NOTES:
# LAST OF SEVERAL OCCURRENCES
COLUMN 17 PEAK WIND IN M.P.H.
PRELIMINARY LOCAL CLIMATOLOGICAL DATA (WS FORM: F-6) , PAGE 2
STATION: CHILDRESS
MONTH: MARCH
YEAR: 2024
LATITUDE: 34 25 N
LONGITUDE: 100 17 W
[TEMPERATURE DATA] [PRECIPITATION DATA] SYMBOLS USED IN COLUMN 16
AVERAGE MONTHLY: 54.3 TOTAL FOR MONTH: 0.95 1 = FOG OR MIST
DPTR FM NORMAL: 1.0 DPTR FM NORMAL: -0.20 2 = FOG REDUCING VISIBILITY
HIGHEST: 84 ON 12, 3 GRTST 24HR 0.36 ON 16-17 TO 1/4 MILE OR LESS
LOWEST: 30 ON 26, 1 3 = THUNDER
SNOW, ICE PELLETS, HAIL 4 = ICE PELLETS
TOTAL MONTH: T 5 = HAIL
GRTST 24HR T ON 8- 8 6 = FREEZING RAIN OR DRIZZLE
GRTST DEPTH: 0 7 = DUSTSTORM OR SANDSTORM:
VSBY 1/2 MILE OR LESS
8 = SMOKE OR HAZE
[NO. OF DAYS WITH] [WEATHER - DAYS WITH] 9 = BLOWING SNOW
X = TORNADO
MAX 32 OR BELOW: 0 0.01 INCH OR MORE: 8
MAX 90 OR ABOVE: 0 0.10 INCH OR MORE: 3
MIN 32 OR BELOW: 2 0.50 INCH OR MORE: 0
MIN 0 OR BELOW: 0 1.00 INCH OR MORE: 0
[HDD (BASE 65) ]
TOTAL THIS MO. 281 CLEAR (SCALE 0-3) 19
DPTR FM NORMAL -49 PTCLDY (SCALE 4-7) 6
TOTAL FM JUL 1 2617 CLOUDY (SCALE 8-10) 2
DPTR FM NORMAL -237
[CDD (BASE 65) ]
TOTAL THIS MO. 1
DPTR FM NORMAL -10 [PRESSURE DATA]
TOTAL FM JAN 1 8 HIGHEST SLP M ON M
DPTR FM NORMAL -5 LOWEST SLP 29.24 ON 24
[REMARKS]