000
CXUS55 KGJT 011010
CF6CEZ
PRELIMINARY LOCAL CLIMATOLOGICAL DATA (WS FORM: F-6)
STATION: CORTEZ CO
MONTH: DECEMBER
YEAR: 2021
LATITUDE: 37 17 N
LONGITUDE: 108 38 W
TEMPERATURE IN F: :PCPN: SNOW: WIND :SUNSHINE: SKY :PK WND
================================================================================
1 2 3 4 5 6A 6B 7 8 9 10 11 12 13 14 15 16 17 18
12Z AVG MX 2MIN
DY MAX MIN AVG DEP HDD CDD WTR SNW DPTH SPD SPD DIR MIN PSBL S-S WX SPD DR
================================================================================
1 54 17 36 4 29 0 0.00 M M 5.5 12 210 M M 0 15 200
2 56 19 38 6 27 0 0.00 M M 5.3 14 210 M M 0 17 210
3 57 19 38 7 27 0 0.00 M M 5.1 12 200 M M 0 16 200
4 56 17 37 6 28 0 0.00 M M 5.0 13 200 M M 0 17 200
5 56 20 38 7 27 0 0.00 M M 7.3 16 280 M M 0 21 290
6 52 14 33 3 32 0 0.00 M M 4.6 14 80 M M 1 18 80
7 47 25 36 6 29 0 0.03 M M 5.1 15 290 M M 8 19 290
8 46 19 33 3 32 0 T M M 3.0 10 50 M M 7 12 60
9 44 36 40 10 25 0 0.83 M M 9.6 24 220 M M 10 1 33 190
10 37 13 25 -4 40 0 0.20 M M 10.3 23 320 M M 6 1 36 350
11 32 7 20 -9 45 0 0.00 M M 3.0 8 80 M M 0 9 80
12 44 13 29 0 36 0 0.00 M M 4.8 10 70 M M 0 12 210
13 54 18 36 7 29 0 0.00 M M 4.0 12 170 M M 1 17 150
14 49 37 43 15 22 0 0.00 M M 17.2 32 150 M M 7 49 160
15 48 14 31 3 34 0 0.11 M M 14.2 41 210 M M 7 1238 64 200
16 39 9 24 -4 41 0 0.00 M M 3.6 10 50 M M 1 13 240
17 38 13 26 -2 39 0 0.00 M M 6.5 15 310 M M 0 22 300
18 35 7 21 -7 44 0 0.00 M M 4.8 8 100 M M 0 14 220
19 39 10 25 -3 40 0 0.00 M M 3.7 8 70 M M 0 9 80
20 45 10 28 0 37 0 0.00 M M 3.3 9 90 M M 0 12 300
21 45 14 30 3 35 0 0.00 M M 4.1 12 210 M M 0 13 200
22 48 12 30 3 35 0 0.00 M M 2.3 10 60 M M 0 12 70
23 48 29 39 12 26 0 0.07 M M 4.2 20 210 M M 9 1 31 200
24 43 35 39 12 26 0 0.70 M M 10.0 23 200 M M 10 1 31 220
25 46 35 41 14 24 0 0.00 M M 9.7 20 140 M M 7 30 140
26 44 27 36 9 29 0 T M M 14.8 38 210 M M 5 52 220
27 39 25 32 5 33 0 T M M 8.8 29 220 M M 7 1 45 230
28 35 28 32 5 33 0 0.11 M M 11.2 25 220 M M 10 18 34 210
29 34 28 31 4 34 0 0.09 M M 7.7 20 210 M M 10 12 26 200
30 38 21 30 3 35 0 0.00 M M 3.6 16 210 M M 9 21 230
31 43 31 37 10 28 0 0.06 M M 8.1 22 230 M M 10 1 30 220
================================================================================
SM 1391 622 1001 0 2.20 M 210.4 M 125
================================================================================
AV 44.9 20.1 6.8 FASTST M M 4 MAX(MPH)
MISC ----> 41 210 64 200
================================================================================
NOTES:
# LAST OF SEVERAL OCCURRENCES
COLUMN 17 PEAK WIND IN M.P.H.
PRELIMINARY LOCAL CLIMATOLOGICAL DATA (WS FORM: F-6) , PAGE 2
STATION: CORTEZ CO
MONTH: DECEMBER
YEAR: 2021
LATITUDE: 37 17 N
LONGITUDE: 108 38 W
[TEMPERATURE DATA] [PRECIPITATION DATA] SYMBOLS USED IN COLUMN 16
AVERAGE MONTHLY: 32.5 TOTAL FOR MONTH: 2.20 1 = FOG OR MIST
DPTR FM NORMAL: 3.9 DPTR FM NORMAL: 1.40 2 = FOG REDUCING VISIBILITY
HIGHEST: 57 ON 3 GRTST 24HR 1.03 ON 9-10 TO 1/4 MILE OR LESS
LOWEST: 7 ON 18,11 3 = THUNDER
SNOW, ICE PELLETS, HAIL 4 = ICE PELLETS
TOTAL MONTH: M 5 = HAIL
GRTST 24HR M ON M 6 = FREEZING RAIN OR DRIZZLE
GRTST DEPTH: M ON M 7 = DUSTSTORM OR SANDSTORM:
VSBY 1/2 MILE OR LESS
8 = SMOKE OR HAZE
[NO. OF DAYS WITH] [WEATHER - DAYS WITH] 9 = BLOWING SNOW
X = TORNADO
MAX 32 OR BELOW: 1 0.01 INCH OR MORE: 9
MAX 90 OR ABOVE: 0 0.10 INCH OR MORE: 5
MIN 32 OR BELOW: 27 0.50 INCH OR MORE: 2
MIN 0 OR BELOW: 0 1.00 INCH OR MORE: 0
[HDD (BASE 65) ]
TOTAL THIS MO. 1001 CLEAR (SCALE 0-3) 16
DPTR FM NORMAL -129 PTCLDY (SCALE 4-7) 8
TOTAL FM JUL 1 2317 CLOUDY (SCALE 8-10) 7
DPTR FM NORMAL -277
[CDD (BASE 65) ]
TOTAL THIS MO. 0
DPTR FM NORMAL 0 [PRESSURE DATA]
TOTAL FM JAN 1 704 HIGHEST SLP 30.50 ON 11
DPTR FM NORMAL 215 LOWEST SLP 29.41 ON 15
[REMARKS]
#FINAL-12-21#