000
CXUS53 KPAH 011931
CLSCGI
CLIMATE REPORT
NATIONAL WEATHER SERVICE PADUCAH KY
131 PM CST THU DEC 01 2022
...................................
...THE CAPE GIRARDEAU MO CLIMATE SUMMARY FOR THE SEASON, FROM
9/1/2022 TO 11/30/2022...
CLIMATE NORMAL PERIOD 1991 TO 2020
CLIMATE RECORD PERIOD 1960 TO 2022
WEATHER OBSERVED NORMAL DEPART LAST YEAR`S
VALUE DATE(S) VALUE FROM VALUE
NORMAL
..............................................................
TEMPERATURE (F)
RECORD
HIGH 100 09/06/1960
LOW 8 11/18/2014
11/29/1976
HIGHEST 100R 09/20 MM MM
09/21
LOWEST 13 11/19 MM MM
AVG. MAXIMUM 71.8 69.8 2.0
AVG. MINIMUM 43.4 46.9 -3.5
MEAN 57.6 58.4 -0.8
DAYS MAX >= 90 5 5.0 0.0
DAYS MAX <= 32 0 0.2 -0.2
DAYS MIN <= 32 21 14.6 6.4
DAYS MIN <= 0 0 0.0 0.0
PRECIPITATION (INCHES)
RECORD
MAXIMUM 22.13 1984
MINIMUM 3.54 1999
TOTALS 4.57 11.43 -6.86
DAILY AVG. 0.05 0.13 -0.08
DAYS >= .01 14 25.8 -11.8
DAYS >= .10 11 17.0 -6.0
DAYS >= .50 3 7.7 -4.7
DAYS >= 1.00 1 3.5 -2.5
GREATEST
24 HR. TOTAL 1.45
STORM TOTAL 1.45
(MM/DD(HH))
DEGREE DAYS
HEATING TOTAL 874 824 50
SINCE 7/1 874 825 49
COOLING TOTAL 223 221 2
SINCE 1/1 1702 1566 136
FREEZE DATES
RECORD
EARLIEST MM
LATEST MM
EARLIEST 10/09
LATEST 04/19
..............................................................
WIND (MPH)
AVERAGE WIND SPEED 6.5
HIGHEST WIND SPEED/DIRECTION 35/170 DATE 11/05
HIGHEST GUST SPEED/DIRECTION 52/190 DATE 11/05
SKY COVER
POSSIBLE SUNSHINE (PERCENT) MM
AVERAGE SKY COVER 0.27
NUMBER OF DAYS FAIR 66
NUMBER OF DAYS PC 13
NUMBER OF DAYS CLOUDY 12
AVERAGE RH (PERCENT) 67
WEATHER CONDITIONS. NUMBER OF DAYS WITH
THUNDERSTORM 5 MIXED PRECIP 0
HEAVY RAIN 7 RAIN 7
LIGHT RAIN 18 FREEZING RAIN 0
LT FREEZING RAIN 0 HAIL 0
HEAVY SNOW 0 SNOW 0
LIGHT SNOW 2 SLEET 0
FOG 50 FOG W/VIS <= 1/4 MILE 15
HAZE 27
- INDICATES NEGATIVE NUMBERS.
R INDICATES RECORD WAS SET OR TIED.
MM INDICATES DATA IS MISSING.
T INDICATES TRACE AMOUNT.
[REMARKS: 3RD DRIEST FALL AT CAPE GIRARDEAU.]
$$