000
CXUS54 KMRX 011527
CF6CHA
PRELIMINARY LOCAL CLIMATOLOGICAL DATA (WS FORM: F-6)
STATION: CHATTANOOGA ASOS
MONTH: JUNE
YEAR: 2020
LATITUDE: 35 1 N
LONGITUDE: 85 12 W
TEMPERATURE IN F: :PCPN: SNOW: WIND :SUNSHINE: SKY :PK WND
================================================================================
1 2 3 4 5 6A 6B 7 8 9 10 11 12 13 14 15 16 17 18
12Z AVG MX 2MIN
DY MAX MIN AVG DEP HDD CDD WTR SNW DPTH SPD SPD DIR MIN PSBL S-S WX SPD DR
================================================================================
1 85 62 74 1 0 9 0.00 0.0 0 6.1 15 10 M M 3 19 40
2 88 64 76 3 0 11 0.00 0.0 0 5.1 14 210 M M 4 20 270
3 92 69 81 7 0 16 0.00 0.0 0 3.1 14 200 M M 6 3 18 210
4 89 70 80 6 0 15 0.00 0.0 0 6.6 16 210 M M 6 22 200
5 90 72 81 7 0 16 0.41 0.0 0 5.4 13 270 M M 7 13 22 240
6 92 69 81 7 0 16 0.00 0.0 0 2.9 10 20 M M 5 18 15 340
7 95 69 82 7 0 17 0.00 0.0 0 3.2 15 180 M M 4 22 130
8 88 74 81 6 0 16 T 0.0 0 6.6 16 140 M M 7 24 130
9 88 75 82 7 0 17 0.43 0.0 0 7.9 20 300 M M 6 138 28 280
10 92 74 83 8 0 18 0.02 0.0 0 10.8 23 190 M M 7 138 31 200
11 86 66 76 0 0 11 0.00 0.0 0 8.3 17 330 M M 3 22 330
12 87 65 76 0 0 11 0.00 0.0 0 10.8 22 10 M M 2 31 40
13 88 65 77 1 0 12 0.00 0.0 0 5.0 16 10 M M 4 23 350
14 88 62 75 -1 0 10 0.02 0.0 0 3.2 25 360 M M 3 3 31 350
15 82 63 73 -4 0 8 0.00 0.0 0 4.6 17 50 M M 4 1 25 50
16 79 62 71 -6 0 6 0.00 0.0 0 5.7 15 30 M M 6 21 40
17 77 61 69 -8 0 4 0.01 0.0 0 5.0 14 360 M M 6 17 10
18 85 63 74 -3 0 9 T 0.0 0 1.6 10 290 M M 6 15 270
19 88 64 76 -1 0 11 T 0.0 0 2.1 18 330 M M 5 13 22 360
20 92 65 79 1 0 14 0.00 0.0 0 1.6 9 300 M M 6 12 13 290
21 90 68 79 1 0 14 0.54 0.0 0 4.0 35 210 M M 5 13 46 220
22 89 68 79 1 0 14 0.20 0.0 0 4.0 23 210 M M 6 13 30 190
23 88 72 80 2 0 15 0.49 0.0 0 6.8 18 230 M M 8 1 25 220
24 84 71 78 0 0 13 0.07 0.0 0 4.1 13 200 M M 7 1 17 200
25 86 71 79 1 0 14 0.02 0.0 0 4.7 16 230 M M 7 1 21 220
26 82 71 77 -2 0 12 T 0.0 0 6.3 26 220 M M 8 18 40 230
27 85 71 78 -1 0 13 0.22 0.0 0 5.1 14 170 M M 8 18 21 170
28 90 72 81 2 0 16 0.68 0.0 0 7.3 37 200 M M 7 13 53 220
29 93 70 82 3 0 17 T 0.0 0 2.8 22 270 M M 6 1238 31 260
30 87 71 79 0 0 14 0.48 0.0 0 2.0 25 280 M M 6 13 35 290
================================================================================
SM 2625 2039 0 389 3.59 0.0 152.7 M 168
================================================================================
AV 87.5 68.0 5.1 FASTST M M 6 MAX(MPH)
MISC ----> # 37 200 # 53 220
================================================================================
NOTES:
# LAST OF SEVERAL OCCURRENCES
COLUMN 17 PEAK WIND IN M.P.H.
PRELIMINARY LOCAL CLIMATOLOGICAL DATA (WS FORM: F-6) , PAGE 2
STATION: CHATTANOOGA ASOS
MONTH: JUNE
YEAR: 2020
LATITUDE: 35 1 N
LONGITUDE: 85 12 W
[TEMPERATURE DATA] [PRECIPITATION DATA] SYMBOLS USED IN COLUMN 16
AVERAGE MONTHLY: 77.7 TOTAL FOR MONTH: 3.59 1 = FOG OR MIST
DPTR FM NORMAL: 1.2 DPTR FM NORMAL: -0.46 2 = FOG REDUCING VISIBILITY
HIGHEST: 95 ON 7 GRTST 24HR 0.68 ON 28-28 TO 1/4 MILE OR LESS
LOWEST: 61 ON 17 3 = THUNDER
SNOW, ICE PELLETS, HAIL 4 = ICE PELLETS
TOTAL MONTH: 0.0 INCH 5 = HAIL
GRTST 24HR 0.0 6 = FREEZING RAIN OR DRIZZLE
GRTST DEPTH: 0 7 = DUSTSTORM OR SANDSTORM:
VSBY 1/2 MILE OR LESS
8 = SMOKE OR HAZE
[NO. OF DAYS WITH] [WEATHER - DAYS WITH] 9 = BLOWING SNOW
X = TORNADO
MAX 32 OR BELOW: 0 0.01 INCH OR MORE: 13
MAX 90 OR ABOVE: 9 0.10 INCH OR MORE: 8
MIN 32 OR BELOW: 0 0.50 INCH OR MORE: 2
MIN 0 OR BELOW: 0 1.00 INCH OR MORE: 0
[HDD (BASE 65) ]
TOTAL THIS MO. 0 CLEAR (SCALE 0-3) 3
DPTR FM NORMAL -2 PTCLDY (SCALE 4-7) 27
TOTAL FM JUL 1 2524 CLOUDY (SCALE 8-10) 0
DPTR FM NORMAL -716
[CDD (BASE 65) ]
TOTAL THIS MO. 389
DPTR FM NORMAL 44 [PRESSURE DATA]
TOTAL FM JAN 1 600 HIGHEST SLP 30.26 ON 1
DPTR FM NORMAL 59 LOWEST SLP 29.79 ON 23
[REMARKS]
#FINAL-06-20#