000
CXUS51 KLWX 010815
CF6CHO
PRELIMINARY LOCAL CLIMATOLOGICAL DATA (WS FORM: F-6)
STATION: CHARLOTTESVILLE VA
MONTH: APRIL
YEAR: 2023
LATITUDE: 38 7 N
LONGITUDE: 78 27 W
TEMPERATURE IN F: :PCPN: SNOW: WIND :SUNSHINE: SKY :PK WND
================================================================================
1 2 3 4 5 6A 6B 7 8 9 10 11 12 13 14 15 16 17 18
12Z AVG MX 2MIN
DY MAX MIN AVG DEP HDD CDD WTR SNW DPTH SPD SPD DIR MIN PSBL S-S WX SPD DR
================================================================================
1 81 50 66 12 0 1 0.06 0.0 0 13.6 26 200 M M 6 40 340
2 63 43 53 -1 12 0 0.00 0.0 0 6.2 15 300 M M 2 25 300
3 75 36 56 2 9 0 0.00 M M 6.8 24 180 M M 0 30 180
4 85 54 70 15 0 5 0.00 M M 7.0 15 180 M M 0 20 170
5 88 59 74 19 0 9 0.00 M M 10.2 24 190 M M 1 34 190
6 89 64 77 21 0 12 T M M 4.3 15 60 M M 3 18 60
7 65 44 55 -1 10 0 0.09 M M 3.6 10 190 M M 7 16 20
8 55 41 48 -8 17 0 0.00 M M 6.6 18 40 M M 0 24 40
9 63 31 47 -9 18 0 0.00 M M 4.7 16 30 M M 0 17 70
10 68 35 52 -5 13 0 0.00 M M 4.0 13 180 M M 0 16 190
11 80 38 59 2 6 0 0.00 M M 4.0 13 160 M M 0 23 220
12 86 56 71 13 0 6 0.00 M M 5.0 15 210 M M 0 18 200
13 89 49 69 11 0 4 0.00 M M 5.2 16 180 M M 0 20 200
14 83 53 68 10 0 3 0.22 M M 8.1 17 160 M M 1 138 21 180
15 80 60 70 12 0 5 T M M 3.9 9 60 M M 6 12 240
16 84 56 70 11 0 5 0.07 M M 6.7 21 200 M M 2 30 210
17 68 51 60 1 5 0 T M M 5.2 15 210 M M 5 26 280
18 77 46 62 3 3 0 0.00 M M 6.2 16 260 M M 0 30 290
19 81 44 63 3 2 0 0.00 M M 3.8 14 40 M M 0 18 30
20 92 51 72 12 0 7 0.00 M M 5.0 17 180 M M 0 21 180
21 90 60 75 15 0 10 0.00 M M 9.2 23 200 M M 0 30 210
22 72 49 61 1 4 0 0.87 M M 6.0 17 230 M M 3 13 30 220
23 69 44 57 -4 8 0 0.00 M M 3.8 13 210 M M 2 18 20 270
24 65 41 53 -8 12 0 0.00 M M 3.7 12 30 M M 5 15 200
25 63 37 50 -11 15 0 0.00 M M 2.5 13 140 M M 2 18 130
26 69 39 54 -8 11 0 0.05 M M 4.5 15 180 M M 3 20 180
27 74 44 59 -3 6 0 0.06 M M 5.0 13 180 M M 3 18 17 320
28 60 53 57 -5 8 0 2.40 0.0 0 9.0 23 30 M M 10 18 30 30
29 76 47 62 0 3 0 0.00 M M 2.6 16 180 M M 5 18 30 190
30 73 56 65 2 0 0 0.38 0.0 0 5.8 16 280 M M 8 18 26 300
================================================================================
SM 2263 1431 162 67 4.20 0.0 172.2 M 74
================================================================================
AV 75.4 47.7 5.7 FASTST M M 2 MAX(MPH)
MISC ----> 26 200 40 340
================================================================================
NOTES:
# LAST OF SEVERAL OCCURRENCES
COLUMN 17 PEAK WIND IN M.P.H.
PRELIMINARY LOCAL CLIMATOLOGICAL DATA (WS FORM: F-6) , PAGE 2
STATION: CHARLOTTESVILLE VA
MONTH: APRIL
YEAR: 2023
LATITUDE: 38 7 N
LONGITUDE: 78 27 W
[TEMPERATURE DATA] [PRECIPITATION DATA] SYMBOLS USED IN COLUMN 16
AVERAGE MONTHLY: 61.6 TOTAL FOR MONTH: 4.20 1 = FOG OR MIST
DPTR FM NORMAL: 3.1 DPTR FM NORMAL: 1.03 2 = FOG REDUCING VISIBILITY
HIGHEST: 92 ON 20 GRTST 24HR 2.46 ON 27-28 TO 1/4 MILE OR LESS
LOWEST: 31 ON 9 3 = THUNDER
SNOW, ICE PELLETS, HAIL 4 = ICE PELLETS
TOTAL MONTH: 0.0 INCH 5 = HAIL
GRTST 24HR 0.0 6 = FREEZING RAIN OR DRIZZLE
GRTST DEPTH: 0 7 = DUSTSTORM OR SANDSTORM:
VSBY 1/2 MILE OR LESS
8 = SMOKE OR HAZE
[NO. OF DAYS WITH] [WEATHER - DAYS WITH] 9 = BLOWING SNOW
X = TORNADO
MAX 32 OR BELOW: 0 0.01 INCH OR MORE: 9
MAX 90 OR ABOVE: 2 0.10 INCH OR MORE: 4
MIN 32 OR BELOW: 1 0.50 INCH OR MORE: 2
MIN 0 OR BELOW: 0 1.00 INCH OR MORE: 1
[HDD (BASE 65) ]
TOTAL THIS MO. 162 CLEAR (SCALE 0-3) 19
DPTR FM NORMAL -72 PTCLDY (SCALE 4-7) 10
TOTAL FM JUL 1 3070 CLOUDY (SCALE 8-10) 1
DPTR FM NORMAL -617
[CDD (BASE 65) ]
TOTAL THIS MO. 67
DPTR FM NORMAL 29 [PRESSURE DATA]
TOTAL FM JAN 1 70 HIGHEST SLP 30.50 ON 10
DPTR FM NORMAL 26 LOWEST SLP 29.18 ON 30
[REMARKS]
#FINAL-04-23#