534
CXUS52 KCHS 031432
CF6CHS
PRELIMINARY LOCAL CLIMATOLOGICAL DATA (WS FORM: F-6)
STATION: NORTH CHARLESTON SC
MONTH: AUGUST
YEAR: 2020
LATITUDE: 32 54 N
LONGITUDE: 80 2 W
TEMPERATURE IN F: :PCPN: SNOW: WIND :SUNSHINE: SKY :PK WND
================================================================================
1 2 3 4 5 6A 6B 7 8 9 10 11 12 13 14 15 16 17 18
12Z AVG MX 2MIN
DY MAX MIN AVG DEP HDD CDD WTR SNW DPTH SPD SPD DIR MIN PSBL S-S WX SPD DR
================================================================================
1 97 76 87 5 0 22 0.22 0.0 0 7.9 26 260 M M 5 13 34 240
2 92 77 85 3 0 20 0.00 0.0 0 7.6 17 140 M M 3 22 150
3 83 73 78 -4 0 13 1.14 0.0 0 11.1 28 60 M M 9 13 42 90
4 91 70 81 -1 0 16 0.00 0.0 0 5.5 15 170 M M 5 17 180
5 90 72 81 -1 0 16 1.52 0.0 0 6.9 26 360 M M 6 13 31 350
6 88 75 82 0 0 17 0.45 0.0 0 8.0 26 340 M M 6 13 32 350
7 90 76 83 1 0 18 T 0.0 0 5.1 16 200 M M 6 3 21 200
8 93 75 84 2 0 19 T 0.0 0 5.2 16 190 M M 4 138 20 210
9 93 75 84 2 0 19 T 0.0 0 4.6 17 150 M M 3 3 21 150
10 92 73 83 1 0 18 0.01 0.0 0 6.1 26 290 M M 5 3 37 290
11 92 73 83 2 0 18 0.30 0.0 0 6.1 20 180 M M 6 13 23 180
12 91 75 83 2 0 18 0.00 0.0 0 5.7 16 180 M M 5 3 21 170
13 89 73 81 0 0 16 1.30 0.0 0 5.3 23 260 M M 8 13 29 250
14 90 73 82 1 0 17 0.28 0.0 0 4.6 18 200 M M 7 13 24 200
15 89 77 83 2 0 18 T 0.0 0 6.2 18 200 M M 6 13 22 190
16 89 74 82 1 0 17 0.00 0.0 0 6.3 14 340 M M 5 18 17 310
17 90 69 80 -1 0 15 0.00 0.0 0 5.8 12 160 M M 4 16 40
18 90 72 81 0 0 16 0.01 0.0 0 4.4 18 160 M M 7 13 21 160
19 90 72 81 0 0 16 0.13 0.0 0 3.9 25 70 M M 6 13 30 60
20 87 72 80 -1 0 15 T 0.0 0 5.8 15 130 M M 6 3 20 130
21 89 72 81 1 0 16 0.33 0.0 0 7.2 15 200 M M 7 13 18 230
22 83 74 79 -1 0 14 T 0.0 0 3.9 9 170 M M 8 11 180
23 81 72 77 -3 0 12 0.34 0.0 0 4.6 18 240 M M 9 13 27 220
24 83 73 78 -2 0 13 3.00 0.0 0 4.4 23 270 M M 7 13 29 280
25 92 73 83 3 0 18 0.18 0.0 0 2.7 14 200 M M 7 3 17 50
26 94 74 84 4 0 19 0.06 0.0 0 3.7 13 230 M M 6 3 17 350
27 93 73 83 3 0 18 0.00 0.0 0 4.9 16 210 M M 5 19 210
28 91 77 84 4 0 19 0.31 0.0 0 6.9 15 190 M M 6 13 19 290
29 91 79 85 5 0 20 T 0.0 0 11.2 21 260 M M 5 27 240
30 91 74 83 3 0 18 0.47 0.0 0 5.9 24 360 M M 6 38 32 330
31 90 75 83 4 0 18 T 0.0 0 5.0 14 140 M M 5 13 17 70
================================================================================
SM 2784 2288 0 529 10.05 0.0 182.5 M 183
================================================================================
AV 89.8 73.8 5.9 FASTST M M 6 MAX(MPH)
MISC ----> 28 60 42 90
================================================================================
NOTES:
# LAST OF SEVERAL OCCURRENCES
COLUMN 17 PEAK WIND IN M.P.H.
PRELIMINARY LOCAL CLIMATOLOGICAL DATA (WS FORM: F-6) , PAGE 2
STATION: NORTH CHARLESTON SC
MONTH: AUGUST
YEAR: 2020
LATITUDE: 32 54 N
LONGITUDE: 80 2 W
[TEMPERATURE DATA] [PRECIPITATION DATA] SYMBOLS USED IN COLUMN 16
AVERAGE MONTHLY: 81.8 TOTAL FOR MONTH: 10.05 1 = FOG OR MIST
DPTR FM NORMAL: 0.9 DPTR FM NORMAL: 2.90 2 = FOG REDUCING VISIBILITY
HIGHEST: 97 ON 1 GRTST 24HR 3.00 ON 24-24 TO 1/4 MILE OR LESS
LOWEST: 69 ON 17 3 = THUNDER
SNOW, ICE PELLETS, HAIL 4 = ICE PELLETS
TOTAL MONTH: 0.0 INCH 5 = HAIL
GRTST 24HR 0.0 6 = FREEZING RAIN OR DRIZZLE
GRTST DEPTH: 0 7 = DUSTSTORM OR SANDSTORM:
VSBY 1/2 MILE OR LESS
8 = SMOKE OR HAZE
[NO. OF DAYS WITH] [WEATHER - DAYS WITH] 9 = BLOWING SNOW
X = TORNADO
MAX 32 OR BELOW: 0 0.01 INCH OR MORE: 17
MAX 90 OR ABOVE: 21 0.10 INCH OR MORE: 14
MIN 32 OR BELOW: 0 0.50 INCH OR MORE: 4
MIN 0 OR BELOW: 0 1.00 INCH OR MORE: 4
[HDD (BASE 65) ]
TOTAL THIS MO. 0 CLEAR (SCALE 0-3) 0
DPTR FM NORMAL 0 PTCLDY (SCALE 4-7) 29
TOTAL FM JUL 1 0 CLOUDY (SCALE 8-10) 2
DPTR FM NORMAL 0
[CDD (BASE 65) ]
TOTAL THIS MO. 529
DPTR FM NORMAL 36 [PRESSURE DATA]
TOTAL FM JAN 1 1990 HIGHEST SLP 30.17 ON 9
DPTR FM NORMAL 185 LOWEST SLP 29.68 ON 3
[REMARKS]
#FINAL-08-20#