000
CXUS52 KCHS 010915
CF6CHS
PRELIMINARY LOCAL CLIMATOLOGICAL DATA (WS FORM: F-6)
STATION: NORTH CHARLESTON SC
MONTH: NOVEMBER
YEAR: 2023
LATITUDE: 32 54 N
LONGITUDE: 80 2 W
TEMPERATURE IN F: :PCPN: SNOW: WIND :SUNSHINE: SKY :PK WND
================================================================================
1 2 3 4 5 6A 6B 7 8 9 10 11 12 13 14 15 16 17 18
12Z AVG MX 2MIN
DY MAX MIN AVG DEP HDD CDD WTR SNW DPTH SPD SPD DIR MIN PSBL S-S WX SPD DR
================================================================================
1 58 40 49 -13 16 0 0.00 0.0 0 13.0 26 360 M M 3 35 10
2 62 37 50 -12 15 0 0.00 0.0 0 9.2 16 40 M M 1 8 20 30
3 70 42 56 -6 9 0 0.00 0.0 0 8.2 15 20 M M 3 18 30
4 76 47 62 1 3 0 0.00 0.0 0 8.7 16 340 M M 3 20 350
5 79 43 61 0 4 0 0.00 0.0 0 5.2 14 330 M M 1 16 340
6 80 45 63 2 2 0 0.00 0.0 0 2.8 9 150 M M 0 11 40
7 81 49 65 5 0 0 0.00 0.0 0 5.2 15 240 M M 1 1 19 250
8 84 53 69 9 0 4 0.00 0.0 0 4.7 15 180 M M 1 17 200
9 82 55 69 9 0 4 0.00 0.0 0 7.2 15 230 M M 5 1 19 250
10 82 56 69 9 0 4 0.00 0.0 0 6.1 17 250 M M 5 1 24 250
11 66 52 59 0 6 0 0.10 0.0 0 10.4 17 10 M M 10 1 23 360
12 58 52 55 -4 10 0 0.09 0.0 0 9.9 16 10 M M 10 1 22 10
13 70 47 59 0 6 0 0.00 0.0 0 6.6 14 10 M M 7 1 19 360
14 70 44 57 -1 8 0 0.00 0.0 0 6.7 21 40 M M 5 26 20
15 66 55 61 3 4 0 0.00 0.0 0 11.0 18 50 M M 10 24 40
16 77 58 68 10 0 3 0.05 0.0 0 8.1 22 100 M M 8 1 28 110
17 76 62 69 11 0 4 0.08 0.0 0 8.1 15 60 M M 8 1 19 50
18 79 57 68 11 0 3 0.00 0.0 0 6.3 18 360 M M 5 23 340
19 72 55 64 7 1 0 0.00 0.0 0 7.7 16 50 M M 3 19 50
20 70 50 60 3 5 0 0.03 0.0 0 7.5 14 60 M M 5 1 18 50
21 73 58 66 9 0 1 0.40 0.0 0 10.1 20 150 M M 10 18 27 160
22 73 53 63 7 2 0 0.79 0.0 0 13.1 23 210 M M 6 138 32 250
23 66 43 55 -1 10 0 0.00 0.0 0 3.9 14 320 M M 4 18 18 320
24 63 49 56 0 9 0 0.02 0.0 0 2.5 9 140 M M 8 11 110
25 63 46 55 -1 10 0 0.00 0.0 0 7.4 15 50 M M 5 1 19 40
26 50 41 46 -10 19 0 0.24 0.0 0 6.5 12 340 M M 8 1 14 20
27 62 46 54 -1 11 0 0.02 0.0 0 8.7 16 310 M M 7 1 23 280
28 57 36 47 -8 18 0 0.00 0.0 0 5.2 14 270 M M 5 19 270
29 61 34 48 -7 17 0 0.00 0.0 0 4.0 10 50 M M 1 13 40
30 64 33 49 -6 16 0 0.00 0.0 0 3.0 9 100 M M 5 18 11 110
================================================================================
SM 2090 1438 201 23 1.82 0.0 217.0 M 153
================================================================================
AV 69.7 47.9 7.2 FASTST M M 5 MAX(MPH)
MISC ----> 26 360 35 10
================================================================================
NOTES:
# LAST OF SEVERAL OCCURRENCES
COLUMN 17 PEAK WIND IN M.P.H.
PRELIMINARY LOCAL CLIMATOLOGICAL DATA (WS FORM: F-6) , PAGE 2
STATION: NORTH CHARLESTON SC
MONTH: NOVEMBER
YEAR: 2023
LATITUDE: 32 54 N
LONGITUDE: 80 2 W
[TEMPERATURE DATA] [PRECIPITATION DATA] SYMBOLS USED IN COLUMN 16
AVERAGE MONTHLY: 58.8 TOTAL FOR MONTH: 1.82 1 = FOG OR MIST
DPTR FM NORMAL: 0.5 DPTR FM NORMAL: -0.84 2 = FOG REDUCING VISIBILITY
HIGHEST: 84 ON 8 GRTST 24HR 1.02 ON 21-22 TO 1/4 MILE OR LESS
LOWEST: 33 ON 30 3 = THUNDER
SNOW, ICE PELLETS, HAIL 4 = ICE PELLETS
TOTAL MONTH: 0.0 INCH 5 = HAIL
GRTST 24HR 0.0 6 = FREEZING RAIN OR DRIZZLE
GRTST DEPTH: 0 7 = DUSTSTORM OR SANDSTORM:
VSBY 1/2 MILE OR LESS
8 = SMOKE OR HAZE
[NO. OF DAYS WITH] [WEATHER - DAYS WITH] 9 = BLOWING SNOW
X = TORNADO
MAX 32 OR BELOW: 0 0.01 INCH OR MORE: 10
MAX 90 OR ABOVE: 0 0.10 INCH OR MORE: 4
MIN 32 OR BELOW: 0 0.50 INCH OR MORE: 1
MIN 0 OR BELOW: 0 1.00 INCH OR MORE: 0
[HDD (BASE 65) ]
TOTAL THIS MO. 201 CLEAR (SCALE 0-3) 10
DPTR FM NORMAL -33 PTCLDY (SCALE 4-7) 15
TOTAL FM JUL 1 230 CLOUDY (SCALE 8-10) 5
DPTR FM NORMAL -63
[CDD (BASE 65) ]
TOTAL THIS MO. 23
DPTR FM NORMAL -9 [PRESSURE DATA]
TOTAL FM JAN 1 2637 HIGHEST SLP 30.50 ON 2
DPTR FM NORMAL 212 LOWEST SLP 29.74 ON 18
[REMARKS]
#FINAL-11-23#