000
CXUS55 KDVN 011000
CF6CID
PRELIMINARY LOCAL CLIMATOLOGICAL DATA (WS FORM: F-6)
STATION: CEDAR RAPIDS IA
MONTH: SEPTEMBER
YEAR: 2023
LATITUDE: 41 52 N
LONGITUDE: 91 42 W
TEMPERATURE IN F: :PCPN: SNOW: WIND :SUNSHINE: SKY :PK WND
================================================================================
1 2 3 4 5 6A 6B 7 8 9 10 11 12 13 14 15 16 17 18
12Z AVG MX 2MIN
DY MAX MIN AVG DEP HDD CDD WTR SNW DPTH SPD SPD DIR MIN PSBL S-S WX SPD DR
================================================================================
1 84 53 69 1 0 4 0.00 M M 7.7 16 160 M M 0 23 160
2 92 57 75 7 0 10 0.00 M M 9.0 21 190 M M 0 27 200
3 96 60 78 10 0 13 0.00 M M 10.0 18 210 M M 0 25 170
4 97 67 82 15 0 17 0.00 M M 9.1 21 190 M M 0 29 190
5 88 72 80 13 0 15 0.00 M M 13.7 24 190 M M 1 3 34 160
6 74 62 68 1 0 3 0.00 M M 13.6 23 300 M M 8 18 32 310
7 72 56 64 -2 1 0 0.00 M M 8.7 17 340 M M 7 1 22 330
8 78 48 63 -3 2 0 0.00 M M 6.3 13 340 M M 1 8 17 0
9 82 48 65 -1 0 0 0.00 M M 2.7 9 220 M M 0 1 13 140
10 84 55 70 4 0 5 0.18 M M 5.7 17 340 M M 5 1 24 340
11 71 53 62 -3 3 0 0.18 M M 6.3 16 10 M M 6 1 20 360
12 74 48 61 -4 4 0 0.27 M M 4.6 23 290 M M 2 13 33 290
13 71 50 61 -3 4 0 0.00 M M 6.1 12 10 M M 2 18 17 10
14 79 47 63 -1 2 0 0.00 M M 6.3 15 150 M M 3 20 160
15 82 60 71 7 0 6 0.00 M M 7.0 16 300 M M 8 22 220
16 77 53 65 2 0 0 0.01 M M 4.2 13 50 M M 5 12 16 220
17 76 49 63 0 2 0 0.00 M M 6.7 15 30 M M 1 1 23 30
18 79 46 63 0 2 0 0.01 M M 7.2 16 140 M M 2 13 24 150
19 75 59 67 5 0 2 0.39 M M 9.9 20 160 M M 6 13 31 170
20 77 58 68 6 0 3 0.01 M M 4.4 12 130 M M 4 1 17 150
21 76 53 65 4 0 0 T M M 7.8 20 100 M M 7 18 27 100
22 75 61 68 7 0 3 0.00 M M 9.5 16 130 M M 8 138 24 140
23 84 63 74 13 0 9 T M M 11.0 23 150 M M 5 1 32 170
24 78 61 70 10 0 5 0.00 M M 7.7 17 140 M M 6 1 24 140
25 83 52 68 8 0 3 T M M 4.8 15 250 M M 5 1 21 230
26 75 56 66 7 0 1 0.02 M M 4.5 15 40 M M 6 13 19 60
27 77 55 66 7 0 1 0.00 M M 5.1 12 70 M M 6 128 14 60
28 77 59 68 10 0 3 0.00 M M 8.4 16 110 M M 6 18 24 90
29 87 57 72 14 0 7 0.00 M M 11.1 18 150 M M 2 26 150
30 94 65 80 22 0 15 0.00 M M 9.3 17 160 M M 0 25 150
================================================================================
SM 2414 1683 20 125 1.07 M 228.4 M 112
================================================================================
AV 80.5 56.1 7.6 FASTST M M 4 MAX(MPH)
MISC ----> 24 190 34 160
================================================================================
NOTES:
# LAST OF SEVERAL OCCURRENCES
COLUMN 17 PEAK WIND IN M.P.H.
PRELIMINARY LOCAL CLIMATOLOGICAL DATA (WS FORM: F-6) , PAGE 2
STATION: CEDAR RAPIDS IA
MONTH: SEPTEMBER
YEAR: 2023
LATITUDE: 41 52 N
LONGITUDE: 91 42 W
[TEMPERATURE DATA] [PRECIPITATION DATA] SYMBOLS USED IN COLUMN 16
AVERAGE MONTHLY: 68.3 TOTAL FOR MONTH: 1.07 1 = FOG OR MIST
DPTR FM NORMAL: 5.0 DPTR FM NORMAL: -2.33 2 = FOG REDUCING VISIBILITY
HIGHEST: 97 ON 4 GRTST 24HR 0.40 ON 18-19 TO 1/4 MILE OR LESS
LOWEST: 46 ON 18 3 = THUNDER
SNOW, ICE PELLETS, HAIL 4 = ICE PELLETS
TOTAL MONTH: M 5 = HAIL
GRTST 24HR M ON M 6 = FREEZING RAIN OR DRIZZLE
GRTST DEPTH: M ON M 7 = DUSTSTORM OR SANDSTORM:
VSBY 1/2 MILE OR LESS
8 = SMOKE OR HAZE
[NO. OF DAYS WITH] [WEATHER - DAYS WITH] 9 = BLOWING SNOW
X = TORNADO
MAX 32 OR BELOW: 0 0.01 INCH OR MORE: 8
MAX 90 OR ABOVE: 4 0.10 INCH OR MORE: 4
MIN 32 OR BELOW: 0 0.50 INCH OR MORE: 0
MIN 0 OR BELOW: 0 1.00 INCH OR MORE: 0
[HDD (BASE 65) ]
TOTAL THIS MO. 20 CLEAR (SCALE 0-3) 14
DPTR FM NORMAL -108 PTCLDY (SCALE 4-7) 16
TOTAL FM JUL 1 27 CLOUDY (SCALE 8-10) 0
DPTR FM NORMAL -120
[CDD (BASE 65) ]
TOTAL THIS MO. 125
DPTR FM NORMAL 48 [PRESSURE DATA]
TOTAL FM JAN 1 933 HIGHEST SLP 30.24 ON 9
DPTR FM NORMAL 187 LOWEST SLP 29.70 ON 5
[REMARKS]
#FINAL-09-23#