296
CXUS53 KDVN 011706
CLSCID
CLIMATE REPORT
NATIONAL WEATHER SERVICE QUAD CITIES IA IL
1106 AM CST TUE DEC 01 2020
...................................
...THE CEDAR RAPIDS IA CLIMATE SUMMARY FOR THE SEASON, FROM
9/1/2020 TO 11/30/2020...
CLIMATE NORMAL PERIOD 1981 TO 2010
CLIMATE RECORD PERIOD 1891 TO 2020
WEATHER OBSERVED NORMAL DEPART
VALUE DATE(S) VALUE FROM
NORMAL
..............................................................
TEMPERATURE (F)
RECORD
HIGH 105 09/04/1925
LOW -12 11/29/1891
HIGHEST 91 09/06 79 12
LOWEST 15 11/30 20 -5
AVG. MAXIMUM 60.6 60.9 -0.3
AVG. MINIMUM 38.4 39.5 -1.1
MEAN 49.5 50.2 -0.7
DAYS MAX >= 90 1
DAYS MAX <= 32 2
DAYS MIN <= 32 36
DAYS MIN <= 0 0
PRECIPITATION (INCHES)
TOTALS 10.29 7.89 2.40
DAILY AVG. 0.11 0.09 0.02
DAYS >= .01 25
DAYS >= .10 18
DAYS >= .50 10
DAYS >= 1.00 3
GREATEST
24 HR. TOTAL 1.75 09/11 TO 09/12
DEGREE DAYS
HEATING TOTAL 1436 1427 9
SINCE 7/1 1442 1446 -4
COOLING TOTAL 46 80 -34
SINCE 1/1 792 748 44
..............................................................
WIND (MPH)
AVERAGE WIND SPEED 10.7
HIGHEST WIND SPEED/DIRECTION 44/050 DATE 09/06
HIGHEST GUST SPEED/DIRECTION 55/050 DATE 09/06
SKY COVER
POSSIBLE SUNSHINE (PERCENT) MM
AVERAGE SKY COVER 0.35
NUMBER OF DAYS FAIR 53
NUMBER OF DAYS PC 21
NUMBER OF DAYS CLOUDY 17
AVERAGE RH (PERCENT) 72
WEATHER CONDITIONS. NUMBER OF DAYS WITH
THUNDERSTORM 5 HAIL 0
SLEET 0 FOG 42
FOG W/VIS <= 1/4 MILE 6 HAZE 17
- INDICATES NEGATIVE NUMBERS.
R INDICATES RECORD WAS SET OR TIED.
MM INDICATES DATA IS MISSING.
T INDICATES TRACE AMOUNT.
$$