000
CXUS55 KOHX 011210
CF6CKV
PRELIMINARY LOCAL CLIMATOLOGICAL DATA (WS FORM: F-6)
STATION: CLARKSVILLE
MONTH: NOVEMBER
YEAR: 2021
LATITUDE: 36 37 N
LONGITUDE: 87 25 W
TEMPERATURE IN F: :PCPN: SNOW: WIND :SUNSHINE: SKY :PK WND
================================================================================
1 2 3 4 5 6A 6B 7 8 9 10 11 12 13 14 15 16 17 18
12Z AVG MX 2MIN
DY MAX MIN AVG DEP HDD CDD WTR SNW DPTH SPD SPD DIR MIN PSBL S-S WX SPD DR
================================================================================
1 60 37 49 -4 16 0 0.00 M M 5.7 15 10 M M 3 1 19 360
2 53 38 46 -7 19 0 0.01 M M 8.1 14 30 M M 5 1 20 20
3 49 32 41 -11 24 0 0.00 M M 4.7 14 30 M M 0 19 80
4 54 28 41 -11 24 0 0.00 M M 3.8 13 60 M M 0 18 19 70
5 58 27 43 -9 22 0 0.00 M M 2.6 12 30 M M 0 1 16 70
6 61 28 45 -6 20 0 0.00 M M 0.9 10 320 M M 0 1 14 320
7 65 31 48 -3 17 0 0.00 M M 0.7 8 330 M M 0 128 11 320
8 72 34 53 2 12 0 0.00 M M 1.9 10 200 M M 0 12 14 200
9 70 36 53 3 12 0 0.00 M M 3.9 15 210 M M 0 18 21 270
10 72 40 56 6 9 0 0.00 M M 5.0 14 150 M M 1 12 21 140
11 61 45 53 3 12 0 0.27 M M 7.8 22 190 M M 4 1 31 190
12 60 37 49 0 16 0 T M M 9.3 24 350 M M 3 33 250
13 48 30 39 -10 26 0 0.00 M M 5.4 15 320 M M 2 19 330
14 56 31 44 -4 21 0 0.01 M M 8.1 21 260 M M 3 30 260
15 59 28 44 -4 21 0 0.00 M M 3.6 13 190 M M 2 18 17 180
16 67 38 53 5 12 0 0.00 M M 6.6 15 200 M M 3 21 190
17 73 59 66 18 0 1 T M M 13.2 24 230 M M 4 35 210
18 67 29 48 1 17 0 0.70 M M 8.7 26 320 M M 3 1 35 330
19 48 25 37 -10 28 0 0.00 M M 4.1 14 80 M M 0 18 60
20 60 28 44 -2 21 0 0.00 M M 5.8 17 190 M M 0 24 200
21 55 46 51 5 14 0 0.70 M M 5.2 14 190 M M 7 13 20 210
22 47 26 37 -9 28 0 0.00 M M 7.9 16 340 M M 0 12 21 330
23 49 22 36 -10 29 0 0.00 M M 3.9 9 150 M M 0 13 120
24 62 32 47 2 18 0 0.00 M M 10.3 21 190 M M 0 30 170
25 55 33 44 -1 21 0 0.23 M M 12.3 24 320 M M 10 18 31 320
26 42 25 34 -11 31 0 0.00 M M 5.2 18 340 M M 2 23 340
27 59 26 43 -1 22 0 0.00 M M 7.2 18 220 M M 0 25 220
28 54 32 43 -1 22 0 0.00 M M 6.8 14 330 M M 0 18 310
29 51 24 38 -6 27 0 0.00 M M 4.5 12 200 M M 0 17 200
30 63 39 51 7 14 0 0.00 M M 4.3 10 210 M M 0 17 210
================================================================================
SM 1750 986 575 1 1.92 M 177.5 M 52
================================================================================
AV 58.3 32.9 5.9 FASTST M M 2 MAX(MPH)
MISC ----> 26 320 # 35 210
================================================================================
NOTES:
# LAST OF SEVERAL OCCURRENCES
COLUMN 17 PEAK WIND IN M.P.H.
PRELIMINARY LOCAL CLIMATOLOGICAL DATA (WS FORM: F-6) , PAGE 2
STATION: CLARKSVILLE
MONTH: NOVEMBER
YEAR: 2021
LATITUDE: 36 37 N
LONGITUDE: 87 25 W
[TEMPERATURE DATA] [PRECIPITATION DATA] SYMBOLS USED IN COLUMN 16
AVERAGE MONTHLY: 45.6 TOTAL FOR MONTH: 1.92 1 = FOG OR MIST
DPTR FM NORMAL: -2.5 DPTR FM NORMAL: -2.12 2 = FOG REDUCING VISIBILITY
HIGHEST: 73 ON 17 GRTST 24HR 0.70 ON 17-18 TO 1/4 MILE OR LESS
LOWEST: 22 ON 23 3 = THUNDER
SNOW, ICE PELLETS, HAIL 4 = ICE PELLETS
TOTAL MONTH: M 5 = HAIL
GRTST 24HR M ON M 6 = FREEZING RAIN OR DRIZZLE
GRTST DEPTH: M ON M 7 = DUSTSTORM OR SANDSTORM:
VSBY 1/2 MILE OR LESS
8 = SMOKE OR HAZE
[NO. OF DAYS WITH] [WEATHER - DAYS WITH] 9 = BLOWING SNOW
X = TORNADO
MAX 32 OR BELOW: 0 0.01 INCH OR MORE: 6
MAX 90 OR ABOVE: 0 0.10 INCH OR MORE: 4
MIN 32 OR BELOW: 18 0.50 INCH OR MORE: 2
MIN 0 OR BELOW: 0 1.00 INCH OR MORE: 0
[HDD (BASE 65) ]
TOTAL THIS MO. 575 CLEAR (SCALE 0-3) 23
DPTR FM NORMAL 65 PTCLDY (SCALE 4-7) 6
TOTAL FM JUL 1 725 CLOUDY (SCALE 8-10) 1
DPTR FM NORMAL -30
[CDD (BASE 65) ]
TOTAL THIS MO. 1
DPTR FM NORMAL -2 [PRESSURE DATA]
TOTAL FM JAN 1 1556 HIGHEST SLP 30.57 ON 19
DPTR FM NORMAL 47 LOWEST SLP 29.82 ON 11
[REMARKS]
#FINAL-11-21#