000
CXUS54 KHGX 171410
CF6CLL
PRELIMINARY LOCAL CLIMATOLOGICAL DATA (WS FORM: F-6)
STATION: COLLEGE STATION
MONTH: APRIL
YEAR: 2024
LATITUDE: 30 34 N
LONGITUDE: 96 22 W
TEMPERATURE IN F: :PCPN: SNOW: WIND :SUNSHINE: SKY :PK WND
================================================================================
1 2 3 4 5 6A 6B 7 8 9 10 11 12 13 14 15 16 17 18
12Z AVG MX 2MIN
DY MAX MIN AVG DEP HDD CDD WTR SNW DPTH SPD SPD DIR MIN PSBL S-S WX SPD DR
================================================================================
1 81 72 77 11 0 12 T 0.0 0 16.0 28 170 M M 8 3 39 160
2 76 55 66 0 0 1 T 0.0 0 13.0 24 320 M M 3 3 36 310
3 80 45 63 -3 2 0 0.00 0.0 0 7.4 21 330 M M 0 32 300
4 85 48 67 1 0 2 0.00 0.0 0 4.7 15 170 M M 0 20 180
5 86 57 72 6 0 7 0.00 0.0 0 9.3 21 170 M M 0 29 160
6 81 61 71 4 0 6 0.00 0.0 0 15.0 29 160 M M 4 1 39 150
7 82 67 75 8 0 10 T 0.0 0 5.1 17 360 M M 5 22 340
8 82 68 75 8 0 10 0.39 0.0 0 7.1 17 160 M M 8 13 23 160
9 78 68 73 6 0 8 0.31 0.0 0 10.5 18 50 M M 9 13 24 70
10 71 58 65 -3 0 0 0.31 0.0 0 14.3 28 300 M M 7 13 40 340
11 80 52 66 -2 0 1 0.00 0.0 0 7.9 21 300 M M 0 28 300
12 81 52 67 -1 0 2 0.00 0.0 0 7.5 16 150 M M 0 21 190
13 82 57 70 2 0 5 0.00 0.0 0 10.4 24 150 M M 0 35 150
14 84 63 74 6 0 9 0.00 0.0 0 11.3 21 160 M M 6 27 140
15 84 70 77 9 0 12 T 0.0 0 15.1 35 140 M M 9 49 150
16 84 71 78 9 0 13 T 0.0 0 11.3 23 170 M M 9 30 160
================================================================================
SM 1297 964 2 98 1.01 0.0 165.9 M 68
================================================================================
AV 81.1 60.3 10.4 FASTST M M 4 MAX(MPH)
MISC ----> 35 140 49 150
================================================================================
NOTES:
# LAST OF SEVERAL OCCURRENCES
COLUMN 17 PEAK WIND IN M.P.H.
PRELIMINARY LOCAL CLIMATOLOGICAL DATA (WS FORM: F-6) , PAGE 2
STATION: COLLEGE STATION
MONTH: APRIL
YEAR: 2024
LATITUDE: 30 34 N
LONGITUDE: 96 22 W
[TEMPERATURE DATA] [PRECIPITATION DATA] SYMBOLS USED IN COLUMN 16
AVERAGE MONTHLY: 70.7 TOTAL FOR MONTH: 1.01 1 = FOG OR MIST
DPTR FM NORMAL: 3.5 DPTR FM NORMAL: -0.42 2 = FOG REDUCING VISIBILITY
HIGHEST: 86 ON 5 GRTST 24HR 0.54 ON 9-10 TO 1/4 MILE OR LESS
LOWEST: 45 ON 3 3 = THUNDER
SNOW, ICE PELLETS, HAIL 4 = ICE PELLETS
TOTAL MONTH: 0.0 INCH 5 = HAIL
GRTST 24HR 0.0 6 = FREEZING RAIN OR DRIZZLE
GRTST DEPTH: 0 7 = DUSTSTORM OR SANDSTORM:
VSBY 1/2 MILE OR LESS
8 = SMOKE OR HAZE
[NO. OF DAYS WITH] [WEATHER - DAYS WITH] 9 = BLOWING SNOW
X = TORNADO
MAX 32 OR BELOW: 0 0.01 INCH OR MORE: 3
MAX 90 OR ABOVE: 0 0.10 INCH OR MORE: 3
MIN 32 OR BELOW: 0 0.50 INCH OR MORE: 0
MIN 0 OR BELOW: 0 1.00 INCH OR MORE: 0
[HDD (BASE 65) ]
TOTAL THIS MO. 2 CLEAR (SCALE 0-3) 7
DPTR FM NORMAL -31 PTCLDY (SCALE 4-7) 5
TOTAL FM JUL 1 1255 CLOUDY (SCALE 8-10) 4
DPTR FM NORMAL -276
[CDD (BASE 65) ]
TOTAL THIS MO. 98
DPTR FM NORMAL 30 [PRESSURE DATA]
TOTAL FM JAN 1 242 HIGHEST SLP M ON M
DPTR FM NORMAL 74 LOWEST SLP 29.56 ON 1
[REMARKS]