000
CXUS53 KILX 010900
CF6CMI
PRELIMINARY LOCAL CLIMATOLOGICAL DATA (WS FORM: F-6)
STATION: CHAMPAIGN IL AIRPORT
MONTH: OCTOBER
YEAR: 2022
LATITUDE: 40 1 N
LONGITUDE: 88 17 W
TEMPERATURE IN F: :PCPN: SNOW: WIND :SUNSHINE: SKY :PK WND
================================================================================
1 2 3 4 5 6A 6B 7 8 9 10 11 12 13 14 15 16 17 18
12Z AVG MX 2MIN
DY MAX MIN AVG DEP HDD CDD WTR SNW DPTH SPD SPD DIR MIN PSBL S-S WX SPD DR
================================================================================
1 76 43 60 -2 5 0 0.00 M M 10.2 16 20 M M 0 24 360
2 75 47 61 0 4 0 0.00 M M 10.0 18 20 M M 0 25 20
3 73 46 60 -1 5 0 0.00 M M 7.7 13 80 M M 0 20 60
4 75 39 57 -3 8 0 0.00 M M 4.0 9 70 M M 0 11 70
5 78 40 59 -1 6 0 0.00 M M 3.4 12 200 M M 2 8 15 200
6 78 52 65 5 0 0 0.05 M M 7.2 24 350 M M 6 34 350
7 61 42 52 -7 13 0 0.00 M M 9.1 17 10 M M 5 25 30
8 60 29 45 -14 20 0 0.00 M M 5.8 16 260 M M 0 12 23 250
9 72 32 52 -6 13 0 0.00 M M 9.6 21 250 M M 2 30 250
10 79 39 59 1 6 0 0.00 M M 7.7 17 250 M M 1 24 260
11 64 56 60 3 5 0 0.20 M M 12.9 24 190 M M 9 1 28 190
12 66 44 55 -2 10 0 0.26 M M 13.7 29 320 M M 7 13 40 320
13 62 33 48 -8 17 0 T M M 11.7 29 270 M M 3 47 240
14 67 34 51 -5 14 0 0.18 M M 13.1 29 240 M M 3 1 40 190
15 57 33 45 -11 20 0 0.00 M M 9.0 17 260 M M 3 22 260
16 62 40 51 -4 14 0 0.00 M M 11.2 24 280 M M 4 33 280
17 46 32 39 -16 26 0 T M M 15.0 25 310 M M 6 34 320
18 49 30 40 -14 25 0 0.00 M M 15.4 25 290 M M 2 35 280
19 50 27 39 -15 26 0 0.00 M M 11.3 22 280 M M 0 30 270
20 66 27 47 -6 18 0 0.00 M M 11.4 21 210 M M 1 28 220
21 78 41 60 7 5 0 0.00 M M 15.1 26 200 M M 0 36 190
22 80 52 66 14 0 1 0.00 M M 16.6 26 180 M M 0 36 160
23 79 57 68 16 0 3 0.00 M M 20.8 37 170 M M 2 47 160
24 80 62 71 20 0 6 0.00 M M 18.5 28 170 M M 1 38 160
25 66 47 57 6 8 0 1.04 M M 12.5 26 330 M M 10 1 38 330
26 56 37 47 -3 18 0 0.38 M M 12.5 28 340 M M 3 1 36 340
27 58 34 46 -4 19 0 0.00 M M 10.2 20 80 M M 0 25 90
28 63 39 51 1 14 0 0.00 M M 8.7 14 70 M M 0 18 60
29 68 38 53 4 12 0 0.00 M M 6.7 10 150 M M 0 14 130
30 62 47 55 6 10 0 0.15 M M 8.4 15 120 M M 7 12 18 120
31 59 49 54 6 11 0 0.09 M M 9.0 16 250 M M 10 12 22 240
================================================================================
SM 2065 1268 352 10 2.35 M 338.4 M 87
================================================================================
AV 66.6 40.9 10.9 FASTST M M 3 MAX(MPH)
MISC ----> 37 170 # 47 240
================================================================================
NOTES:
# LAST OF SEVERAL OCCURRENCES
COLUMN 17 PEAK WIND IN M.P.H.
PRELIMINARY LOCAL CLIMATOLOGICAL DATA (WS FORM: F-6) , PAGE 2
STATION: CHAMPAIGN IL AIRPORT
MONTH: OCTOBER
YEAR: 2022
LATITUDE: 40 1 N
LONGITUDE: 88 17 W
[TEMPERATURE DATA] [PRECIPITATION DATA] SYMBOLS USED IN COLUMN 16
AVERAGE MONTHLY: 53.8 TOTAL FOR MONTH: 2.35 1 = FOG OR MIST
DPTR FM NORMAL: -1.2 DPTR FM NORMAL: -0.68 2 = FOG REDUCING VISIBILITY
HIGHEST: 80 ON 24,22 GRTST 24HR 1.39 ON 25-26 TO 1/4 MILE OR LESS
LOWEST: 27 ON 20,19 3 = THUNDER
SNOW, ICE PELLETS, HAIL 4 = ICE PELLETS
TOTAL MONTH: M 5 = HAIL
GRTST 24HR M ON M 6 = FREEZING RAIN OR DRIZZLE
GRTST DEPTH: M ON M 7 = DUSTSTORM OR SANDSTORM:
VSBY 1/2 MILE OR LESS
8 = SMOKE OR HAZE
[NO. OF DAYS WITH] [WEATHER - DAYS WITH] 9 = BLOWING SNOW
X = TORNADO
MAX 32 OR BELOW: 0 0.01 INCH OR MORE: 8
MAX 90 OR ABOVE: 0 0.10 INCH OR MORE: 6
MIN 32 OR BELOW: 6 0.50 INCH OR MORE: 1
MIN 0 OR BELOW: 0 1.00 INCH OR MORE: 1
[HDD (BASE 65) ]
TOTAL THIS MO. 352 CLEAR (SCALE 0-3) 20
DPTR FM NORMAL 16 PTCLDY (SCALE 4-7) 8
TOTAL FM JUL 1 439 CLOUDY (SCALE 8-10) 3
DPTR FM NORMAL 31
[CDD (BASE 65) ]
TOTAL THIS MO. 10
DPTR FM NORMAL -16 [PRESSURE DATA]
TOTAL FM JAN 1 1202 HIGHEST SLP 30.47 ON 8
DPTR FM NORMAL 149 LOWEST SLP 29.51 ON 25
[REMARKS]
#FINAL-10-22#