000
CXUS55 KRIW 011110
CF6COD
PRELIMINARY LOCAL CLIMATOLOGICAL DATA (WS FORM: F-6)
STATION: CODY WY
MONTH: DECEMBER
YEAR: 2022
LATITUDE: 44 31 N
LONGITUDE: 109 1 W
TEMPERATURE IN F: :PCPN: SNOW: WIND :SUNSHINE: SKY :PK WND
================================================================================
1 2 3 4 5 6A 6B 7 8 9 10 11 12 13 14 15 16 17 18
12Z AVG MX 2MIN
DY MAX MIN AVG DEP HDD CDD WTR SNW DPTH SPD SPD DIR MIN PSBL S-S WX SPD DR
================================================================================
1 45 16 31 3 34 0 T M M 11.7 21 240 M M 1 40 50
2 29 14 22 -6 43 0 T M M 12.1 22 30 M M 5 1 38 250
3 43 13 28 0 37 0 0.00 M M 10.5 24 240 M M 0 45 220
4 38 9 24 -3 41 0 0.00 M M 3.9 18 210 M M 3 M M
5 38 17 28 1 37 0 T M M 9.4 23 250 M M 4 1 38 240
6 38 31 35 8 30 0 0.00 M M 16.7 21 250 M M 0 45 250
7 41 17 29 2 36 0 0.00 M M 12.0 29 230 M M 0 41 230
8 37 15 26 0 39 0 0.00 M M 9.9 17 160 M M 0 36 260
9 40 13 27 1 38 0 0.00 M M 11.6 20 200 M M 0 31 270
10 38 17 28 2 37 0 0.00 M M 7.5 20 250 M M 0 30 250
11 40 16 28 2 37 0 0.00 M M 3.6 10 150 M M 2 M M
12 28 13 21 -5 44 0 T M M 12.6 21 10 M M 8 1 31 20
13 23 6 15 -11 50 0 0.05 M M 5.9 15 30 M M 9 12 M M
14 34 -1 17 -8 48 0 T M M 4.9 12 20 M M 4 12 18 270
15 32 0 16 -9 49 0 T M M 5.4 13 10 M M 4 M M
16 35 1 18 -7 47 0 0.00 M M 4.0 12 160 M M 2 M M
17 30 14 22 -3 43 0 0.00 M M 7.3 21 260 M M 1 32 280
18 31 -2 15 -10 50 0 T M M 6.4 12 30 M M 1 1 35 300
19 7 -6 1 -24 64 0 T M M 4.9 10 60 M M 4 1 16 99
20 35 -10 13 -12 52 0 T M M 4.1 12 270 M M 3 20 99
21 34 -30 2 -23 63 0 T M M 13.1 28 10 M M 8 18 41 20
22 -11 -32 -21 -46 86 0 0.00 M M 2.4 7 200 M M 1 18 M M
23 8 -21 -6 -31 71 0 0.00 M M 2.1 10 70 M M 4 M M
24 46 -3 22 -3 43 0 0.00 M M 11.7 23 260 M M 3 38 260
25 47 27 37 12 28 0 T M M 9.9 27 260 M M 4 46 260
26 54 23 39 13 26 0 0.00 M M 7.2 22 250 M M 3 1 37 280
27 55 38 47 21 18 0 T M M 11.5 20 240 M M 1 32 240
28 42 32 37 11 28 0 0.00 M M 12.9 22 260 M M 1 44 260
29 36 28 32 6 33 0 0.00 M M 13.0 23 260 M M 1 37 240
30 40 20 30 4 35 0 0.00 M M 11.8 18 270 M M 2 37 250
31 38 19 29 3 36 0 T M M 3.4 9 180 M M 4 M M
================================================================================
SM 1071 294 1323 0 0.05 M 263.4 M 83
================================================================================
AV 34.5 9.5 8.5 FASTST M M 3 MAX(MPH)
MISC ----> 29 230 46 260
================================================================================
NOTES:
# LAST OF SEVERAL OCCURRENCES
COLUMN 17 PEAK WIND IN M.P.H.
PRELIMINARY LOCAL CLIMATOLOGICAL DATA (WS FORM: F-6) , PAGE 2
STATION: CODY WY
MONTH: DECEMBER
YEAR: 2022
LATITUDE: 44 31 N
LONGITUDE: 109 1 W
[TEMPERATURE DATA] [PRECIPITATION DATA] SYMBOLS USED IN COLUMN 16
AVERAGE MONTHLY: 22.0 TOTAL FOR MONTH: 0.05 1 = FOG OR MIST
DPTR FM NORMAL: -3.9 DPTR FM NORMAL: M 2 = FOG REDUCING VISIBILITY
HIGHEST: 55 ON 27 GRTST 24HR 0.05 ON 13-13 TO 1/4 MILE OR LESS
LOWEST: -32 ON 22 3 = THUNDER
SNOW, ICE PELLETS, HAIL 4 = ICE PELLETS
TOTAL MONTH: M 5 = HAIL
GRTST 24HR M ON M 6 = FREEZING RAIN OR DRIZZLE
GRTST DEPTH: M ON M 7 = DUSTSTORM OR SANDSTORM:
VSBY 1/2 MILE OR LESS
8 = SMOKE OR HAZE
[NO. OF DAYS WITH] [WEATHER - DAYS WITH] 9 = BLOWING SNOW
X = TORNADO
MAX 32 OR BELOW: 9 0.01 INCH OR MORE: 1
MAX 90 OR ABOVE: 0 0.10 INCH OR MORE: 0
MIN 32 OR BELOW: 30 0.50 INCH OR MORE: 0
MIN 0 OR BELOW: 9 1.00 INCH OR MORE: 0
[HDD (BASE 65) ]
TOTAL THIS MO. 1323 CLEAR (SCALE 0-3) 20
DPTR FM NORMAL 112 PTCLDY (SCALE 4-7) 10
TOTAL FM JUL 1 3125 CLOUDY (SCALE 8-10) 1
DPTR FM NORMAL 550
[CDD (BASE 65) ]
TOTAL THIS MO. 0
DPTR FM NORMAL 0 [PRESSURE DATA]
TOTAL FM JAN 1 613 HIGHEST SLP M ON M
DPTR FM NORMAL 613 LOWEST SLP M ON M
[REMARKS]
#FINAL-12-22#