000
CXUS55 KRIW 051203
CF6COD
PRELIMINARY LOCAL CLIMATOLOGICAL DATA (WS FORM: F-6)
STATION: CODY WY
MONTH: JULY
YEAR: 2020
LATITUDE: 44 31 N
LONGITUDE: 109 1 W
TEMPERATURE IN F: :PCPN: SNOW: WIND :SUNSHINE: SKY :PK WND
================================================================================
1 2 3 4 5 6A 6B 7 8 9 10 11 12 13 14 15 16 17 18
12Z AVG MX 2MIN
DY MAX MIN AVG DEP HDD CDD WTR SNW DPTH SPD SPD DIR MIN PSBL S-S WX SPD DR
================================================================================
1 76 50 63 -4 2 0 0.00 M M 10.7 22 230 M M 2 37 250
2 82 57 70 3 0 5 0.00 M M 9.4 22 270 M M 2 43 260
3 84 59 72 4 0 7 T M M 7.7 21 360 M M 0 3 32 240
4 85 55 70 2 0 5 T M M 5.9 12 320 M M 1 3 31 320
5 79 56 68 0 0 3 0.00 M M 8.4 18 10 M M 1 24 10
6 83 55 69 1 0 4 0.00 M M 7.4 14 360 M M 0 21 10
7 91 54 73 4 0 8 0.00 M M 7.9 23 230 M M 0 38 230
8 82 47 65 -4 0 0 0.00 M M 7.0 15 30 M M 0 23 260
9 84 50 67 -2 0 2 T M M 6.6 15 160 M M 0 3 22 160
10 85 54 70 1 0 5 0.00 M M 9.9 23 20 M M 0 39 20
11 87 54 71 1 0 6 0.00 M M 4.6 13 10 M M 0 M M
12 93 58 76 6 0 11 0.00 M M 7.6 21 10 M M 0 25 10
13 70 51 61 -9 4 0 T M M 10.2 18 10 M M 2 23 20
14 75 47 61 -9 4 0 0.00 M M 6.1 14 20 M M 1 8 M M
15 86 52 69 -1 0 4 0.00 M M 7.8 16 360 M M 0 20 360
16 90 57 74 3 0 9 0.00 M M 8.7 18 140 M M 0 8 25 150
17 94 62 78 7 0 13 0.00 M M 9.1 17 270 M M 0 31 270
18 77 60 69 -2 0 4 0.00 M M 9.6 14 50 M M 0 23 20
19 80 52 66 -5 0 1 0.00 M M 6.4 16 10 M M 0 18 20
20 75 59 67 -4 0 2 0.00 M M 9.9 18 20 M M 0 25 20
21 89 55 72 1 0 7 T M M 6.5 14 100 M M 1 20 120
22 95 61 78 7 0 13 0.00 M M 5.5 12 120 M M 0 22 90
23 88 61 75 4 0 10 T M M 11.0 22 30 M M 4 35 20
24 87 57 72 1 0 7 T M M 8.6 15 280 M M 0 22 280
25 82 58 70 -1 0 5 0.03 M M 7.9 16 350 M M 1 3 24 350
26 80 53 67 -4 0 2 0.00 M M 6.7 13 20 M M 0 17 30
27 86 60 73 2 0 8 T M M 6.3 22 180 M M 1 3 35 180
28 83 58 71 0 0 6 T M M 6.9 16 80 M M 4 24 240
29 80 62 71 0 0 6 0.01 M M 5.4 12 280 M M 5 3 20 240
30 85 61 73 2 0 8 T M M 5.2 10 30 M M 2 3 16 300
31 88 62 75 4 0 10 0.00 M M 5.0 12 30 M M 0 18 30
================================================================================
SM 2601 1737 10 171 0.04 M 235.9 M 27
================================================================================
AV 83.9 56.0 7.6 FASTST M M 1 MAX(MPH)
MISC ----> # 23 230 # 43 260
================================================================================
NOTES:
# LAST OF SEVERAL OCCURRENCES
COLUMN 17 PEAK WIND IN M.P.H.
PRELIMINARY LOCAL CLIMATOLOGICAL DATA (WS FORM: F-6) , PAGE 2
STATION: CODY WY
MONTH: JULY
YEAR: 2020
LATITUDE: 44 31 N
LONGITUDE: 109 1 W
[TEMPERATURE DATA] [PRECIPITATION DATA] SYMBOLS USED IN COLUMN 16
AVERAGE MONTHLY: 70.0 TOTAL FOR MONTH: 0.04 1 = FOG OR MIST
DPTR FM NORMAL: 0.0 DPTR FM NORMAL: M 2 = FOG REDUCING VISIBILITY
HIGHEST: 95 ON 22 GRTST 24HR 0.03 ON 25-25 TO 1/4 MILE OR LESS
LOWEST: 47 ON 14, 8 3 = THUNDER
SNOW, ICE PELLETS, HAIL 4 = ICE PELLETS
TOTAL MONTH: M 5 = HAIL
GRTST 24HR M ON M 6 = FREEZING RAIN OR DRIZZLE
GRTST DEPTH: M ON M 7 = DUSTSTORM OR SANDSTORM:
VSBY 1/2 MILE OR LESS
8 = SMOKE OR HAZE
[NO. OF DAYS WITH] [WEATHER - DAYS WITH] 9 = BLOWING SNOW
X = TORNADO
MAX 32 OR BELOW: 0 0.01 INCH OR MORE: 2
MAX 90 OR ABOVE: 5 0.10 INCH OR MORE: 0
MIN 32 OR BELOW: 0 0.50 INCH OR MORE: 0
MIN 0 OR BELOW: 0 1.00 INCH OR MORE: 0
[HDD (BASE 65) ]
TOTAL THIS MO. 10 CLEAR (SCALE 0-3) 28
DPTR FM NORMAL M PTCLDY (SCALE 4-7) 3
TOTAL FM JUL 1 10 CLOUDY (SCALE 8-10) 0
DPTR FM NORMAL M
[CDD (BASE 65) ]
TOTAL THIS MO. 171
DPTR FM NORMAL 17 [PRESSURE DATA]
TOTAL FM JAN 1 246 HIGHEST SLP M ON M
DPTR FM NORMAL 246 LOWEST SLP M ON M
[REMARKS]
#FINAL-07-20#