000
CXUS53 KLSX 011729
CLSCOU
CLIMATE REPORT
NATIONAL WEATHER SERVICE ST LOUIS MO
1229 PM CDT WED JUN 01 2022
...................................
...THE COLUMBIA ASOS CLIMATE SUMMARY FOR THE SEASON, FROM
3/1/2022 TO 5/31/2022...
CLIMATE NORMAL PERIOD 1991 TO 2020
CLIMATE RECORD PERIOD 1890 TO 2022
WEATHER OBSERVED NORMAL DEPART LAST YEAR`S
VALUE DATE(S) VALUE FROM VALUE
NORMAL
..............................................................
TEMPERATURE (F)
RECORD
HIGH 101 05/31/1934
LOW -9 03/05/1960
HIGHEST 93 05/12
05/11
05/10
LOWEST 8 03/12
AVG. MAXIMUM 67.2 66.5 0.7
AVG. MINIMUM 45.8 45.6 0.2
MEAN 56.5 56.1 0.4
DAYS MAX >= 90 7
DAYS MAX <= 32 0
DAYS MAX >= 100 0
DAYS MIN <= 32 11
DAYS MIN <= 0 0
PRECIPITATION (INCHES)
RECORD
MAXIMUM 22.73 1922
MINIMUM 4.87 1932
TOTALS 14.92 12.62 2.30
DAYS >= .01 38
DAYS >= .10 27
DAYS >= .50 12
DAYS >= 1.00 5
GREATEST
24 HR. TOTAL 1.63 05/04 TO 05/05
SNOWFALL (INCHES)
RECORDS
TOTAL 24.5 1960
24 HR TOTAL 12.8 03/12/1937 TO 03/13/1937
TOTALS 4.9 1.7 3.2
SINCE 7/1 24.3 16.5 7.8
DAYS >= TRACE 6
DAYS >= 1.0 2
GREATEST
SNOW DEPTH 5 03/11
24 HR TOTAL 4.9 03/10 TO 03/11
DEGREE DAYS
HEATING TOTAL 946 970 -24
SINCE 7/1 4198 4675 -477
COOLING TOTAL 191 146 45
SINCE 1/1 191 146 45
..............................................................
WIND (MPH)
HIGHEST WIND SPEED/DIRECTION 36/210 DATE 03/05
HIGHEST GUST SPEED/DIRECTION 49/260 DATE 05/21
WEATHER CONDITIONS. NUMBER OF DAYS WITH
THUNDERSTORM 12 HAIL 0
FOG W/VIS <= 1/4 MILE 0
- INDICATES NEGATIVE NUMBERS.
R INDICATES RECORD WAS SET OR TIED.
MM INDICATES DATA IS MISSING.
T INDICATES TRACE AMOUNT.
...SEASONAL...
NO RECORDS OF NOTE.
...MONTHLY...
2ND MOST OCCURRENCES WITH A HIGH TEMPERATURE GREATER THAN OR EQUAL TO
90 DEGREES WITHIN THE MONTH OF MAY (7 DAYS).
TIED MOST OCCURRENCES WITH A LOW TEMPERATURE GREATER THAN OR EQUAL TO
70 DEGREES WITHIN THE MONTH OF MAY (3 DAYS. ALSO SET IN 2012, 1953, 1942,
AND 1941).
TIED 2ND MOST OCCURRENCES WITH AT LEAST A TENTH OF AN INCH OF
PRECIPITATION WITHIN THE MONTH OF MARCH (10 DAYS).
...DAILY...
7 RECORD HIGH TEMPERATURES SET OR TIED (05/14, 05/13, 05/12, 05/11,
05/10, 05/09, AND 03/02).
2 RECORD HIGH MINIMUM TEMPERATURES SET (05/11 AND 05/10).
$$
GOSSELIN