000
CXUS55 KRIW 100506
CF6CPR
PRELIMINARY LOCAL CLIMATOLOGICAL DATA (WS FORM: F-6)
STATION: CASPER WY
MONTH: MAY
YEAR: 2022
LATITUDE: 42 55 N
LONGITUDE: 106 28 W
TEMPERATURE IN F: :PCPN: SNOW: WIND :SUNSHINE: SKY :PK WND
================================================================================
1 2 3 4 5 6A 6B 7 8 9 10 11 12 13 14 15 16 17 18
12Z AVG MX 2MIN
DY MAX MIN AVG DEP HDD CDD WTR SNW DPTH SPD SPD DIR MIN PSBL S-S WX SPD DR
================================================================================
1 59 31 45 -1 20 0 T 0.0 0 13.6 29 70 M M 4 38 80
2 57 33 45 -1 20 0 T 0.0 0 12.7 23 80 M M 7 31 90
3 61 28 45 -2 20 0 0.08 0.0 0 9.5 21 90 M M 5 26 70
4 46 34 40 -7 25 0 0.24 0.0 0 6.9 15 350 M M 10 1 19 350
5 69 36 53 5 12 0 0.00 0.0 0 12.2 24 210 M M 1 31 210
6 71 48 60 12 5 0 0.00 0.0 0 14.6 26 280 M M 2 40 290
7 67 31 49 1 16 0 T 0.0 0 14.6 33 240 M M 3 46 250
8 62 32 47 -2 18 0 T 0.0 0 10.6 25 230 M M 4 34 240
9 52 27 40 -9 25 0 0.22 0.2 T 19.1 41 230 M M 6 1 55 270
10 69 25 47 -3 18 0 0.00 0.0 0 8.5 26 240 M M 1 39 240
11 61 38 50 0 15 0 0.00 0.0 0 13.8 25 20 M M 2 32 20
12 54 34 44 -6 21 0 T 0.0 0 16.1 36 230 M M 9 1 48 250
13 62 34 48 -3 17 0 0.00 0.0 0 18.0 40 240 M M 2 57 240
14 71 29 50 -1 15 0 T 0.0 0 11.8 28 230 M M 2 39 230
15 72 31 52 0 13 0 0.00 0.0 0 4.4 13 40 M M 1 14 260
16 82 31 57 5 8 0 0.02 0.0 0 5.2 28 220 M M 1 38 36 250
17 73 40 57 5 8 0 0.11 T 0 5.5 22 330 M M 1 35 34 350
18 78 37 58 5 7 0 0.00 0.0 0 7.5 25 250 M M 0 38 240
19 61 32 47 -6 18 0 0.14 0.5 0 14.1 30 230 M M 6 1 44 230
20 44 30 37 -17 28 0 0.06 T 0 11.7 24 360 M M 9 18 33 20
21 50 27 39 -15 26 0 T T T 5.9 13 60 M M 7 18 350
22 59 22 41 -13 24 0 0.00 0.0 0 7.1 24 100 M M 1 36 110
23 59 31 45 -10 20 0 T 0.0 0 8.3 25 310 M M 6 32 300
24 60 26 43 -12 22 0 0.09 0.0 0 6.2 25 240 M M 3 34 240
25 71 32 52 -4 13 0 0.00 0.0 0 10.7 24 280 M M 0 33 280
26 80 34 57 1 8 0 0.00 0.0 0 9.4 20 300 M M 0 28 310
27 84 40 62 6 3 0 0.00 0.0 0 14.8 35 240 M M 0 49 240
28 73 42 58 2 7 0 T 0.0 0 10.2 35 260 M M 2 47 230
29 64 39 52 -5 13 0 0.47 0.0 0 7.4 21 220 M M 7 123 29 220
30 46 40 43 -14 22 0 0.96 0.0 0 10.2 25 290 M M 10 1 32 290
31 47 35 41 -17 24 0 0.22 0.0 0 8.1 21 40 M M 9 1 26 40
================================================================================
SM 1964 1029 511 0 2.61 0.7 328.7 M 121
================================================================================
AV 63.4 33.2 10.6 FASTST M M 4 MAX(MPH)
MISC ----> 41 230 57 240
================================================================================
NOTES:
# LAST OF SEVERAL OCCURRENCES
COLUMN 17 PEAK WIND IN M.P.H.
PRELIMINARY LOCAL CLIMATOLOGICAL DATA (WS FORM: F-6) , PAGE 2
STATION: CASPER WY
MONTH: MAY
YEAR: 2022
LATITUDE: 42 55 N
LONGITUDE: 106 28 W
[TEMPERATURE DATA] [PRECIPITATION DATA] SYMBOLS USED IN COLUMN 16
AVERAGE MONTHLY: 48.3 TOTAL FOR MONTH: 2.61 1 = FOG OR MIST
DPTR FM NORMAL: -3.7 DPTR FM NORMAL: 0.40 2 = FOG REDUCING VISIBILITY
HIGHEST: 84 ON 27 GRTST 24HR 1.20 ON 29-30 TO 1/4 MILE OR LESS
LOWEST: 22 ON 22 3 = THUNDER
SNOW, ICE PELLETS, HAIL 4 = ICE PELLETS
TOTAL MONTH: 0.7 INCH 5 = HAIL
GRTST 24HR 0.5 ON 19-19 6 = FREEZING RAIN OR DRIZZLE
GRTST DEPTH: T 7 = DUSTSTORM OR SANDSTORM:
VSBY 1/2 MILE OR LESS
8 = SMOKE OR HAZE
[NO. OF DAYS WITH] [WEATHER - DAYS WITH] 9 = BLOWING SNOW
X = TORNADO
MAX 32 OR BELOW: 0 0.01 INCH OR MORE: 11
MAX 90 OR ABOVE: 0 0.10 INCH OR MORE: 7
MIN 32 OR BELOW: 16 0.50 INCH OR MORE: 1
MIN 0 OR BELOW: 0 1.00 INCH OR MORE: 0
[HDD (BASE 65) ]
TOTAL THIS MO. 511 CLEAR (SCALE 0-3) 16
DPTR FM NORMAL 102 PTCLDY (SCALE 4-7) 10
TOTAL FM JUL 1 7170 CLOUDY (SCALE 8-10) 5
DPTR FM NORMAL -191
[CDD (BASE 65) ]
TOTAL THIS MO. 0
DPTR FM NORMAL -4 [PRESSURE DATA]
TOTAL FM JAN 1 0 HIGHEST SLP 30.32 ON 21
DPTR FM NORMAL -4 LOWEST SLP 29.30 ON 8
[REMARKS]
#FINAL-05-22#