000
CXUS53 KLSX 011500
CF6CPS
PRELIMINARY LOCAL CLIMATOLOGICAL DATA (WS FORM: F-6)
STATION: CAHOKIA/ST. LOUIS
MONTH: NOVEMBER
YEAR: 2023
LATITUDE: 38 34 N
LONGITUDE: 90 9 W
TEMPERATURE IN F: :PCPN: SNOW: WIND :SUNSHINE: SKY :PK WND
================================================================================
1 2 3 4 5 6A 6B 7 8 9 10 11 12 13 14 15 16 17 18
12Z AVG MX 2MIN
DY MAX MIN AVG DEP HDD CDD WTR SNW DPTH SPD SPD DIR MIN PSBL S-S WX SPD DR
================================================================================
1 48 24 36 -15 29 0 0.00 0.0 0 4.6 10 200 M M 0 15 250
2 65 28 47 -4 18 0 0.00 0.0 0 6.3 15 180 M M 0 8 21 180
3 69 31 50 0 15 0 0.00 0.0 0 7.1 17 190 M M 0 8 25 190
4 66 50 58 8 7 0 0.00 0.0 0 4.8 12 210 M M 2 19 200
5 69 35 52 2 13 0 0.00 0.0 0 3.7 12 140 M M 1 18 16 130
6 80 51 66 17 0 1 0.00 0.0 0 5.0 15 270 M M 3 25 210
7 79 51 65 16 0 0 0.00 0.0 0 5.8 15 130 M M 2 12 21 130
8 82 58 70 22 0 5 0.00 0.0 0 9.3 21 310 M M 3 28 200
9 58 45 52 4 13 0 0.00 0.0 0 7.6 18 340 M M 0 26 330
10 59 32 46 -2 19 0 0.00 0.0 0 4.0 17 310 M M 0 24 310
11 57 29 43 -4 22 0 0.00 0.0 0 2.7 12 130 M M 0 16 130
12 65 32 49 2 16 0 0.00 0.0 0 2.8 12 150 M M 1 8 14 160
13 69 33 51 5 14 0 0.00 0.0 0 1.9 12 10 M M 0 17 10
14 67 27 47 1 18 0 0.00 0.0 0 4.3 15 140 M M 0 20 170
15 73 30 52 6 13 0 0.00 0.0 0 1.9 7 160 M M 0 12 170
16 73 35 54 9 11 0 0.00 0.0 0 6.0 18 200 M M 5 30 200
17 64 34 49 4 16 0 T 0.0 0 7.8 21 360 M M 4 1 25 350
18 59 26 43 -1 22 0 0.00 0.0 0 0.7 7 290 M M 0 11 290
19 61 28 45 1 20 0 0.00 0.0 0 3.1 13 150 M M 0 17 150
20 51 46 49 5 16 0 0.55 0.0 0 5.8 13 70 M M 10 1 16 70
21 49 40 45 2 20 0 0.00 0.0 0 11.3 23 310 M M 8 1 31 310
22 47 30 39 -4 26 0 0.00 0.0 0 5.3 16 330 M M 6 21 340
23 56 27 42 -1 23 0 0.00 0.0 0 4.3 10 320 M M 0 13 320
24 45 33 39 -3 26 0 0.00 0.0 0 10.3 18 30 M M 1 24 40
25 46 26 36 -6 29 0 0.00 0.0 0 2.3 7 320 M M 0 10 300
26 42 31 37 -5 28 0 0.12 0.0 0 8.1 24 300 M M 9 1 34 300
27 46 27 37 -4 28 0 0.00 0.0 0 10.9 22 320 M M 3 29 300
28 36 24 30 -11 35 0 0.00 0.0 0 7.1 20 310 M M 0 28 310
29 61 25 43 2 22 0 0.00 0.0 0 4.1 12 250 M M 0 18 260
30 53 31 42 2 23 0 0.44 0.0 0 6.8 15 160 M M 6 1 25 170
================================================================================
SM 1795 1019 542 6 1.11 0.0 165.7 M 64
================================================================================
AV 59.8 34.0 5.5 FASTST M M 2 MAX(MPH)
MISC ----> 24 300 34 300
================================================================================
NOTES:
# LAST OF SEVERAL OCCURRENCES
COLUMN 17 PEAK WIND IN M.P.H.
PRELIMINARY LOCAL CLIMATOLOGICAL DATA (WS FORM: F-6) , PAGE 2
STATION: CAHOKIA/ST. LOUIS
MONTH: NOVEMBER
YEAR: 2023
LATITUDE: 38 34 N
LONGITUDE: 90 9 W
[TEMPERATURE DATA] [PRECIPITATION DATA] SYMBOLS USED IN COLUMN 16
AVERAGE MONTHLY: 46.9 TOTAL FOR MONTH: 1.11 1 = FOG OR MIST
DPTR FM NORMAL: 1.3 DPTR FM NORMAL: -2.23 2 = FOG REDUCING VISIBILITY
HIGHEST: 82 ON 8 GRTST 24HR 0.55 ON 20-20 TO 1/4 MILE OR LESS
LOWEST: 24 ON 28, 1 3 = THUNDER
SNOW, ICE PELLETS, HAIL 4 = ICE PELLETS
TOTAL MONTH: 0.0 INCH 5 = HAIL
GRTST 24HR 0.0 6 = FREEZING RAIN OR DRIZZLE
GRTST DEPTH: 0 7 = DUSTSTORM OR SANDSTORM:
VSBY 1/2 MILE OR LESS
8 = SMOKE OR HAZE
[NO. OF DAYS WITH] [WEATHER - DAYS WITH] 9 = BLOWING SNOW
X = TORNADO
MAX 32 OR BELOW: 0 0.01 INCH OR MORE: 3
MAX 90 OR ABOVE: 0 0.10 INCH OR MORE: 3
MIN 32 OR BELOW: 18 0.50 INCH OR MORE: 1
MIN 0 OR BELOW: 0 1.00 INCH OR MORE: 0
[HDD (BASE 65) ]
TOTAL THIS MO. 542 CLEAR (SCALE 0-3) 22
DPTR FM NORMAL -42 PTCLDY (SCALE 4-7) 5
TOTAL FM JUL 1 776 CLOUDY (SCALE 8-10) 3
DPTR FM NORMAL -115
[CDD (BASE 65) ]
TOTAL THIS MO. 6
DPTR FM NORMAL 4 [PRESSURE DATA]
TOTAL FM JAN 1 1559 HIGHEST SLP 30.52 ON 1
DPTR FM NORMAL 84 LOWEST SLP 29.59 ON 8
[REMARKS]
#FINAL-11-23#