669
CXUS52 KILM 011000
CF6CRE
PRELIMINARY LOCAL CLIMATOLOGICAL DATA (WS FORM: F-6)
STATION: N.MYRTLE BEACH SOUTH CAROLINA
MONTH: SEPTEMBER
YEAR: 2020
LATITUDE: 33 49 N
LONGITUDE: 78 43 W
TEMPERATURE IN F: :PCPN: SNOW: WIND :SUNSHINE: SKY :PK WND
================================================================================
1 2 3 4 5 6A 6B 7 8 9 10 11 12 13 14 15 16 17 18
12Z AVG MX 2MIN
DY MAX MIN AVG DEP HDD CDD WTR SNW DPTH SPD SPD DIR MIN PSBL S-S WX SPD DR
================================================================================
1 88 77 83 5 0 18 T M M 5.5 13 190 M M 2 1 16 150
2 90 81 86 8 0 21 0.01 M M 9.2 18 210 M M 1 24 210
3 93 81 87 9 0 22 0.00 M M 9.9 21 210 M M 1 26 200
4 94 79 87 9 0 22 0.00 M M 6.8 15 210 M M 1 1 18 200
5 92 75 84 6 0 19 0.00 M M 7.8 16 40 M M 2 1 21 40
6 87 71 79 2 0 14 T M M 7.0 14 40 M M 7 18 50
7 86 69 78 1 0 13 0.00 M M 6.2 14 40 M M 1 18 40
8 82 69 76 -1 0 11 0.02 M M 8.4 14 50 M M 3 19 50
9 85 75 80 3 0 15 0.60 M M 7.2 15 30 M M 7 1 19 40
10 90 77 84 7 0 19 0.00 M M 4.3 9 180 M M 6 13 14 140
11 88 77 83 7 0 18 T M M 4.6 14 160 M M 3 123 18 170
12 84 74 79 3 0 14 T M M 9.0 16 40 M M 8 1 21 50
13 86 70 78 2 0 13 0.00 M M 5.8 13 40 M M 2 3 16 10
14 90 73 82 6 0 17 0.05 M M 6.7 17 60 M M 4 1 21 70
15 83 70 77 1 0 12 0.00 M M 11.9 21 40 M M 2 26 40
16 83 67 75 0 0 10 0.87 M M 9.5 16 40 M M 8 1 23 100
17 83 76 80 5 0 15 4.12 M M 9.9 31 220 M M 8 123 38 210
18 81 71 76 1 0 11 0.01 M M 8.5 20 30 M M 10 1 25 30
19 71 62 67 -8 0 2 0.00 M M 14.3 22 40 M M 1 31 20
20 77 58 68 -6 0 3 0.00 M M 14.3 22 30 M M 2 28 20
21 75 56 66 -8 0 1 0.00 M M 13.2 25 40 M M 0 36 40
22 75 53 64 -10 1 0 0.00 M M 4.5 14 40 M M 0 21 30
23 75 51 63 -10 2 0 0.00 M M 3.1 13 190 M M 0 1 20 200
24 79 58 69 -4 0 4 0.00 M M 3.4 9 150 M M 2 13 160
25 82 74 78 5 0 13 0.50 M M 6.6 23 210 M M 9 13 29 210
26 85 69 77 5 0 12 0.03 M M 4.2 12 300 M M 5 123 14 290
27 81 66 74 2 0 9 0.04 M M 2.2 9 220 M M 6 12 12 220
28 79 67 73 1 0 8 0.25 M M 2.7 12 120 M M 6 1 16 140
29 84 66 75 4 0 10 0.31 M M 7.3 33 220 M M 8 1 44 200
30 76 58 67 -4 0 2 T M M 3.6 12 250 M M 2 15 270
================================================================================
SM 2504 2070 3 348 6.81 M 217.6 M 117
================================================================================
AV 83.5 69.0 7.3 FASTST M M 4 MAX(MPH)
MISC ----> 33 220 44 200
================================================================================
NOTES:
# LAST OF SEVERAL OCCURRENCES
COLUMN 17 PEAK WIND IN M.P.H.
PRELIMINARY LOCAL CLIMATOLOGICAL DATA (WS FORM: F-6) , PAGE 2
STATION: N.MYRTLE BEACH SOUTH CAROLINA
MONTH: SEPTEMBER
YEAR: 2020
LATITUDE: 33 49 N
LONGITUDE: 78 43 W
[TEMPERATURE DATA] [PRECIPITATION DATA] SYMBOLS USED IN COLUMN 16
AVERAGE MONTHLY: 76.2 TOTAL FOR MONTH: 6.81 1 = FOG OR MIST
DPTR FM NORMAL: 1.1 DPTR FM NORMAL: 0.53 2 = FOG REDUCING VISIBILITY
HIGHEST: 94 ON 4 GRTST 24HR 4.12 ON 17-17 TO 1/4 MILE OR LESS
LOWEST: 51 ON 23 3 = THUNDER
SNOW, ICE PELLETS, HAIL 4 = ICE PELLETS
TOTAL MONTH: M 5 = HAIL
GRTST 24HR M ON M 6 = FREEZING RAIN OR DRIZZLE
GRTST DEPTH: M ON M 7 = DUSTSTORM OR SANDSTORM:
VSBY 1/2 MILE OR LESS
8 = SMOKE OR HAZE
[NO. OF DAYS WITH] [WEATHER - DAYS WITH] 9 = BLOWING SNOW
X = TORNADO
MAX 32 OR BELOW: 0 0.01 INCH OR MORE: 12
MAX 90 OR ABOVE: 6 0.10 INCH OR MORE: 6
MIN 32 OR BELOW: 0 0.50 INCH OR MORE: 4
MIN 0 OR BELOW: 0 1.00 INCH OR MORE: 1
[HDD (BASE 65) ]
TOTAL THIS MO. 3 CLEAR (SCALE 0-3) 15
DPTR FM NORMAL -1 PTCLDY (SCALE 4-7) 13
TOTAL FM JUL 1 3 CLOUDY (SCALE 8-10) 2
DPTR FM NORMAL 2
[CDD (BASE 65) ]
TOTAL THIS MO. 348
DPTR FM NORMAL 40 [PRESSURE DATA]
TOTAL FM JAN 1 2098 HIGHEST SLP 30.36 ON 21
DPTR FM NORMAL 314 LOWEST SLP 29.69 ON 29
[REMARKS]
#FINAL-09-20#