000
CXUS56 KSGX 011145
CF6CRQ
PRELIMINARY LOCAL CLIMATOLOGICAL DATA (WS FORM: F-6)
STATION: CARLSBAD PALOMAR AIRPORT CA
MONTH: FEBRUARY
YEAR: 2022
LATITUDE: 33 7 N
LONGITUDE: 117 17 W
TEMPERATURE IN F: :PCPN: SNOW: WIND :SUNSHINE: SKY :PK WND
================================================================================
1 2 3 4 5 6A 6B 7 8 9 10 11 12 13 14 15 16 17 18
12Z AVG MX 2MIN
DY MAX MIN AVG DEP HDD CDD WTR SNW DPTH SPD SPD DIR MIN PSBL S-S WX SPD DR
================================================================================
1 61 49 55 -1 10 0 0.00 M M 5.3 15 230 M M 5 18 220
2 67 43 55 -1 10 0 0.00 M M 4.6 16 350 M M 0 26 30
3 62 40 51 -5 14 0 0.00 M M 2.8 12 260 M M 0 15 270
4 70 46 58 2 7 0 0.00 M M 6.8 25 90 M M 0 31 90
5 68 42 55 -1 10 0 0.00 M M 2.6 12 250 M M 0 17 270
6 71 42 57 1 8 0 0.00 M M 3.0 12 260 M M 0 15 260
7 76 48 62 6 3 0 0.00 M M 3.0 15 250 M M 0 18 270
8 76 47 62 6 3 0 0.00 M M 2.2 12 250 M M 0 13 250
9 85 51 68 12 0 3 0.00 M M 4.2 12 260 M M 0 14 330
10 88 56 72 16 0 7 0.00 M M 5.5 14 220 M M 0 20 60
11 77 54 66 10 0 1 0.00 M M 2.9 9 260 M M 0 13 250
12 86 52 69 13 0 4 0.00 M M 2.6 16 100 M M 0 20 120
13 82 53 68 12 0 3 0.00 M M 2.5 9 280 M M 0 13 280
14 74 50 62 6 3 0 0.00 M M 4.0 12 260 M M 2 14 260
15 58 45 52 -4 13 0 0.03 M M 9.2 22 250 M M 9 1 28 240
16 60 43 52 -4 13 0 0.00 M M 5.0 15 240 M M 1 19 240
17 71 44 58 2 7 0 0.00 M M 4.6 13 280 M M 0 19 280
18 66 42 54 -2 11 0 0.00 M M 3.1 12 260 M M 0 18 270
19 67 44 56 0 9 0 0.00 M M 3.1 10 250 M M 0 18 15 260
20 61 48 55 -1 10 0 0.00 M M 4.1 15 210 M M 7 128 18 260
21 59 53 56 0 9 0 T M M 8.3 17 250 M M 10 24 250
22 58 49 54 -2 11 0 0.13 M M 11.4 21 240 M M 9 1 26 240
23 54 43 49 -7 16 0 0.12 M M 7.4 22 270 M M 5 1 31 260
24 60 38 49 -7 16 0 0.00 M M 3.3 15 250 M M 0 22 240
25 59 38 49 -7 16 0 0.00 M M 3.4 13 270 M M 0 17 250
26 65 42 54 -2 11 0 0.00 M M 3.7 14 270 M M 0 19 270
27 68 43 56 -1 9 0 0.00 M M 2.5 12 60 M M 0 15 270
28 71 46 59 2 6 0 0.00 M M 3.3 12 260 M M 0 15 300
================================================================================
SM 1920 1291 225 18 0.28 M 124.4 M 48
================================================================================
AV 68.6 46.1 4.4 FASTST M M 2 MAX(MPH)
MISC ----> 25 90 # 31 90
================================================================================
NOTES:
# LAST OF SEVERAL OCCURRENCES
COLUMN 17 PEAK WIND IN M.P.H.
PRELIMINARY LOCAL CLIMATOLOGICAL DATA (WS FORM: F-6) , PAGE 2
STATION: CARLSBAD PALOMAR AIRPORT CA
MONTH: FEBRUARY
YEAR: 2022
LATITUDE: 33 7 N
LONGITUDE: 117 17 W
[TEMPERATURE DATA] [PRECIPITATION DATA] SYMBOLS USED IN COLUMN 16
AVERAGE MONTHLY: 57.3 TOTAL FOR MONTH: 0.28 1 = FOG OR MIST
DPTR FM NORMAL: 1.0 DPTR FM NORMAL: -2.36 2 = FOG REDUCING VISIBILITY
HIGHEST: 88 ON 10 GRTST 24HR 0.25 ON 22-23 TO 1/4 MILE OR LESS
LOWEST: 38 ON 25,24 3 = THUNDER
SNOW, ICE PELLETS, HAIL 4 = ICE PELLETS
TOTAL MONTH: M 5 = HAIL
GRTST 24HR M ON M 6 = FREEZING RAIN OR DRIZZLE
GRTST DEPTH: M ON M 7 = DUSTSTORM OR SANDSTORM:
VSBY 1/2 MILE OR LESS
8 = SMOKE OR HAZE
[NO. OF DAYS WITH] [WEATHER - DAYS WITH] 9 = BLOWING SNOW
X = TORNADO
MAX 32 OR BELOW: 0 0.01 INCH OR MORE: 3
MAX 90 OR ABOVE: 0 0.10 INCH OR MORE: 2
MIN 32 OR BELOW: 0 0.50 INCH OR MORE: 0
MIN 0 OR BELOW: 0 1.00 INCH OR MORE: 0
[HDD (BASE 65) ]
TOTAL THIS MO. 225 CLEAR (SCALE 0-3) 22
DPTR FM NORMAL -24 PTCLDY (SCALE 4-7) 3
TOTAL FM JUL 1 981 CLOUDY (SCALE 8-10) 3
DPTR FM NORMAL -13
[CDD (BASE 65) ]
TOTAL THIS MO. 18
DPTR FM NORMAL 14 [PRESSURE DATA]
TOTAL FM JAN 1 20 HIGHEST SLP 30.34 ON 4
DPTR FM NORMAL 16 LOWEST SLP 29.79 ON 15
[REMARKS]
#FINAL-02-22#