000
CXUS54 KFWD 010730
CF6CRS
PRELIMINARY LOCAL CLIMATOLOGICAL DATA (WS FORM: F-6)
STATION: CORSICANA
MONTH: JUNE
YEAR: 2021
LATITUDE: 32 1 N
LONGITUDE: 96 24 W
TEMPERATURE IN F: :PCPN: SNOW: WIND :SUNSHINE: SKY :PK WND
================================================================================
1 2 3 4 5 6A 6B 7 8 9 10 11 12 13 14 15 16 17 18
12Z AVG MX 2MIN
DY MAX MIN AVG DEP HDD CDD WTR SNW DPTH SPD SPD DIR MIN PSBL S-S WX SPD DR
================================================================================
1 77 65 71 -8 0 6 0.46 M M 5.5 15 310 M M 8 1 20 310
2 82 62 72 -7 0 7 0.00 M M 3.8 12 300 M M 4 1 15 300
3 79 68 74 -5 0 9 0.00 M M 4.5 10 80 M M 3 14 70
4 81 70 76 -3 0 11 T M M 4.6 12 120 M M 5 3 17 110
5 84 69 77 -3 0 12 T M M 4.5 13 170 M M 4 138 17 190
6 89 70 80 0 0 15 0.00 M M 8.1 17 170 M M 3 25 170
7 81 68 75 -5 0 10 0.30 M M 8.7 33 260 M M 4 138 44 260
8 88 70 79 -1 0 14 0.32 M M 10.2 33 130 M M 5 13 43 120
9 92 75 84 4 0 19 0.00 M M 10.0 16 190 M M 5 1 23 190
10 91 75 83 2 0 18 0.00 M M 10.0 17 190 M M 4 26 160
11 91 76 84 3 0 19 0.00 M M 11.4 23 160 M M 3 29 160
12 90 74 82 1 0 17 0.00 M M 6.0 23 210 M M 1 8 30 210
13 96 74 85 4 0 20 0.00 M M 2.1 9 120 M M 1 18 15 180
14 97 77 87 6 0 22 0.00 M M 4.7 12 110 M M 1 18 17 60
15 95 75 85 4 0 20 0.00 M M 4.5 10 40 M M 1 16 50
16 94 72 83 1 0 18 0.00 M M 3.1 10 120 M M 0 1 14 110
17 95 76 86 4 0 21 0.00 M M 3.5 12 130 M M 0 1 15 140
18 91 74 83 1 0 18 0.00 M M 5.6 12 150 M M 1 18 130
19 93 71 82 0 0 17 0.00 M M 5.1 15 160 M M 0 22 160
20 94 75 85 3 0 20 0.00 M M 11.2 20 190 M M 1 27 190
21 96 73 85 3 0 20 T M M 9.6 18 30 M M 5 138 30 30
22 84 72 78 -4 0 13 0.00 M M 7.2 13 360 M M 7 19 350
23 94 74 84 2 0 19 0.00 M M 9.7 16 190 M M 4 22 140
24 95 76 86 4 0 21 0.00 M M 11.2 18 180 M M 2 24 180
25 94 77 86 4 0 21 0.00 M M 12.6 22 170 M M 3 27 150
26 94 77 86 3 0 21 0.00 M M 13.3 21 150 M M 3 29 190
27 90 75 83 0 0 18 T M M 6.8 18 140 M M 2 3 25 120
28 84 73 79 -4 0 14 0.08 M M 6.7 17 160 M M 7 1 25 160
29 90 75 83 0 0 18 T M M 7.4 21 110 M M 6 3 28 110
30 91 75 83 0 0 18 0.00 M M 4.9 10 130 M M 4 1 14 130
================================================================================
SM 2692 2183 0 496 1.16 M 216.5 M 97
================================================================================
AV 89.7 72.8 7.2 FASTST M M 3 MAX(MPH)
MISC ----> # 33 260 44 260
================================================================================
NOTES:
# LAST OF SEVERAL OCCURRENCES
COLUMN 17 PEAK WIND IN M.P.H.
PRELIMINARY LOCAL CLIMATOLOGICAL DATA (WS FORM: F-6) , PAGE 2
STATION: CORSICANA
MONTH: JUNE
YEAR: 2021
LATITUDE: 32 1 N
LONGITUDE: 96 24 W
[TEMPERATURE DATA] [PRECIPITATION DATA] SYMBOLS USED IN COLUMN 16
AVERAGE MONTHLY: 81.3 TOTAL FOR MONTH: 1.16 1 = FOG OR MIST
DPTR FM NORMAL: 0.1 DPTR FM NORMAL: -2.66 2 = FOG REDUCING VISIBILITY
HIGHEST: 97 ON 14 GRTST 24HR 1.55 ON 31- 1 TO 1/4 MILE OR LESS
LOWEST: 62 ON 2 3 = THUNDER
SNOW, ICE PELLETS, HAIL 4 = ICE PELLETS
TOTAL MONTH: M 5 = HAIL
GRTST 24HR M ON M 6 = FREEZING RAIN OR DRIZZLE
GRTST DEPTH: M ON M 7 = DUSTSTORM OR SANDSTORM:
VSBY 1/2 MILE OR LESS
8 = SMOKE OR HAZE
[NO. OF DAYS WITH] [WEATHER - DAYS WITH] 9 = BLOWING SNOW
X = TORNADO
MAX 32 OR BELOW: 0 0.01 INCH OR MORE: 4
MAX 90 OR ABOVE: 20 0.10 INCH OR MORE: 3
MIN 32 OR BELOW: 0 0.50 INCH OR MORE: 0
MIN 0 OR BELOW: 0 1.00 INCH OR MORE: 0
[HDD (BASE 65) ]
TOTAL THIS MO. 0 CLEAR (SCALE 0-3) 12
DPTR FM NORMAL 0 PTCLDY (SCALE 4-7) 17
TOTAL FM JUL 1 2025 CLOUDY (SCALE 8-10) 1
DPTR FM NORMAL 5
[CDD (BASE 65) ]
TOTAL THIS MO. 496
DPTR FM NORMAL 10 [PRESSURE DATA]
TOTAL FM JAN 1 850 HIGHEST SLP M ON M
DPTR FM NORMAL -85 LOWEST SLP 29.73 ON 20
[REMARKS]
#FINAL-06-21#