000
CXUS54 KFWD 161604
CF6CRS
PRELIMINARY LOCAL CLIMATOLOGICAL DATA (WS FORM: F-6)
STATION: CORSICANA
MONTH: JANUARY
YEAR: 2024
LATITUDE: 32 1 N
LONGITUDE: 96 24 W
TEMPERATURE IN F: :PCPN: SNOW: WIND :SUNSHINE: SKY :PK WND
================================================================================
1 2 3 4 5 6A 6B 7 8 9 10 11 12 13 14 15 16 17 18
12Z AVG MX 2MIN
DY MAX MIN AVG DEP HDD CDD WTR SNW DPTH SPD SPD DIR MIN PSBL S-S WX SPD DR
================================================================================
1 53 34 44 -4 21 0 0.00 M M 9.8 17 360 M M 0 25 340
2 55 34 45 -3 20 0 0.62 M M 7.1 16 120 M M 5 1 20 120
3 57 40 49 1 16 0 0.07 M M 6.1 12 10 M M 6 1 17 30
4 60 36 48 0 17 0 0.01 M M 7.1 17 110 M M 3 128 23 110
5 53 38 46 -2 19 0 0.15 M M 5.8 22 290 M M 8 12 28 280
6 52 33 43 -5 22 0 0.00 M M 6.1 13 290 M M 4 12 19 290
7 62 33 48 0 17 0 0.00 M M 9.9 21 140 M M 0 1 30 130
8 60 43 52 4 13 0 0.77 M M 14.5 37 280 M M 9 13 53 280
9 51 35 43 -5 22 0 0.00 M M 17.4 31 290 M M 1 42 290
10 66 31 49 1 16 0 0.00 M M 14.2 33 210 M M 0 46 210
11 73 44 59 11 6 0 0.00 M M 13.4 31 190 M M 3 12 40 170
12 68 32 50 2 15 0 0.18 M M 15.6 39 300 M M 3 3 53 300
13 61 28 45 -3 20 0 0.00 M M 14.2 32 220 M M 0 44 220
14 28 16 22 -26 43 0 T M M 13.5 20 350 M M 8 8 27 360
15 23 15 19 -29 46 0 T M M 12.3 23 360 M M 8 68 32 10
16 29 16 23 -25 42 0 0.00 M M 10.5 22 340 M M 0 31 360
17 45 15 30 -18 35 0 0.00 M M 11.2 24 180 M M 0 33 180
18 67 44 56 8 9 0 0.00 M M 12.7 24 210 M M 3 35 190
19 48 27 38 -10 27 0 0.00 M M 15.0 24 360 M M 0 37 350
20 40 22 31 -17 34 0 0.00 M M 8.0 16 10 M M 1 23 360
21 41 34 38 -10 27 0 T M M 10.7 17 120 M M 10 22 110
22 49 39 44 -4 21 0 1.58 M M 4.7 16 130 M M 10 1 24 130
23 53 47 50 2 15 0 1.56 M M 5.3 17 10 M M 10 12 24 10
24 54 50 52 4 13 0 0.27 M M 4.7 18 310 M M 10 12 25 310
25 56 51 54 6 11 0 0.05 M M 5.4 14 270 M M 10 1 16 270
26 55 49 52 3 13 0 0.01 M M 6.8 13 30 M M 10 12 18 10
27 56 39 48 -1 17 0 0.02 M M 11.7 23 320 M M 7 1 29 310
28 62 32 47 -2 18 0 0.00 M M 5.9 15 340 M M 0 18 20 350
29 72 39 56 7 9 0 0.00 M M 7.3 15 240 M M 0 19 250
30 76 44 60 11 5 0 0.00 M M 7.8 12 280 M M 0 15 310
31 77 45 61 12 4 0 0.00 M M 4.1 9 180 M M 0 11 90
================================================================================
SM 1702 1085 613 0 5.29 M 298.8 M 129
================================================================================
AV 54.9 35.0 9.6 FASTST M M 4 MAX(MPH)
MISC ----> 39 300 # 53 280
================================================================================
NOTES:
# LAST OF SEVERAL OCCURRENCES
COLUMN 17 PEAK WIND IN M.P.H.
PRELIMINARY LOCAL CLIMATOLOGICAL DATA (WS FORM: F-6) , PAGE 2
STATION: CORSICANA
MONTH: JANUARY
YEAR: 2024
LATITUDE: 32 1 N
LONGITUDE: 96 24 W
[TEMPERATURE DATA] [PRECIPITATION DATA] SYMBOLS USED IN COLUMN 16
AVERAGE MONTHLY: 45.0 TOTAL FOR MONTH: 5.29 1 = FOG OR MIST
DPTR FM NORMAL: -3.0 DPTR FM NORMAL: 2.53 2 = FOG REDUCING VISIBILITY
HIGHEST: 77 ON 31 GRTST 24HR 1.58 ON 22-22 TO 1/4 MILE OR LESS
LOWEST: 15 ON 17,15 3 = THUNDER
SNOW, ICE PELLETS, HAIL 4 = ICE PELLETS
TOTAL MONTH: M 5 = HAIL
GRTST 24HR M ON M 6 = FREEZING RAIN OR DRIZZLE
GRTST DEPTH: M ON M 7 = DUSTSTORM OR SANDSTORM:
VSBY 1/2 MILE OR LESS
8 = SMOKE OR HAZE
[NO. OF DAYS WITH] [WEATHER - DAYS WITH] 9 = BLOWING SNOW
X = TORNADO
MAX 32 OR BELOW: 3 0.01 INCH OR MORE: 12
MAX 90 OR ABOVE: 0 0.10 INCH OR MORE: 7
MIN 32 OR BELOW: 10 0.50 INCH OR MORE: 4
MIN 0 OR BELOW: 0 1.00 INCH OR MORE: 2
[HDD (BASE 65) ]
TOTAL THIS MO. 613 CLEAR (SCALE 0-3) 15
DPTR FM NORMAL 82 PTCLDY (SCALE 4-7) 8
TOTAL FM JUL 1 1243 CLOUDY (SCALE 8-10) 8
DPTR FM NORMAL -94
[CDD (BASE 65) ]
TOTAL THIS MO. 0
DPTR FM NORMAL -4 [PRESSURE DATA]
TOTAL FM JAN 1 0 HIGHEST SLP 30.65 ON 20
DPTR FM NORMAL -4 LOWEST SLP 29.45 ON 12
[REMARKS]
#FINAL-01-24#