000
CXUS52 KFFC 022222
CLMCSG
CLIMATE REPORT
NATIONAL WEATHER SERVICE PEACHTREE CITY GA
522 PM EST SAT DEC 02 2023
...................................
...THE COLUMBUS CLIMATE SUMMARY FOR THE MONTH OF NOVEMBER 2023...
CLIMATE NORMAL PERIOD: 1991 TO 2020
CLIMATE RECORD PERIOD: 1948 TO 2023
WEATHER OBSERVED NORMAL DEPART LAST YEAR`S
VALUE DATE(S) VALUE FROM VALUE DATE(S)
NORMAL
................................................................
TEMPERATURE (F)
RECORD
HIGH 86 11/01/2016
11/03/2012
11/02/2003
LOW 10 11/25/1950
HIGHEST 81 11/08 86 -5 85 11/06
11/07
11/08
LOWEST 28 11/29 21 7 27 11/21
AVG. MAXIMUM 67.5 68.4 -0.9 68.6
AVG. MINIMUM 46.0 46.1 -0.1 48.6
MEAN 56.7 57.3 -0.6 58.6
DAYS MAX >= 90 0 0.0 0.0 0
DAYS MAX <= 32 0 0.0 0.0 0
DAYS MIN <= 32 3 2.3 0.7 2
DAYS MIN <= 0 0 0.0 0.0 0
PRECIPITATION (INCHES)
RECORD
MAXIMUM 7.19 2022
MINIMUM 0.58 2021
TOTALS 2.91 3.96 -1.05 7.19
DAILY AVG. 0.10 0.13 -0.03 0.24
DAYS >= .01 6 7.3 -1.3 7
DAYS >= .10 4 4.9 -0.9 7
DAYS >= .50 2 2.3 -0.3 4
DAYS >= 1.00 1 1.4 -0.4 3
GREATEST
24 HR. TOTAL 1.34 11/21 TO 11/21 2.75 11/26 TO 11/27
SNOWFALL (INCHES)
RECORDS
TOTAL MM MM
24 HR TOTAL MM
TOTALS 0.0 0.0 0.0 0.0
SINCE 7/1 0.0 0.0 0.0 MM
SNOWDEPTH AVG. MM MM
DAYS >= TRACE 0 0.0 0.0 0
DAYS >= 1.0 0 0.0 0.0 0
GREATEST
24 HR TOTAL MM MM
DEGREE DAYS
HEATING TOTAL 245 256 -11 233
SINCE 7/1 292 315 -23 MM
COOLING TOTAL 5 23 -18 47
SINCE 1/1 2467 2528 -61 MM
................................................................
WIND (MPH)
AVERAGE WIND SPEED 5.2
HIGHEST WIND SPEED/DIRECTION 28/210 DATE 11/21
HIGHEST GUST SPEED/DIRECTION 42/220 DATE 11/21
SKY COVER
POSSIBLE SUNSHINE (PERCENT) MM
AVERAGE SKY COVER 0.30
NUMBER OF DAYS FAIR 20
NUMBER OF DAYS PC 4
NUMBER OF DAYS CLOUDY 6
AVERAGE RH (PERCENT) 68
WEATHER CONDITIONS. NUMBER OF DAYS WITH
THUNDERSTORM 1 MIXED PRECIP 1
HEAVY RAIN 2 RAIN 8
LIGHT RAIN 7 FREEZING RAIN 0
LT FREEZING RAIN 0 HAIL 0
HEAVY SNOW 0 SNOW 0
LIGHT SNOW 0 SLEET 0
FOG 9 FOG W/VIS <= 1/4 MILE 1
HAZE 1
- INDICATES NEGATIVE NUMBERS.
R INDICATES RECORD WAS SET OR TIED.
MM INDICATES DATA IS MISSING.
T INDICATES TRACE AMOUNT.
$$