000
CXUS55 KOHX 011110
CF6CSV
PRELIMINARY LOCAL CLIMATOLOGICAL DATA (WS FORM: F-6)
STATION: CROSSVILLE
MONTH: APRIL
YEAR: 2021
LATITUDE: 35 57 N
LONGITUDE: 85 5 W
TEMPERATURE IN F: :PCPN: SNOW: WIND :SUNSHINE: SKY :PK WND
================================================================================
1 2 3 4 5 6A 6B 7 8 9 10 11 12 13 14 15 16 17 18
12Z AVG MX 2MIN
DY MAX MIN AVG DEP HDD CDD WTR SNW DPTH SPD SPD DIR MIN PSBL S-S WX SPD DR
================================================================================
1 41 29 35 -17 30 0 0.00 M M 11.8 20 330 M M 2 48 320
2 47 24 36 -16 29 0 0.00 M M 6.6 17 50 M M 0 25 50
3 60 26 43 -9 22 0 0.00 M M 2.7 10 260 M M 0 16 180
4 67 33 50 -3 15 0 0.00 M M 4.0 13 280 M M 0 18 320
5 72 38 55 2 10 0 0.00 M M 2.8 17 290 M M 0 8 24 250
6 74 44 59 6 6 0 0.00 M M 2.3 14 280 M M 3 20 270
7 74 48 61 7 4 0 T M M 3.9 12 170 M M 2 21 180
8 71 54 63 9 2 0 0.68 M M 7.9 24 260 M M 6 13 38 190
9 76 47 62 8 3 0 0.00 M M 5.8 16 190 M M 0 32 190
10 66 56 61 7 4 0 0.30 M M 8.0 17 200 M M 7 1 32 180
11 67 46 57 2 8 0 0.00 M M 10.2 25 270 M M 0 37 280
12 72 49 61 6 4 0 0.00 M M 8.2 20 320 M M 0 31 280
13 73 46 60 5 5 0 T M M 2.1 10 200 M M 4 17 220
14 69 45 57 1 8 0 0.05 M M 3.1 14 340 M M 5 18 22 260
15 57 39 48 -8 17 0 0.00 M M 6.5 17 350 M M 3 1 24 330
16 62 35 49 -7 16 0 0.00 M M 3.3 12 10 M M 1 15 350
17 59 42 51 -5 14 0 T M M 3.7 15 260 M M 9 1 21 290
18 63 37 50 -7 15 0 T M M 3.9 13 280 M M 5 18 20 300
19 63 41 52 -5 13 0 T M M 4.0 13 350 M M 5 1 19 360
20 68 37 53 -4 12 0 0.00 M M 5.9 18 340 M M 2 26 340
21 43 27 35 -22 30 0 T M M 8.1 18 320 M M 7 1 28 330
22 54 26 40 -18 25 0 0.00 M M 5.6 23 270 M M 1 32 260
23 54 35 45 -13 20 0 T M M 2.9 8 130 M M 6 12 170
24 57 44 51 -7 14 0 0.53 M M 7.3 20 330 M M 10 1 30 140
25 63 44 54 -4 11 0 0.00 M M 5.8 15 350 M M 6 1 25 350
26 74 39 57 -2 8 0 0.00 M M 4.5 12 180 M M 0 1 20 140
27 78 59 69 10 0 4 0.00 M M 7.2 18 200 M M 0 29 180
28 75 64 70 11 0 5 0.09 M M 4.1 15 260 M M 3 1 26 240
29 70 59 65 5 0 0 0.22 M M 9.4 17 270 M M 6 1 28 270
30 70 49 60 0 5 0 0.00 M M 8.2 20 330 M M 1 1 30 330
================================================================================
SM 1939 1262 350 9 1.87 M 169.8 M 94
================================================================================
AV 64.6 42.1 5.7 FASTST M M 3 MAX(MPH)
MISC ----> 25 270 48 320
================================================================================
NOTES:
# LAST OF SEVERAL OCCURRENCES
COLUMN 17 PEAK WIND IN M.P.H.
PRELIMINARY LOCAL CLIMATOLOGICAL DATA (WS FORM: F-6) , PAGE 2
STATION: CROSSVILLE
MONTH: APRIL
YEAR: 2021
LATITUDE: 35 57 N
LONGITUDE: 85 5 W
[TEMPERATURE DATA] [PRECIPITATION DATA] SYMBOLS USED IN COLUMN 16
AVERAGE MONTHLY: 53.4 TOTAL FOR MONTH: 1.87 1 = FOG OR MIST
DPTR FM NORMAL: -2.5 DPTR FM NORMAL: -2.95 2 = FOG REDUCING VISIBILITY
HIGHEST: 78 ON 27 GRTST 24HR 0.68 ON 8- 8 TO 1/4 MILE OR LESS
LOWEST: 24 ON 2 3 = THUNDER
SNOW, ICE PELLETS, HAIL 4 = ICE PELLETS
TOTAL MONTH: M 5 = HAIL
GRTST 24HR M ON M 6 = FREEZING RAIN OR DRIZZLE
GRTST DEPTH: M ON M 7 = DUSTSTORM OR SANDSTORM:
VSBY 1/2 MILE OR LESS
8 = SMOKE OR HAZE
[NO. OF DAYS WITH] [WEATHER - DAYS WITH] 9 = BLOWING SNOW
X = TORNADO
MAX 32 OR BELOW: 0 0.01 INCH OR MORE: 6
MAX 90 OR ABOVE: 0 0.10 INCH OR MORE: 4
MIN 32 OR BELOW: 5 0.50 INCH OR MORE: 2
MIN 0 OR BELOW: 0 1.00 INCH OR MORE: 0
[HDD (BASE 65) ]
TOTAL THIS MO. 350 CLEAR (SCALE 0-3) 17
DPTR FM NORMAL 60 PTCLDY (SCALE 4-7) 11
TOTAL FM JUL 1 4032 CLOUDY (SCALE 8-10) 2
DPTR FM NORMAL -109
[CDD (BASE 65) ]
TOTAL THIS MO. 9
DPTR FM NORMAL -6 [PRESSURE DATA]
TOTAL FM JAN 1 9 HIGHEST SLP 30.53 ON 2
DPTR FM NORMAL -8 LOWEST SLP 29.57 ON 11
[REMARKS]
#FINAL-04-21#