000
CXUS52 KTAE 010800
CF6CTY
PRELIMINARY LOCAL CLIMATOLOGICAL DATA (WS FORM: F-6)
STATION: CROSS CITY
MONTH: SEPTEMBER
YEAR: 2022
LATITUDE: 29 37 N
LONGITUDE: 83 6 W
TEMPERATURE IN F: :PCPN: SNOW: WIND :SUNSHINE: SKY :PK WND
================================================================================
1 2 3 4 5 6A 6B 7 8 9 10 11 12 13 14 15 16 17 18
12Z AVG MX 2MIN
DY MAX MIN AVG DEP HDD CDD WTR SNW DPTH SPD SPD DIR MIN PSBL S-S WX SPD DR
================================================================================
1 89 73 81 0 0 16 0.05 0.0 0 2.7 9 200 M M 1 3 M M
2 91 72 82 1 0 17 0.11 0.0 0 3.3 12 100 M M 2 13 18 100
3 89 72 81 0 0 16 1.00 0.0 0 2.1 7 100 M M 3 13 M M
4 89 73 81 1 0 16 0.00 0.0 M 3.2 7 210 M M 4 1 M M
5 94 73 84 4 0 19 0.00 0.0 0 2.4 8 250 M M 1 1 M M
6 94 71 83 3 0 18 0.00 0.0 0 3.7 12 290 M M 1 M M
7 91 73 82 2 0 17 0.00 0.0 M 3.4 8 340 M M 1 M M
8 82 72 77 -3 0 12 0.27 M M 2.0 7 160 M M 4 1 M M
9 85 71 78 -2 0 13 0.24 0.0 0 3.4 7 180 M M 6 1 M M
10 84 74 79 -1 0 14 0.26 0.0 0 3.4 8 290 M M 5 13 M M
11 90 73 82 2 0 17 0.14 0.0 0 3.5 9 230 M M 2 M M
12 86 73 80 0 0 15 0.10 0.0 0 2.2 7 210 M M 3 1 20 220
13 83 71 77 -3 0 12 0.31 0.0 0 0.6 4 210 M M 3 18 M M
14 85 73 79 0 0 14 0.01 M M 2.8 M M M M 1 18 M M
15 90 72 81 2 0 16 0.00 0.0 0 5.9 M M M M 1 1 M M
16 91 71 81 2 0 16 0.25 M M 5.0 12 60 M M 5 3 21 80
17 89 70 80 1 0 15 0.00 M M 4.1 15 70 M M 1 26 70
18 87 68 78 -1 0 13 0.02 0.0 0 6.6 14 350 M M 6 22 20
19 89 72 81 2 0 16 0.00 0.0 0 6.1 10 30 M M 7 1 M M
20 91 71 81 3 0 16 0.00 0.0 M 4.1 10 30 M M 4 1 M M
21 92 67 80 2 0 15 0.00 0.0 0 3.7 12 80 M M 1 16 60
22 93 65 79 1 0 14 0.00 0.0 0 3.7 12 300 M M 1 M M
23 90 69 80 2 0 15 0.00 0.0 0 6.3 12 40 M M 2 18 50
24 89 65 77 -1 0 12 0.00 0.0 0 5.3 9 20 M M 1 M M
25 89 60 75 -2 0 10 0.00 0.0 0 2.2 7 340 M M 1 M M
26 92 64 78 1 0 13 0.00 0.0 0 2.9 8 260 M M 3 1 M M
27 86 69 78 1 0 13 0.00 0.0 0 7.4 13 30 M M 1 20 40
28 72 67 70 -7 0 5 0.00 0.0 0 17.5 25 20 M M 7 37 20
29 77 65 71 -5 0 6 0.00 0.0 0 18.2 29 20 M M 10 37 20
30 82 57 70 -6 0 5 0.00 0.0 0 6.7 14 360 M M 3 18 360
================================================================================
SM 2631 2086 0 416 2.76 0.0 144.5 M 91
================================================================================
AV 87.7 69.5 4.8 FASTST M M 3 MAX(MPH)
MISC ----> 29 20 # 37 20
================================================================================
NOTES:
# LAST OF SEVERAL OCCURRENCES
COLUMN 17 PEAK WIND IN M.P.H.
PRELIMINARY LOCAL CLIMATOLOGICAL DATA (WS FORM: F-6) , PAGE 2
STATION: CROSS CITY
MONTH: SEPTEMBER
YEAR: 2022
LATITUDE: 29 37 N
LONGITUDE: 83 6 W
[TEMPERATURE DATA] [PRECIPITATION DATA] SYMBOLS USED IN COLUMN 16
AVERAGE MONTHLY: 78.6 TOTAL FOR MONTH: 2.76 1 = FOG OR MIST
DPTR FM NORMAL: -0.3 DPTR FM NORMAL: -3.06 2 = FOG REDUCING VISIBILITY
HIGHEST: 94 ON 6, 5 GRTST 24HR 1.00 ON 3- 3 TO 1/4 MILE OR LESS
LOWEST: 57 ON 30 3 = THUNDER
SNOW, ICE PELLETS, HAIL 4 = ICE PELLETS
TOTAL MONTH: 0.0 INCH 5 = HAIL
GRTST 24HR 0.0 6 = FREEZING RAIN OR DRIZZLE
GRTST DEPTH: 0 7 = DUSTSTORM OR SANDSTORM:
VSBY 1/2 MILE OR LESS
8 = SMOKE OR HAZE
[NO. OF DAYS WITH] [WEATHER - DAYS WITH] 9 = BLOWING SNOW
X = TORNADO
MAX 32 OR BELOW: 0 0.01 INCH OR MORE: 12
MAX 90 OR ABOVE: 12 0.10 INCH OR MORE: 8
MIN 32 OR BELOW: 0 0.50 INCH OR MORE: 1
MIN 0 OR BELOW: 0 1.00 INCH OR MORE: 1
[HDD (BASE 65) ]
TOTAL THIS MO. 0 CLEAR (SCALE 0-3) 20
DPTR FM NORMAL 0 PTCLDY (SCALE 4-7) 9
TOTAL FM JUL 1 0 CLOUDY (SCALE 8-10) 1
DPTR FM NORMAL 0
[CDD (BASE 65) ]
TOTAL THIS MO. 416
DPTR FM NORMAL -1 [PRESSURE DATA]
TOTAL FM JAN 1 2684 HIGHEST SLP M ON M
DPTR FM NORMAL 289 LOWEST SLP M ON M
[REMARKS]
#FINAL-09-22#