000
CXUS52 KTAE 010900
CF6CTY
PRELIMINARY LOCAL CLIMATOLOGICAL DATA (WS FORM: F-6)
STATION: CROSS CITY
MONTH: DECEMBER
YEAR: 2021
LATITUDE: 29 37 N
LONGITUDE: 83 6 W
TEMPERATURE IN F: :PCPN: SNOW: WIND :SUNSHINE: SKY :PK WND
================================================================================
1 2 3 4 5 6A 6B 7 8 9 10 11 12 13 14 15 16 17 18
12Z AVG MX 2MIN
DY MAX MIN AVG DEP HDD CDD WTR SNW DPTH SPD SPD DIR MIN PSBL S-S WX SPD DR
================================================================================
1 73 33 53 -6 12 0 0.00 M M 2.0 8 280 M M 0 M M
2 74 39 57 -1 8 0 0.00 0.0 0 2.3 9 270 M M 2 1 M M
3 75 46 61 3 4 0 0.00 0.0 0 1.9 7 270 M M 5 12 M M
4 74 49 62 4 3 0 0.00 0.0 0 2.2 8 280 M M 7 12 M M
5 76 48 62 4 3 0 0.00 M M 1.7 8 270 M M 4 12 M M
6 78 47 63 5 2 0 0.00 M M 3.6 15 200 M M 3 12 18 210
7 78 64 71 13 0 6 0.00 0.0 M 3.6 8 250 M M 8 12 M M
8 78 61 70 12 0 5 0.00 0.0 M 6.6 15 210 M M 8 128 22 210
9 67 57 62 5 3 0 0.00 0.0 M 3.8 9 10 M M 8 18 139 0
10 83 57 70 13 0 5 0.00 M M 2.9 8 220 M M 3 128 M M
11 83 58 71 14 0 6 0.00 M 0 5.8 14 230 M M 8 128 20 200
12 73 62 68 11 0 3 0.01 0.0 0 6.6 12 10 M M 9 1 16 70
13 71 57 64 7 1 0 0.00 0.0 0 4.2 8 10 M M 9 M M
14 75 54 65 8 0 0 0.00 0.0 M 5.6 10 40 M M 5 18 70
15 80 60 70 14 0 5 0.00 0.0 M 5.8 10 80 M M 6 1 17 80
16 81 63 72 16 0 7 0.05 0.0 0 3.3 M M M M 8 1 M M
17 81 60 71 15 0 6 0.00 0.0 0 2.2 M M M M 4 12 M M
18 83 57 70 14 0 5 0.00 0.0 0 4.4 14 190 M M 2 1 20 190
19 79 62 71 15 0 6 0.28 0.0 0 6.4 13 240 M M 8 1 17 350
20 63 50 57 1 8 0 0.03 0.0 0 9.0 12 30 M M 9 1 21 50
21 60 46 53 -3 12 0 0.53 0.0 0 8.4 13 110 M M 10 1 20 70
22 64 45 55 0 10 0 0.00 0.0 0 6.6 12 300 M M 4 1 16 300
23 67 32 50 -5 15 0 0.00 0.0 M 3.4 7 20 M M 0 M M
24 74 38 56 1 9 0 0.00 0.0 M 2.1 9 230 M M 0 M M
25 75 42 59 4 6 0 0.00 0.0 M 4.0 13 210 M M 3 1 17 240
26 77 51 64 9 1 0 0.00 0.0 M 3.3 13 270 M M 6 12 17 260
27 77 53 65 10 0 0 0.00 0.0 M 2.8 8 210 M M 8 12 M M
28 80 57 69 15 0 4 0.00 M M 4.2 13 210 M M 6 128 20 210
29 81 58 70 16 0 5 0.00 M M 7.7 17 220 M M 7 22 200
30 77 70 74 20 0 9 0.00 0.0 0 8.8 13 220 M M 10 20 210
31 75 70 73 19 0 8 0.04 M M 6.1 10 210 M M 10 1 M M
================================================================================
SM 2332 1646 97 80 0.94 0.0 141.3 M 180
================================================================================
AV 75.2 53.1 4.6 FASTST M M 6 MAX(MPH)
MISC ----> 17 220 139 0
================================================================================
NOTES:
# LAST OF SEVERAL OCCURRENCES
COLUMN 17 PEAK WIND IN M.P.H.
PRELIMINARY LOCAL CLIMATOLOGICAL DATA (WS FORM: F-6) , PAGE 2
STATION: CROSS CITY
MONTH: DECEMBER
YEAR: 2021
LATITUDE: 29 37 N
LONGITUDE: 83 6 W
[TEMPERATURE DATA] [PRECIPITATION DATA] SYMBOLS USED IN COLUMN 16
AVERAGE MONTHLY: 64.2 TOTAL FOR MONTH: 0.94 1 = FOG OR MIST
DPTR FM NORMAL: 7.9 DPTR FM NORMAL: -2.01 2 = FOG REDUCING VISIBILITY
HIGHEST: 83 ON 18,11 GRTST 24HR 0.53 ON 21-21 TO 1/4 MILE OR LESS
LOWEST: 32 ON 23 3 = THUNDER
SNOW, ICE PELLETS, HAIL 4 = ICE PELLETS
TOTAL MONTH: 0.0 INCH 5 = HAIL
GRTST 24HR 0.0 6 = FREEZING RAIN OR DRIZZLE
GRTST DEPTH: 0 7 = DUSTSTORM OR SANDSTORM:
VSBY 1/2 MILE OR LESS
8 = SMOKE OR HAZE
[NO. OF DAYS WITH] [WEATHER - DAYS WITH] 9 = BLOWING SNOW
X = TORNADO
MAX 32 OR BELOW: 0 0.01 INCH OR MORE: 6
MAX 90 OR ABOVE: 0 0.10 INCH OR MORE: 2
MIN 32 OR BELOW: 1 0.50 INCH OR MORE: 1
MIN 0 OR BELOW: 0 1.00 INCH OR MORE: 0
[HDD (BASE 65) ]
TOTAL THIS MO. 97 CLEAR (SCALE 0-3) 7
DPTR FM NORMAL -198 PTCLDY (SCALE 4-7) 15
TOTAL FM JUL 1 293 CLOUDY (SCALE 8-10) 9
DPTR FM NORMAL -185
[CDD (BASE 65) ]
TOTAL THIS MO. 80
DPTR FM NORMAL 55 [PRESSURE DATA]
TOTAL FM JAN 1 2713 HIGHEST SLP M ON M
DPTR FM NORMAL 19 LOWEST SLP M ON M
[REMARKS]
#FINAL-12-21#