000
CXUS52 KTAE 010800
CF6CTY
PRELIMINARY LOCAL CLIMATOLOGICAL DATA (WS FORM: F-6)
STATION: CROSS CITY
MONTH: SEPTEMBER
YEAR: 2020
LATITUDE: 29 37 N
LONGITUDE: 83 6 W
TEMPERATURE IN F: :PCPN: SNOW: WIND :SUNSHINE: SKY :PK WND
================================================================================
1 2 3 4 5 6A 6B 7 8 9 10 11 12 13 14 15 16 17 18
12Z AVG MX 2MIN
DY MAX MIN AVG DEP HDD CDD WTR SNW DPTH SPD SPD DIR MIN PSBL S-S WX SPD DR
================================================================================
1 87 76 82 2 0 17 0.13 0.0 0 2.8 8 260 M M 2 1 M M
2 91 74 83 3 0 18 0.00 0.0 0 2.3 9 300 M M 1 1 M M
3 94 73 84 4 0 19 0.00 M M 2.7 9 280 M M 2 8 M M
4 97 75 86 6 0 21 0.01 M M 2.2 10 360 M M 1 3 M M
5 96 78 87 7 0 22 0.00 M M 1.5 7 30 M M 1 3 M M
6 94 71 83 3 0 18 0.75 M M 3.7 8 270 M M 2 13 38 310
7 91 73 82 2 0 17 0.00 M M 5.1 10 90 M M 4 8 20 60
8 92 72 82 2 0 17 0.24 M M 5.6 14 40 M M 1 20 20
9 90 73 82 2 0 17 0.34 M M 5.8 8 20 M M 5 M M
10 92 75 84 4 0 19 0.33 0.0 M 4.6 8 90 M M 5 3 18 180
11 91 76 84 4 0 19 0.05 0.0 M 5.1 8 30 M M 3 13 M M
12 91 75 83 4 0 18 0.53 M M 7.3 17 60 M M 2 25 60
13 90 75 83 4 0 18 0.28 M M 7.4 13 90 M M 3 13 22 90
14 86 75 81 2 0 16 0.51 M M 5.7 8 140 M M 4 1 17 80
15 83 76 80 1 0 15 0.28 0.0 M 3.6 7 100 M M 2 1 M M
16 90 74 82 3 0 17 0.77 M M 8.5 20 170 M M 2 13 30 180
17 87 74 81 3 0 16 0.38 0.0 M 10.9 22 M M M 6 30 230
18 90 72 81 3 0 16 0.00 0.0 M 6.0 12 240 M M 3 20 250
19 78 73 76 -2 0 11 0.00 0.0 M 8.2 14 40 M M 9 18 20 40
20 74 67 71 -7 0 6 0.00 M M 13.0 17 30 M M 9 27 30
21 82 67 75 -3 0 10 0.00 M M 11.7 17 50 M M 1 27 40
22 88 66 77 0 0 12 0.00 0.0 M 7.9 13 60 M M 3 8 21 60
23 90 64 77 0 0 12 0.00 0.0 M 3.6 8 90 M M 2 M M
24 87 70 79 2 0 14 0.00 M M 5.4 14 180 M M 4 21 180
25 90 72 81 4 0 16 0.00 0.0 M 5.1 10 240 M M 2 8 M M
26 91 70 81 5 0 16 0.00 0.0 M 2.8 9 320 M M 1 1 M M
27 84 71 78 2 0 13 0.35 M M 3.2 6 110 M M 3 1 M M
28 80 72 76 0 0 11 0.10 0.0 M 3.2 M M M M 3 13 M M
29 82 60 71 -5 0 6 0.62 M M 4.9 16 350 M M 5 1 27 290
30 78 55 67 -8 0 2 0.00 M M 3.7 12 30 M M 0 17 10
================================================================================
SM 2636 2144 0 449 5.67 0.0 163.5 M 91
================================================================================
AV 87.9 71.5 5.5 FASTST M M 3 MAX(MPH)
MISC ----> 22 9999 38 310
================================================================================
NOTES:
# LAST OF SEVERAL OCCURRENCES
COLUMN 17 PEAK WIND IN M.P.H.
PRELIMINARY LOCAL CLIMATOLOGICAL DATA (WS FORM: F-6) , PAGE 2
STATION: CROSS CITY
MONTH: SEPTEMBER
YEAR: 2020
LATITUDE: 29 37 N
LONGITUDE: 83 6 W
[TEMPERATURE DATA] [PRECIPITATION DATA] SYMBOLS USED IN COLUMN 16
AVERAGE MONTHLY: 79.7 TOTAL FOR MONTH: 5.67 1 = FOG OR MIST
DPTR FM NORMAL: 1.3 DPTR FM NORMAL: 1.21 2 = FOG REDUCING VISIBILITY
HIGHEST: 97 ON 4 GRTST 24HR 0.77 ON 16-16 TO 1/4 MILE OR LESS
LOWEST: 55 ON 30 3 = THUNDER
SNOW, ICE PELLETS, HAIL 4 = ICE PELLETS
TOTAL MONTH: 0.0 INCH 5 = HAIL
GRTST 24HR 0.0 6 = FREEZING RAIN OR DRIZZLE
GRTST DEPTH: 0 7 = DUSTSTORM OR SANDSTORM:
VSBY 1/2 MILE OR LESS
8 = SMOKE OR HAZE
[NO. OF DAYS WITH] [WEATHER - DAYS WITH] 9 = BLOWING SNOW
X = TORNADO
MAX 32 OR BELOW: 0 0.01 INCH OR MORE: 16
MAX 90 OR ABOVE: 17 0.10 INCH OR MORE: 14
MIN 32 OR BELOW: 0 0.50 INCH OR MORE: 5
MIN 0 OR BELOW: 0 1.00 INCH OR MORE: 0
[HDD (BASE 65) ]
TOTAL THIS MO. 0 CLEAR (SCALE 0-3) 19
DPTR FM NORMAL 0 PTCLDY (SCALE 4-7) 9
TOTAL FM JUL 1 0 CLOUDY (SCALE 8-10) 2
DPTR FM NORMAL 0
[CDD (BASE 65) ]
TOTAL THIS MO. 449
DPTR FM NORMAL 45 [PRESSURE DATA]
TOTAL FM JAN 1 2631 HIGHEST SLP M ON M
DPTR FM NORMAL 289 LOWEST SLP M ON M
[REMARKS]
#FINAL-09-20#