000
CXUS52 KCHS 030416
CF6CXM
PRELIMINARY LOCAL CLIMATOLOGICAL DATA (WS FORM: F-6)
STATION: DOWNTOWN CHARLESTON SC
MONTH: NOVEMBER
YEAR: 2022
LATITUDE: 32 46 N
LONGITUDE: 79 56 W
TEMPERATURE IN F: :PCPN: SNOW: WIND :SUNSHINE: SKY :PK WND
================================================================================
1 2 3 4 5 6A 6B 7 8 9 10 11 12 13 14 15 16 17 18
12Z AVG MX 2MIN
DY MAX MIN AVG DEP HDD CDD WTR SNW DPTH SPD SPD DIR MIN PSBL S-S WX SPD DR
================================================================================
1 80 66 73 9 0 8 0.00 M M 4.0 8 350 M M M 11 350
2 76 62 69 5 0 4 0.00 M M 6.7 12 20 M M M 13 20
3 75 62 69 5 0 4 0.00 M M 8.2 12 30 M M M 15 30
4 77 60 69 6 0 4 0.01 M M 8.4 13 60 M M M 18 70
5 78 70 74 11 0 9 0.00 M M 5.6 15 100 M M M 24 90
6 80 71 76 13 0 11 0.00 M M 5.0 13 140 M M M 16 150
7 79 68 74 12 0 9 0.00 M M 6.3 14 80 M M M 16 80
8 74 61 68 6 0 3 0.00 M M 14.7 23 30 M M M 27 30
9 68 56 62 0 3 0 0.00 M M 19.1 25 30 M M M 30 20
10 73 63 68 7 0 3 1.20 M M 19.2 24 70 M M M 32 70
11 76 71 74 13 0 9 0.49 M M 14.3 22 140 M M M 30 140
12 74 69 72 11 0 7 0.00 M M 6.7 13 210 M M M 18 240
13 69 51 60 -1 5 0 0.00 M M 9.4 20 20 M M M 25 20
14 60 43 52 -8 13 0 0.00 M M 14.8 21 10 M M M 26 360
15 74 56 65 5 0 0 0.11 M M 6.3 14 10 M M M 17 20
16 70 51 61 1 4 0 0.00 M M 6.1 11 340 M M M 15 340
17 52 46 49 -11 16 0 0.00 M M 4.0 10 320 M M M 16 290
18 58 44 51 -8 14 0 0.00 M M 1.6 9 10 M M M 13 30
19 63 45 54 -5 11 0 0.00 M M 2.3 9 10 M M M 11 10
20 54 48 51 -8 14 0 0.01 M M 5.0 13 30 M M M 16 30
21 61 43 52 -7 13 0 0.00 M M 9.3 15 20 M M M 19 30
22 64 53 59 1 6 0 0.00 M M 8.5 14 20 M M M 16 20
23 65 57 61 3 4 0 0.00 M M 9.7 14 20 M M M 17 20
24 65 57 61 3 4 0 0.00 M M 8.6 13 40 M M M 15 20
25 64 59 62 4 3 0 0.05 M M 3.3 10 340 M M M 13 340
26 65 54 60 3 5 0 0.00 M M 7.4 12 30 M M M 15 30
27 71 61 66 9 0 1 0.05 M M 9.3 17 220 M M M 27 200
28 71 56 64 7 1 0 0.00 M M 4.0 12 280 M M M 19 280
29 71 54 63 6 2 0 0.00 M M 1.5 6 80 M M M 8 70
30 72 60 66 9 0 1 0.22 M M 5.8 19 190 M M M 22 190
================================================================================
SM 2079 1717 118 73 2.14 M 235.1 M M
================================================================================
AV 69.3 57.2 7.8 FASTST M M M MAX(MPH)
MISC ----> 25 30 32 70
================================================================================
NOTES:
# LAST OF SEVERAL OCCURRENCES
COLUMN 17 PEAK WIND IN M.P.H.
PRELIMINARY LOCAL CLIMATOLOGICAL DATA (WS FORM: F-6) , PAGE 2
STATION: DOWNTOWN CHARLESTON SC
MONTH: NOVEMBER
YEAR: 2022
LATITUDE: 32 46 N
LONGITUDE: 79 56 W
[TEMPERATURE DATA] [PRECIPITATION DATA] SYMBOLS USED IN COLUMN 16
AVERAGE MONTHLY: 63.3 TOTAL FOR MONTH: 2.14 1 = FOG OR MIST
DPTR FM NORMAL: 3.2 DPTR FM NORMAL: -0.16 2 = FOG REDUCING VISIBILITY
HIGHEST: 80 ON 6, 1 GRTST 24HR 1.20 ON 10-10 TO 1/4 MILE OR LESS
LOWEST: 43 ON 21,14 3 = THUNDER
SNOW, ICE PELLETS, HAIL 4 = ICE PELLETS
TOTAL MONTH: M 5 = HAIL
GRTST 24HR M ON M 6 = FREEZING RAIN OR DRIZZLE
GRTST DEPTH: M ON M 7 = DUSTSTORM OR SANDSTORM:
VSBY 1/2 MILE OR LESS
8 = SMOKE OR HAZE
[NO. OF DAYS WITH] [WEATHER - DAYS WITH] 9 = BLOWING SNOW
X = TORNADO
MAX 32 OR BELOW: 0 0.01 INCH OR MORE: 8
MAX 90 OR ABOVE: 0 0.10 INCH OR MORE: 4
MIN 32 OR BELOW: 0 0.50 INCH OR MORE: 1
MIN 0 OR BELOW: 0 1.00 INCH OR MORE: 1
[HDD (BASE 65) ]
TOTAL THIS MO. 118 CLEAR (SCALE 0-3) 0
DPTR FM NORMAL -63 PTCLDY (SCALE 4-7) 0
TOTAL FM JUL 1 153 CLOUDY (SCALE 8-10) 30
DPTR FM NORMAL -62
[CDD (BASE 65) ]
TOTAL THIS MO. 73
DPTR FM NORMAL 39 [PRESSURE DATA]
TOTAL FM JAN 1 2587 HIGHEST SLP M ON M
DPTR FM NORMAL 146 LOWEST SLP 29.56 ON 11
[REMARKS]
#FINAL-11-22#