000
CXUS55 KCYS 011750 CCA
CF6CYS
PRELIMINARY LOCAL CLIMATOLOGICAL DATA (WS FORM: F-6)...CORRECTED
STATION: CHEYENNE WYOMING AIRPORT
MONTH: NOVEMBER
YEAR: 2022
LATITUDE: 41 9 N
LONGITUDE: 104 49 W
TEMPERATURE IN F: :PCPN: SNOW: WIND :SUNSHINE: SKY :PK WND
================================================================================
1 2 3 4 5 6A 6B 7 8 9 10 11 12 13 14 15 16 17 18
12Z AVG MX 2MIN
DY MAX MIN AVG DEP HDD CDD WTR SNW DPTH SPD SPD DIR MIN PSBL S-S WX SPD DR
================================================================================
1 65 35 50 9 15 0 0.00 0.0 0 9.2 21 200 M M 0 26 210
2 66 38 52 11 13 0 0.00 0.0 0 11.6 26 260 M M 0 37 260
3 45 21 33 -7 32 0 0.39 5.0 0 12.7 25 350 M M 7 12 39 340
4 35 11 23 -17 42 0 0.00 0.0 4 12.6 45 270 M M 2 59 260
5 50 33 42 2 23 0 T T 2 25.3 58 280 M M 3 79 280
6 40 31 36 -3 29 0 T T T 12.9 30 280 M M 8 43 280
7 51 28 40 1 25 0 0.00 0.0 0 14.1 28 160 M M 5 40 170
8 68 27 48 9 17 0 0.00 0.0 0 5.6 16 250 M M 0 8 22 240
9 53 20 37 -1 28 0 0.00 0.0 0 8.8 25 360 M M 4 128 41 350
10 42 14 28 -10 37 0 0.00 0.0 0 16.1 33 280 M M 2 43 270
11 37 11 24 -14 41 0 0.00 0.0 0 7.0 18 350 M M 0 26 330
12 43 9 26 -11 39 0 0.00 0.0 0 8.4 15 210 M M 0 19 200
13 45 18 32 -5 33 0 T T 0 14.3 28 360 M M 4 8 39 20
14 34 8 21 -16 44 0 T T 0 10.3 22 320 M M 6 1 31 310
15 32 18 25 -11 40 0 T T 0 13.5 29 310 M M 4 40 310
16 35 22 29 -7 36 0 0.00 0.0 0 15.3 28 320 M M 6 41 310
17 30 7 19 -17 46 0 0.16 2.9 2 11.0 25 360 M M 10 1 36 360
18 21 -9 6 -29 59 0 0.00 0.0 2 9.1 23 300 M M 2 1 36 290
19 36 14 25 -10 40 0 0.00 0.0 1 11.7 26 310 M M 0 43 300
20 48 16 32 -2 33 0 0.00 0.0 T 5.0 17 270 M M 0 25 290
21 46 16 31 -3 34 0 0.00 0.0 T 7.3 22 200 M M 0 30 200
22 51 23 37 3 28 0 0.00 0.0 T 10.5 16 230 M M 0 22 330
23 46 24 35 1 30 0 T T 0 16.1 37 270 M M 3 46 260
24 41 24 33 0 32 0 0.00 0.0 0 12.7 25 340 M M 5 36 340
25 61 29 45 12 20 0 0.00 0.0 0 8.7 16 280 M M 0 20 280
26 51 25 38 6 27 0 0.06 1.0 0 12.7 25 20 M M 3 1 33 10
27 42 27 35 3 30 0 T T 1 15.0 43 260 M M 4 1 68 260
28 46 16 31 -1 34 0 0.17 3.4 0 12.3 32 260 M M 3 1 42 240
29 19 3 11 -20 54 0 0.18 3.3 5 8.0 15 40 M M 6 18 23 40
30 31 7 19 -12 46 0 0.00 0.0 3 10.4 21 210 M M 0 27 200
================================================================================
SM 1310 566 1007 0 0.96 15.6 348.2 M 87
================================================================================
AV 43.7 18.9 11.6 FASTST M M 3 MAX(MPH)
MISC ----> 58 280 79 280
================================================================================
NOTES:
# LAST OF SEVERAL OCCURRENCES
COLUMN 17 PEAK WIND IN M.P.H.
PRELIMINARY LOCAL CLIMATOLOGICAL DATA (WS FORM: F-6) , PAGE 2
STATION: CHEYENNE WYOMING AIRPORT
MONTH: NOVEMBER
YEAR: 2022
LATITUDE: 41 9 N
LONGITUDE: 104 49 W
[TEMPERATURE DATA] [PRECIPITATION DATA] SYMBOLS USED IN COLUMN 16
AVERAGE MONTHLY: 31.3 TOTAL FOR MONTH: 0.96 1 = FOG OR MIST
DPTR FM NORMAL: -4.8 DPTR FM NORMAL: 0.35 2 = FOG REDUCING VISIBILITY
HIGHEST: 68 ON 8 GRTST 24HR 0.39 ON 3- 3 TO 1/4 MILE OR LESS
LOWEST: -9 ON 18 3 = THUNDER
SNOW, ICE PELLETS, HAIL 4 = ICE PELLETS
TOTAL MONTH: 15.6 INCHES 5 = HAIL
GRTST 24HR 5.0 ON 3- 3 6 = FREEZING RAIN OR DRIZZLE
GRTST DEPTH: 5 ON 29 7 = DUSTSTORM OR SANDSTORM:
VSBY 1/2 MILE OR LESS
8 = SMOKE OR HAZE
[NO. OF DAYS WITH] [WEATHER - DAYS WITH] 9 = BLOWING SNOW
X = TORNADO
MAX 32 OR BELOW: 5 0.01 INCH OR MORE: 5
MAX 90 OR ABOVE: 0 0.10 INCH OR MORE: 4
MIN 32 OR BELOW: 27 0.50 INCH OR MORE: 0
MIN 0 OR BELOW: 1 1.00 INCH OR MORE: 0
[HDD (BASE 65) ]
TOTAL THIS MO. 1007 CLEAR (SCALE 0-3) 17
DPTR FM NORMAL 140 PTCLDY (SCALE 4-7) 12
TOTAL FM JUL 1 1608 CLOUDY (SCALE 8-10) 1
DPTR FM NORMAL -80
[CDD (BASE 65) ]
TOTAL THIS MO. 0
DPTR FM NORMAL 0 [PRESSURE DATA]
TOTAL FM JAN 1 701 HIGHEST SLP 30.60 ON 18
DPTR FM NORMAL 304 LOWEST SLP 29.35 ON 5
[REMARKS]
NOVEMBER 18...RECORD LOW -9 DEGREES (PREVIOUS -8 DEGREES IN 1937)
NOVEMBER 29...RECORD 24-HOUR SNOWFALL 4.6" (PREVIOUS 3.7" IN 2019)
#FINAL-11-22#