000
CXUS55 KCYS 051211
CF6CYS
PRELIMINARY LOCAL CLIMATOLOGICAL DATA (WS FORM: F-6)
STATION: CHEYENNE WYOMING AIRPORT
MONTH: FEBRUARY
YEAR: 2024
LATITUDE: 41 9 N
LONGITUDE: 104 49 W
TEMPERATURE IN F: :PCPN: SNOW: WIND :SUNSHINE: SKY :PK WND
================================================================================
1 2 3 4 5 6A 6B 7 8 9 10 11 12 13 14 15 16 17 18
12Z AVG MX 2MIN
DY MAX MIN AVG DEP HDD CDD WTR SNW DPTH SPD SPD DIR MIN PSBL S-S WX SPD DR
================================================================================
1 58 28 43 14 22 0 0.00 0.0 0 8.9 22 280 M M 1 32 280
2 50 25 38 9 27 0 T 0.0 0 9.8 22 140 M M 3 128 29 140
3 36 25 31 3 34 0 0.63 4.3 0 6.9 15 350 M M 10 12 22 350
4 38 15 27 -1 38 0 0.00 0.0 4 6.9 20 280 M M 1 1 26 270
5 49 16 33 5 32 0 0.00 0.0 3 5.7 13 260 M M 0 15 280
6 50 27 39 11 26 0 0.00 0.0 1 6.1 15 280 M M 1 20 290
7 49 27 38 10 27 0 0.00 0.0 1 8.0 21 270 M M 3 29 260
8 39 24 32 4 33 0 0.00 0.0 T 13.6 32 290 M M 3 48 290
9 39 19 29 1 36 0 0.08 1.5 0 5.5 14 310 M M 5 1 20 310
10 27 16 22 -6 43 0 0.01 0.2 2 7.1 17 20 M M 9 1 23 350
11 33 10 22 -7 43 0 0.00 0.0 1 11.5 24 330 M M 0 36 330
12 44 21 33 4 32 0 0.00 0.0 1 11.3 24 270 M M 3 32 280
13 45 24 35 6 30 0 0.00 0.0 T 8.1 26 250 M M 1 35 260
14 42 26 34 5 31 0 T T 0 9.2 20 200 M M 4 1 30 290
15 45 20 33 4 32 0 0.02 0.3 0 9.8 24 360 M M 7 1 33 360
16 23 7 15 -14 50 0 0.22 3.8 1 7.7 22 20 M M 10 1 29 10
17 33 -1 16 -13 49 0 0.00 0.0 3 9.2 16 280 M M 1 23 310
18 46 11 29 -1 36 0 0.00 0.0 1 12.1 25 270 M M 2 32 260
19 51 30 41 11 24 0 0.00 0.0 T 12.4 32 280 M M 1 41 280
20 54 30 42 12 23 0 0.00 0.0 T 19.1 40 280 M M 0 55 280
21 53 32 43 13 22 0 T 0.0 0 8.7 15 290 M M 3 41 280
22 44 29 37 7 28 0 0.03 T 0 10.4 22 330 M M 6 18 31 320
23 43 30 37 6 28 0 0.00 0.0 0 17.9 29 270 M M 0 38 280
24 51 32 42 11 23 0 0.00 0.0 0 28.5 49 260 M M 0 65 260
25 54 36 45 14 20 0 0.00 0.0 0 24.5 40 250 M M 0 56 260
26 55 40 48 16 17 0 0.00 0.0 0 24.4 45 270 M M 0 63 260
27 44 15 30 -2 35 0 0.09 0.5 0 15.2 30 320 M M 4 12 45 320
28 45 17 31 -1 34 0 0.00 0.0 T 19.8 35 270 M M 0 43 250
29 55 31 43 11 22 0 0.00 0.0 0 14.4 33 270 M M 0 42 270
================================================================================
SM 1295 662 897 0 1.08 10.6 352.7 M 78
================================================================================
AV 44.7 22.8 12.2 FASTST M M 3 MAX(MPH)
MISC ----> 49 260 65 260
================================================================================
NOTES:
# LAST OF SEVERAL OCCURRENCES
COLUMN 17 PEAK WIND IN M.P.H.
PRELIMINARY LOCAL CLIMATOLOGICAL DATA (WS FORM: F-6) , PAGE 2
STATION: CHEYENNE WYOMING AIRPORT
MONTH: FEBRUARY
YEAR: 2024
LATITUDE: 41 9 N
LONGITUDE: 104 49 W
[TEMPERATURE DATA] [PRECIPITATION DATA] SYMBOLS USED IN COLUMN 16
AVERAGE MONTHLY: 33.7 TOTAL FOR MONTH: 1.08 1 = FOG OR MIST
DPTR FM NORMAL: 4.2 DPTR FM NORMAL: 0.56 2 = FOG REDUCING VISIBILITY
HIGHEST: 58 ON 1 GRTST 24HR 0.63 ON 3- 3 TO 1/4 MILE OR LESS
LOWEST: -1 ON 17 3 = THUNDER
SNOW, ICE PELLETS, HAIL 4 = ICE PELLETS
TOTAL MONTH: 10.6 INCHES 5 = HAIL
GRTST 24HR 4.3 ON 3- 3 6 = FREEZING RAIN OR DRIZZLE
GRTST DEPTH: 4 ON 4 7 = DUSTSTORM OR SANDSTORM:
VSBY 1/2 MILE OR LESS
8 = SMOKE OR HAZE
[NO. OF DAYS WITH] [WEATHER - DAYS WITH] 9 = BLOWING SNOW
X = TORNADO
MAX 32 OR BELOW: 2 0.01 INCH OR MORE: 7
MAX 90 OR ABOVE: 0 0.10 INCH OR MORE: 2
MIN 32 OR BELOW: 27 0.50 INCH OR MORE: 1
MIN 0 OR BELOW: 1 1.00 INCH OR MORE: 0
[HDD (BASE 65) ]
TOTAL THIS MO. 897 CLEAR (SCALE 0-3) 18
DPTR FM NORMAL -97 PTCLDY (SCALE 4-7) 8
TOTAL FM JUL 1 4492 CLOUDY (SCALE 8-10) 3
DPTR FM NORMAL -485
[CDD (BASE 65) ]
TOTAL THIS MO. 0
DPTR FM NORMAL 0 [PRESSURE DATA]
TOTAL FM JAN 1 0 HIGHEST SLP 30.54 ON 17
DPTR FM NORMAL 0 LOWEST SLP 29.27 ON 27
[REMARKS]
#FINAL-02-24#
COOP BACKUP USED FOR SNOWFALL AND SNOW DEPTH FOR THE ENTIRE MONTH
FEBRUARY 3... COOP BACKUP USED FOR PRECIPITATION TO BE CONSISTENT WITH SNOWFALL
FEBRUARY 3... RECORD DAILY PRECIPITATION: 0.63" (PREVIOUS: 0.34" IN 1932)
FEBRUARY 10... COOP BACKUP USED FOR PRECIPITATION TO BE CONSISTENT WITH SNOWFALL
FEBRUARY 15... COOP BACKUP USED FOR PRECIPITATION TO BE CONSISTENT WITH SNOWFALL
FEBRUARY 16... COOP BACKUP USED FOR PRECIPITATION TO BE CONSISTENT WITH SNOWFALL
FEBRUARY 16... RECORD DAILY SNOWFALL: 3.8" (PREVIOUS: 2.4" IN 2006)
FEBRUARY 26... RECORD HIGH MINIMUM TEMPERATURE: 40F (PREVIOUS: 36F IN 1896)
FEBRUARY 27... COOP BACKUP USED FOR PRECIPITATION TO BE CONSISTENT WITH SNOWFALL