000
CXUS55 KCYS 020025 CCA
CF6CYS
PRELIMINARY LOCAL CLIMATOLOGICAL DATA (WS FORM: F-6)...CORRECTED
STATION: CHEYENNE WYOMING AIRPORT
MONTH: MARCH
YEAR: 2022
LATITUDE: 41 9 N
LONGITUDE: 104 49 W
TEMPERATURE IN F: :PCPN: SNOW: WIND :SUNSHINE: SKY :PK WND
================================================================================
1 2 3 4 5 6A 6B 7 8 9 10 11 12 13 14 15 16 17 18
12Z AVG MX 2MIN
DY MAX MIN AVG DEP HDD CDD WTR SNW DPTH SPD SPD DIR MIN PSBL S-S WX SPD DR
================================================================================
1 61 43 52 20 13 0 0.00 0.0 0 21.0 37 280 M M 0 49 280
2 64 38 51 18 14 0 0.00 0.0 0 10.1 22 270 M M 0 29 270
3 65 34 50 17 15 0 0.00 0.0 0 6.9 17 290 M M 0 21 280
4 62 30 46 12 19 0 T T 0 9.4 22 20 M M 4 1 32 280
5 33 14 24 -10 41 0 0.30 3.6 3 14.0 24 350 M M 8 1 39 10
6 17 10 14 -20 51 0 0.02 0.9 3 11.4 24 360 M M 10 19 34 360
7 26 1 14 -21 51 0 0.00 0.0 3 8.6 17 270 M M 0 24 270
8 29 12 21 -14 44 0 0.12 2.1 2 12.0 22 330 M M 3 1 32 300
9 12 -2 5 -30 60 0 0.30 4.1 6 8.4 16 10 M M 10 128 23 360
10 17 -11 3 -33 62 0 T T 6 8.6 21 330 M M 3 1 31 320
11 27 -1 13 -23 52 0 0.00 0.0 4 12.4 33 270 M M 4 44 220
12 46 26 36 0 29 0 0.00 0.0 2 27.2 39 270 M M 0 50 270
13 56 33 45 8 20 0 0.00 0.0 T 13.4 30 260 M M 1 43 260
14 50 29 40 3 25 0 0.00 0.0 0 13.7 28 310 M M 0 42 300
15 62 26 44 7 21 0 0.00 0.0 0 13.2 31 270 M M 0 44 250
16 50 32 41 3 24 0 0.06 0.4 0 10.0 24 280 M M 6 16 32 280
17 37 24 31 -7 34 0 0.20 1.4 1 10.5 21 20 M M 8 16 33 20
18 49 19 34 -4 31 0 0.00 0.0 0 10.9 28 310 M M 0 39 310
19 54 26 40 2 25 0 0.00 0.0 0 9.0 23 260 M M 0 33 260
20 63 28 46 8 19 0 0.00 0.0 0 9.4 25 340 M M 4 34 340
21 41 25 33 -6 32 0 T T 0 21.0 37 360 M M 7 1 52 350
22 38 25 32 -7 33 0 0.01 0.2 0 19.2 37 350 M M 5 128 56 350
23 50 28 39 0 26 0 0.00 0.0 T 18.2 33 340 M M 0 50 350
24 60 30 45 6 20 0 0.00 0.0 0 14.6 31 310 M M 1 44 320
25 52 27 40 0 25 0 0.00 0.0 0 9.5 18 200 M M 3 25 360
26 71 33 52 12 13 0 0.00 0.0 0 9.8 29 330 M M 0 39 320
27 65 28 47 7 18 0 0.00 0.0 0 7.9 18 170 M M 0 24 140
28 72 40 56 16 9 0 0.00 0.0 0 10.2 22 250 M M 0 32 330
29 56 24 40 0 25 0 0.01 0.1 T 19.8 33 350 M M 7 1 52 360
30 41 20 31 -9 34 0 T T 0 17.1 30 330 M M 4 43 350
31 61 25 43 3 22 0 0.00 0.0 0 11.6 26 270 M M 3 34 260
================================================================================
SM 1487 716 907 0 1.02 12.8 399.0 M 91
================================================================================
AV 48.0 23.1 12.9 FASTST M M 3 MAX(MPH)
MISC ----> 39 270 56 350
================================================================================
NOTES:
# LAST OF SEVERAL OCCURRENCES
COLUMN 17 PEAK WIND IN M.P.H.
PRELIMINARY LOCAL CLIMATOLOGICAL DATA (WS FORM: F-6) , PAGE 2
STATION: CHEYENNE WYOMING AIRPORT
MONTH: MARCH
YEAR: 2022
LATITUDE: 41 9 N
LONGITUDE: 104 49 W
[TEMPERATURE DATA] [PRECIPITATION DATA] SYMBOLS USED IN COLUMN 16
AVERAGE MONTHLY: 35.5 TOTAL FOR MONTH: 1.02 1 = FOG OR MIST
DPTR FM NORMAL: -1.6 DPTR FM NORMAL: 0.06 2 = FOG REDUCING VISIBILITY
HIGHEST: 72 ON 28 GRTST 24HR 0.30 ON 5- 5 TO 1/4 MILE OR LESS
LOWEST: -11 ON 10 3 = THUNDER
SNOW, ICE PELLETS, HAIL 4 = ICE PELLETS
TOTAL MONTH: 12.8 INCHES 5 = HAIL
GRTST 24HR 4.1 ON 9- 9 6 = FREEZING RAIN OR DRIZZLE
GRTST DEPTH: 6 ON 10, 9 7 = DUSTSTORM OR SANDSTORM:
VSBY 1/2 MILE OR LESS
8 = SMOKE OR HAZE
[NO. OF DAYS WITH] [WEATHER - DAYS WITH] 9 = BLOWING SNOW
X = TORNADO
MAX 32 OR BELOW: 6 0.01 INCH OR MORE: 8
MAX 90 OR ABOVE: 0 0.10 INCH OR MORE: 4
MIN 32 OR BELOW: 25 0.50 INCH OR MORE: 0
MIN 0 OR BELOW: 3 1.00 INCH OR MORE: 0
[HDD (BASE 65) ]
TOTAL THIS MO. 907 CLEAR (SCALE 0-3) 19
DPTR FM NORMAL 42 PTCLDY (SCALE 4-7) 10
TOTAL FM JUL 1 5306 CLOUDY (SCALE 8-10) 2
DPTR FM NORMAL -474
[CDD (BASE 65) ]
TOTAL THIS MO. 0
DPTR FM NORMAL 0 [PRESSURE DATA]
TOTAL FM JAN 1 0 HIGHEST SLP 30.44 ON 7
DPTR FM NORMAL 0 LOWEST SLP 29.30 ON 29
[REMARKS]
MARCH 3...TIES RECORD HIGH 65 DEGREES PREVIOUSLY SET IN 1994
MARCH 9...RECORD SNOWFALL 4.1 INCHES (PREVIOUS 4 INCHES IN 1958)
#FINAL-03-22#