459
CXUS55 KVEF 011840
CF6DAG
PRELIMINARY LOCAL CLIMATOLOGICAL DATA (WS FORM: F-6)
STATION: BARSTOW-DAGGETT CA
MONTH: JUNE
YEAR: 2020
LATITUDE: 34 51 N
LONGITUDE: 116 47 W
TEMPERATURE IN F: :PCPN: SNOW: WIND :SUNSHINE: SKY :PK WND
================================================================================
1 2 3 4 5 6A 6B 7 8 9 10 11 12 13 14 15 16 17 18
12Z AVG MX 2MIN
DY MAX MIN AVG DEP HDD CDD WTR SNW DPTH SPD SPD DIR MIN PSBL S-S WX SPD DR
================================================================================
1 96 63 80 1 0 15 0.00 0.0 0 8.0 15 290 M M 0 19 300
2 103 70 87 8 0 22 0.00 0.0 0 10.4 21 300 M M 0 8 25 300
3 106 72 89 10 0 24 0.00 0.0 0 10.1 26 260 M M 0 31 260
4 107 74 91 12 0 26 0.00 0.0 0 11.3 24 250 M M 0 8 29 280
5 92 65 79 -1 0 14 0.00 0.0 0 19.5 36 260 M M 0 43 250
6 85 64 75 -5 0 10 0.00 0.0 0 31.6 44 270 M M 0 8 53 280
7 80 60 70 -10 0 5 0.00 0.0 0 29.3 44 280 M M 0 8 53 270
8 79 51 65 -15 0 0 0.00 0.0 0 9.4 25 360 M M 0 31 360
9 90 54 72 -9 0 7 0.00 0.0 0 7.1 14 270 M M 0 17 20
10 99 63 81 0 0 16 0.00 0.0 0 9.4 16 260 M M 0 20 70
11 104 69 87 6 0 22 0.00 0.0 0 11.4 28 250 M M 0 33 260
12 100 64 82 0 0 17 0.00 0.0 0 16.3 33 240 M M 1 42 240
13 89 63 76 -6 0 11 0.00 0.0 0 22.1 36 270 M M 0 43 270
14 93 59 76 -6 0 11 0.00 0.0 0 9.4 26 230 M M 0 33 230
15 100 64 82 0 0 17 0.00 0.0 0 13.8 30 260 M M 0 38 270
16 97 73 85 2 0 20 0.00 0.0 0 22.6 30 270 M M 0 43 270
17 M M M M M M 0.00 0.0 0 M M M M M M M M
18 98 64 81 -2 0 16 0.00 0.0 0 9.2 36 260 M M 0 42 260
19 102 67 85 1 0 20 0.00 0.0 0 10.6 18 240 M M 0 22 240
20 104 70 87 3 0 22 0.00 0.0 0 10.6 24 250 M M 0 28 260
21 107 73 90 6 0 25 0.00 0.0 0 12.3 24 250 M M 0 29 250
22 107 73 90 6 0 25 0.00 0.0 0 9.6 17 250 M M 0 8 26 80
23 109 74 92 7 0 27 0.00 0.0 0 10.4 18 260 M M 0 22 260
24 108 76 92 7 0 27 0.00 0.0 0 10.5 21 250 M M 0 30 230
25 107 79 93 8 0 28 0.00 0.0 0 12.3 23 240 M M 0 29 240
26 103 72 88 2 0 23 0.00 0.0 0 8.9 21 240 M M 0 26 240
27 110 77 94 8 0 29 0.00 0.0 0 16.4 32 230 M M 0 41 230
28 98 70 84 -2 0 19 0.00 0.0 0 28.0 39 250 M M 0 48 240
29 88 63 76 -10 0 11 0.00 0.0 0 15.1 32 230 M M 0 39 220
30 96 63 80 -7 0 15 0.00 0.0 0 9.4 23 270 M M 0 28 280
================================================================================
SM 2857 1949 0 524 0.00 0.0 405.0 M 1
================================================================================
AV 98.5 67.2 14.0 FASTST M M 0 MAX(MPH)
MISC ----> # 44 270 # 53 280
================================================================================
NOTES:
# LAST OF SEVERAL OCCURRENCES
COLUMN 17 PEAK WIND IN M.P.H.
PRELIMINARY LOCAL CLIMATOLOGICAL DATA (WS FORM: F-6) , PAGE 2
STATION: BARSTOW-DAGGETT CA
MONTH: JUNE
YEAR: 2020
LATITUDE: 34 51 N
LONGITUDE: 116 47 W
[TEMPERATURE DATA] [PRECIPITATION DATA] SYMBOLS USED IN COLUMN 16
AVERAGE MONTHLY: 82.9 TOTAL FOR MONTH: 0.00 1 = FOG OR MIST
DPTR FM NORMAL: 0.3 DPTR FM NORMAL: -0.06 2 = FOG REDUCING VISIBILITY
HIGHEST: 110 ON 27 GRTST 24HR 0.00 ON 1- 1 TO 1/4 MILE OR LESS
LOWEST: 51 ON 8 3 = THUNDER
SNOW, ICE PELLETS, HAIL 4 = ICE PELLETS
TOTAL MONTH: 0.0 INCH 5 = HAIL
GRTST 24HR 0.0 6 = FREEZING RAIN OR DRIZZLE
GRTST DEPTH: 0 7 = DUSTSTORM OR SANDSTORM:
VSBY 1/2 MILE OR LESS
8 = SMOKE OR HAZE
[NO. OF DAYS WITH] [WEATHER - DAYS WITH] 9 = BLOWING SNOW
X = TORNADO
MAX 32 OR BELOW: 0 0.01 INCH OR MORE: 0
MAX 90 OR ABOVE: 24 0.10 INCH OR MORE: 0
MIN 32 OR BELOW: 0 0.50 INCH OR MORE: 0
MIN 0 OR BELOW: 0 1.00 INCH OR MORE: 0
[HDD (BASE 65) ]
TOTAL THIS MO. 0 CLEAR (SCALE 0-3) 29
DPTR FM NORMAL -1 PTCLDY (SCALE 4-7) 0
TOTAL FM JUL 1 1869 CLOUDY (SCALE 8-10) 1
DPTR FM NORMAL -232
[CDD (BASE 65) ]
TOTAL THIS MO. 524
DPTR FM NORMAL -7 [PRESSURE DATA]
TOTAL FM JAN 1 1024 HIGHEST SLP 30.13 ON 9
DPTR FM NORMAL 88 LOWEST SLP 29.47 ON 28
[REMARKS]
#FINAL-06-20#