000
CXUS54 KFWD 010730
CF6DAL
PRELIMINARY LOCAL CLIMATOLOGICAL DATA (WS FORM: F-6)
STATION: DALLAS LOVE FIELD
MONTH: MARCH
YEAR: 2023
LATITUDE: 32 50 N
LONGITUDE: 96 51 W
TEMPERATURE IN F: :PCPN: SNOW: WIND :SUNSHINE: SKY :PK WND
================================================================================
1 2 3 4 5 6A 6B 7 8 9 10 11 12 13 14 15 16 17 18
12Z AVG MX 2MIN
DY MAX MIN AVG DEP HDD CDD WTR SNW DPTH SPD SPD DIR MIN PSBL S-S WX SPD DR
================================================================================
1 73 60 67 12 0 2 0.14 0.0 0 5.6 16 180 M M 10 13 24 180
2 81 53 67 11 0 2 0.78 0.0 0 8.6 59 320 M M 10 13 76 320
3 65 47 56 0 9 0 0.46 0.0 0 10.9 24 300 M M 3 13 43 340
4 76 47 62 6 3 0 0.00 0.0 0 7.3 16 160 M M 0 23 180
5 77 55 66 10 0 1 0.00 0.0 0 11.4 22 170 M M 3 34 180
6 82 58 70 13 0 5 0.00 0.0 0 7.8 17 180 M M 7 25 190
7 72 61 67 10 0 2 0.00 0.0 0 5.7 13 120 M M 6 18 24 30
8 66 52 59 2 6 0 0.09 0.0 0 8.5 22 330 M M 10 18 28 10
9 71 55 63 5 2 0 0.21 0.0 0 6.6 18 10 M M 10 138 33 340
10 67 46 57 -1 8 0 0.00 0.0 0 7.5 17 160 M M 6 27 20
11 86 57 72 14 0 7 0.00 0.0 0 11.0 18 210 M M 8 1 33 240
12 69 50 60 2 5 0 0.00 0.0 0 12.6 21 30 M M 7 33 20
13 61 47 54 -5 11 0 0.00 0.0 0 9.0 16 40 M M 6 26 40
14 64 43 54 -5 11 0 0.00 0.0 0 6.1 13 90 M M 5 18 150
15 68 47 58 -1 7 0 0.00 0.0 0 12.5 22 170 M M 6 36 160
16 71 44 58 -2 7 0 1.10 0.0 0 15.3 40 300 M M 10 13 55 310
17 56 40 48 -12 17 0 0.00 0.0 0 12.4 23 340 M M 7 34 20
18 55 41 48 -12 17 0 0.00 0.0 0 7.0 20 330 M M 6 40 30
19 54 34 44 -17 21 0 0.00 0.0 0 5.2 13 30 M M 3 20 50
20 54 40 47 -14 18 0 0.00 0.0 0 12.7 22 180 M M 8 35 170
21 67 50 59 -2 6 0 0.07 0.0 0 9.8 20 180 M M 10 1 29 150
22 81 67 74 13 0 9 0.00 0.0 0 12.0 22 180 M M 9 35 180
23 83 69 76 14 0 11 0.00 0.0 0 12.8 22 170 M M 9 35 150
24 75 62 69 7 0 4 0.21 0.0 0 8.1 21 310 M M 7 138 31 310
25 77 50 64 2 1 0 0.00 0.0 0 5.4 21 260 M M 0 28 250
26 78 48 63 1 2 0 0.00 0.0 0 6.7 20 10 M M 1 28 30
27 72 48 60 -3 5 0 0.14 0.0 0 6.3 13 130 M M 7 3 30 230
28 65 49 57 -6 8 0 0.00 0.0 0 9.6 21 340 M M 7 33 230
29 65 50 58 -5 7 0 T 0.0 0 6.5 14 150 M M 8 21 170
30 73 60 67 3 0 2 T 0.0 0 12.6 24 160 M M 10 40 130
31 85 70 78 14 0 13 0.11 0.0 0 14.4 23 270 M M 6 3 38 270
================================================================================
SM 2189 1600 171 58 3.31 0.0 287.9 M 205
================================================================================
AV 70.6 51.6 9.3 FASTST M M 7 MAX(MPH)
MISC ----> 59 320 76 320
================================================================================
NOTES:
# LAST OF SEVERAL OCCURRENCES
COLUMN 17 PEAK WIND IN M.P.H.
PRELIMINARY LOCAL CLIMATOLOGICAL DATA (WS FORM: F-6) , PAGE 2
STATION: DALLAS LOVE FIELD
MONTH: MARCH
YEAR: 2023
LATITUDE: 32 50 N
LONGITUDE: 96 51 W
[TEMPERATURE DATA] [PRECIPITATION DATA] SYMBOLS USED IN COLUMN 16
AVERAGE MONTHLY: 61.1 TOTAL FOR MONTH: 3.31 1 = FOG OR MIST
DPTR FM NORMAL: 1.5 DPTR FM NORMAL: -0.14 2 = FOG REDUCING VISIBILITY
HIGHEST: 86 ON 11 GRTST 24HR 1.10 ON 16-16 TO 1/4 MILE OR LESS
LOWEST: 34 ON 19 3 = THUNDER
SNOW, ICE PELLETS, HAIL 4 = ICE PELLETS
TOTAL MONTH: 0.0 INCH 5 = HAIL
GRTST 24HR 0.0 6 = FREEZING RAIN OR DRIZZLE
GRTST DEPTH: 0 7 = DUSTSTORM OR SANDSTORM:
VSBY 1/2 MILE OR LESS
8 = SMOKE OR HAZE
[NO. OF DAYS WITH] [WEATHER - DAYS WITH] 9 = BLOWING SNOW
X = TORNADO
MAX 32 OR BELOW: 0 0.01 INCH OR MORE: 10
MAX 90 OR ABOVE: 0 0.10 INCH OR MORE: 8
MIN 32 OR BELOW: 0 0.50 INCH OR MORE: 2
MIN 0 OR BELOW: 0 1.00 INCH OR MORE: 1
[HDD (BASE 65) ]
TOTAL THIS MO. 171 CLEAR (SCALE 0-3) 5
DPTR FM NORMAL -42 PTCLDY (SCALE 4-7) 16
TOTAL FM JUL 1 1761 CLOUDY (SCALE 8-10) 10
DPTR FM NORMAL -159
[CDD (BASE 65) ]
TOTAL THIS MO. 58
DPTR FM NORMAL 11 [PRESSURE DATA]
TOTAL FM JAN 1 92 HIGHEST SLP M ON M
DPTR FM NORMAL 30 LOWEST SLP 29.27 ON 2
[REMARKS]
#FINAL-03-23#