565
CXUS54 KFWD 101954
CF6DAL
PRELIMINARY LOCAL CLIMATOLOGICAL DATA (WS FORM: F-6)
STATION: DALLAS LOVE FIELD
MONTH: FEBRUARY
YEAR: 2021
LATITUDE: 32 50 N
LONGITUDE: 96 51 W
TEMPERATURE IN F: :PCPN: SNOW: WIND :SUNSHINE: SKY :PK WND
================================================================================
1 2 3 4 5 6A 6B 7 8 9 10 11 12 13 14 15 16 17 18
12Z AVG MX 2MIN
DY MAX MIN AVG DEP HDD CDD WTR SNW DPTH SPD SPD DIR MIN PSBL S-S WX SPD DR
================================================================================
1 60 36 48 0 17 0 0.00 0.0 0 6.1 13 330 M M 3 25 300
2 64 43 54 6 11 0 0.00 0.0 0 6.6 14 110 M M 7 20 160
3 71 45 58 9 7 0 0.00 0.0 0 13.3 24 160 M M 6 36 190
4 68 48 58 9 7 0 0.00 0.0 0 13.3 26 320 M M 6 35 330
5 60 42 51 2 14 0 0.00 0.0 0 5.8 14 150 M M 5 20 150
6 60 42 51 2 14 0 0.00 0.0 0 10.5 22 330 M M 6 8 32 320
7 59 38 49 0 16 0 0.00 0.0 0 8.4 15 120 M M 4 22 120
8 68 42 55 5 10 0 T 0.0 0 10.5 23 330 M M 8 18 37 10
9 42 32 37 -13 28 0 T 0.0 0 9.8 16 330 M M 10 18 31 30
10 34 28 31 -19 34 0 T 0.0 0 10.8 17 350 M M 10 168 29 20
11 30 25 28 -22 37 0 0.02 0.0 0 12.8 18 350 M M 10 1468 32 20
12 29 23 26 -24 39 0 T 0.0 0 11.7 18 10 M M 10 26 20
13 36 21 29 -21 36 0 T 0.0 0 11.6 18 350 M M 9 168 30 350
14 24 11 18 -33 47 0 0.13 2.5 1 14.1 22 350 M M 10 149 32 350
15 14 6 10 -41 55 0 0.07 1.6 4 16.0 23 310 M M 6 9 33 350
16 21 2 12 -39 53 0 0.01 T 4 6.8 15 120 M M 7 4 20 130
17 29 20 25 -26 40 0 0.13 1.2 4 6.8 13 350 M M 10 146 24 30
18 32 21 27 -25 38 0 0.00 0.0 4 12.4 20 320 M M 8 32 30
19 42 14 28 -24 37 0 0.00 0.0 3 5.4 10 160 M M 0 16 160
20 57 28 43 -9 22 0 0.00 0.0 T 10.5 20 160 M M 0 1 29 180
21 75 43 59 7 6 0 0.00 0.0 0 12.0 24 330 M M 5 33 170
22 71 34 53 0 12 0 0.00 0.0 0 4.6 13 220 M M 0 20 210
23 80 41 61 8 4 0 0.00 0.0 0 10.7 24 180 M M 1 37 160
24 73 56 65 12 0 0 0.00 0.0 0 11.0 21 320 M M 2 29 330
25 56 48 52 -1 13 0 0.20 0.0 0 7.7 18 320 M M 9 1358 30 340
26 58 47 53 -1 12 0 1.09 0.0 0 3.9 16 320 M M 10 13 21 310
27 72 54 63 9 2 0 0.02 0.0 0 7.3 14 180 M M 10 18 22 180
28 76 50 63 9 2 0 0.25 0.0 0 10.0 24 320 M M 10 13 30 320
================================================================================
SM 1461 940 613 0 1.92 5.3 270.4 M 182
================================================================================
AV 52.2 33.6 9.7 FASTST M M 7 MAX(MPH)
MISC ----> 26 320 # 37 10
================================================================================
NOTES:
# LAST OF SEVERAL OCCURRENCES
COLUMN 17 PEAK WIND IN M.P.H.
PRELIMINARY LOCAL CLIMATOLOGICAL DATA (WS FORM: F-6) , PAGE 2
STATION: DALLAS LOVE FIELD
MONTH: FEBRUARY
YEAR: 2021
LATITUDE: 32 50 N
LONGITUDE: 96 51 W
[TEMPERATURE DATA] [PRECIPITATION DATA] SYMBOLS USED IN COLUMN 16
AVERAGE MONTHLY: 42.9 TOTAL FOR MONTH: 1.92 1 = FOG OR MIST
DPTR FM NORMAL: -8.1 DPTR FM NORMAL: -0.67 2 = FOG REDUCING VISIBILITY
HIGHEST: 80 ON 23 GRTST 24HR 1.29 ON 25-26 TO 1/4 MILE OR LESS
LOWEST: 2 ON 16 3 = THUNDER
SNOW, ICE PELLETS, HAIL 4 = ICE PELLETS
TOTAL MONTH: 5.3 INCHES 5 = HAIL
GRTST 24HR 2.5 ON 14-14 6 = FREEZING RAIN OR DRIZZLE
GRTST DEPTH: 4 ON 18,17 7 = DUSTSTORM OR SANDSTORM:
VSBY 1/2 MILE OR LESS
8 = SMOKE OR HAZE
[NO. OF DAYS WITH] [WEATHER - DAYS WITH] 9 = BLOWING SNOW
X = TORNADO
MAX 32 OR BELOW: 7 0.01 INCH OR MORE: 9
MAX 90 OR ABOVE: 0 0.10 INCH OR MORE: 5
MIN 32 OR BELOW: 12 0.50 INCH OR MORE: 1
MIN 0 OR BELOW: 0 1.00 INCH OR MORE: 1
[HDD (BASE 65) ]
TOTAL THIS MO. 613 CLEAR (SCALE 0-3) 5
DPTR FM NORMAL 212 PTCLDY (SCALE 4-7) 11
TOTAL FM JUL 1 1810 CLOUDY (SCALE 8-10) 12
DPTR FM NORMAL -9
[CDD (BASE 65) ]
TOTAL THIS MO. 0
DPTR FM NORMAL -8 [PRESSURE DATA]
TOTAL FM JAN 1 1 HIGHEST SLP 30.57 ON 19
DPTR FM NORMAL -3 LOWEST SLP 29.64 ON 4
[REMARKS]
#FINAL-02-21#