000
CXUS55 KDVN 011000
CF6DBQ
PRELIMINARY LOCAL CLIMATOLOGICAL DATA (WS FORM: F-6)
STATION: DUBUQUE IA
MONTH: APRIL
YEAR: 2021
LATITUDE: 42 24 N
LONGITUDE: 90 42 W
TEMPERATURE IN F: :PCPN: SNOW: WIND :SUNSHINE: SKY :PK WND
================================================================================
1 2 3 4 5 6A 6B 7 8 9 10 11 12 13 14 15 16 17 18
12Z AVG MX 2MIN
DY MAX MIN AVG DEP HDD CDD WTR SNW DPTH SPD SPD DIR MIN PSBL S-S WX SPD DR
================================================================================
1 42 19 31 -11 34 0 0.00 0.0 0 6.7 14 40 M M 0 19 360
2 52 23 38 -5 27 0 0.00 0.0 0 15.7 30 170 M M 0 39 160
3 71 37 54 11 11 0 0.00 0.0 0 10.5 23 240 M M 0 30 230
4 75 40 58 14 7 0 T 0.0 0 10.7 26 180 M M 0 38 33 180
5 77 55 66 22 0 1 0.06 0.0 0 14.6 26 190 M M 4 1 33 180
6 77 55 66 22 0 1 0.00 0.0 0 13.8 22 210 M M 2 32 200
7 71 57 64 19 1 0 0.26 0.0 0 13.6 25 140 M M 3 13 39 140
8 58 47 53 8 12 0 0.15 0.0 0 13.0 21 170 M M 9 1 30 190
9 57 47 52 6 13 0 0.13 0.0 0 12.4 23 240 M M 10 18 31 240
10 51 45 48 2 17 0 1.10 0.0 0 15.1 26 10 M M 10 1 35 350
11 53 45 49 3 16 0 0.21 0.0 0 15.1 25 340 M M 10 1 33 330
12 55 38 47 0 18 0 0.00 0.0 0 13.7 26 270 M M 3 33 260
13 50 29 40 -7 25 0 0.00 0.0 0 14.8 26 260 M M 4 34 250
14 43 27 35 -13 30 0 0.00 0.0 0 10.8 22 330 M M 7 27 340
15 49 32 41 -7 24 0 0.00 0.0 0 10.1 17 340 M M 8 24 320
16 60 37 49 1 16 0 0.00 0.0 0 6.4 13 10 M M 3 19 360
17 60 36 48 -1 17 0 0.00 0.0 0 6.1 13 330 M M 1 19 350
18 63 36 50 1 15 0 T 0.0 0 6.6 21 250 M M 4 27 290
19 48 32 40 -10 25 0 0.00 0.0 0 13.4 23 310 M M 7 33 300
20 42 29 36 -14 29 0 T T M 6.0 15 330 M M 6 19 330
21 44 27 36 -14 29 0 0.00 0.0 0 11.3 21 300 M M 5 28 300
22 61 28 45 -6 20 0 0.00 0.0 0 9.9 23 270 M M 4 31 260
23 57 40 49 -2 16 0 0.00 0.0 0 9.6 21 200 M M 7 30 190
24 63 35 49 -3 16 0 0.00 0.0 0 8.3 22 320 M M 3 18 29 320
25 50 31 41 -11 24 0 0.00 0.0 0 9.7 21 130 M M 3 28 130
26 78 39 59 7 6 0 0.00 0.0 0 16.1 31 160 M M 4 40 170
27 81 57 69 17 0 4 0.00 0.0 0 11.4 22 210 M M 2 31 210
28 68 48 58 5 7 0 0.00 0.0 0 9.5 23 30 M M 2 30 40
29 72 48 60 7 5 0 T 0.0 0 11.2 29 330 M M 5 8 38 320
30 65 44 55 1 10 0 0.00 0.0 0 9.0 22 350 M M 2 28 10
================================================================================
SM 1793 1163 470 6 1.91 T 335.1 M 128
================================================================================
AV 59.8 38.8 11.2 FASTST M M 4 MAX(MPH)
MISC ----> 31 160 40 170
================================================================================
NOTES:
# LAST OF SEVERAL OCCURRENCES
COLUMN 17 PEAK WIND IN M.P.H.
PRELIMINARY LOCAL CLIMATOLOGICAL DATA (WS FORM: F-6) , PAGE 2
STATION: DUBUQUE IA
MONTH: APRIL
YEAR: 2021
LATITUDE: 42 24 N
LONGITUDE: 90 42 W
[TEMPERATURE DATA] [PRECIPITATION DATA] SYMBOLS USED IN COLUMN 16
AVERAGE MONTHLY: 49.3 TOTAL FOR MONTH: 1.91 1 = FOG OR MIST
DPTR FM NORMAL: 1.1 DPTR FM NORMAL: -1.75 2 = FOG REDUCING VISIBILITY
HIGHEST: 81 ON 27 GRTST 24HR 1.31 ON 10-11 TO 1/4 MILE OR LESS
LOWEST: 19 ON 1 3 = THUNDER
SNOW, ICE PELLETS, HAIL 4 = ICE PELLETS
TOTAL MONTH: T 5 = HAIL
GRTST 24HR T ON 20-20 6 = FREEZING RAIN OR DRIZZLE
GRTST DEPTH: 0 7 = DUSTSTORM OR SANDSTORM:
VSBY 1/2 MILE OR LESS
8 = SMOKE OR HAZE
[NO. OF DAYS WITH] [WEATHER - DAYS WITH] 9 = BLOWING SNOW
X = TORNADO
MAX 32 OR BELOW: 0 0.01 INCH OR MORE: 6
MAX 90 OR ABOVE: 0 0.10 INCH OR MORE: 5
MIN 32 OR BELOW: 10 0.50 INCH OR MORE: 1
MIN 0 OR BELOW: 0 1.00 INCH OR MORE: 1
[HDD (BASE 65) ]
TOTAL THIS MO. 470 CLEAR (SCALE 0-3) 12
DPTR FM NORMAL -40 PTCLDY (SCALE 4-7) 14
TOTAL FM JUL 1 6703 CLOUDY (SCALE 8-10) 4
DPTR FM NORMAL -118
[CDD (BASE 65) ]
TOTAL THIS MO. 6
DPTR FM NORMAL 1 [PRESSURE DATA]
TOTAL FM JAN 1 6 HIGHEST SLP 30.62 ON 1
DPTR FM NORMAL 1 LOWEST SLP 29.34 ON 11
[REMARKS]
#FINAL-04-21#