000
CXUS53 KDVN 011528
CLSDBQ
CLIMATE REPORT
NATIONAL WEATHER SERVICE QUAD CITIES IA IL
928 AM CST FRI MAR 01 2024
...................................
...THE DUBUQUE IA CLIMATE SUMMARY FOR THE SEASON, FROM
12/1/2023 TO 2/29/2024...
CLIMATE NORMAL PERIOD 1991 TO 2020
CLIMATE RECORD PERIOD 1873 TO 2024
WEATHER OBSERVED NORMAL DEPART LAST YEAR`S
VALUE DATE(S) VALUE FROM VALUE
NORMAL
..............................................................
TEMPERATURE (F)
RECORD
HIGH 72 02/26/2024
LOW -32 01/07/1887
HIGHEST 72R 02/26 37 35
02/27
LOWEST -17 01/15 11 -28
AVG. MAXIMUM 38.2 29.7 8.5
AVG. MINIMUM 23.1 14.4 8.7
MEAN 30.6 22.1 8.5
DAYS MAX >= 90 0 0.0 0.0
DAYS MAX <= 32 26 51.3 -25.3
DAYS MIN <= 32 78 85.0 -7.0
DAYS MIN <= 0 8 15.3 -7.3
PRECIPITATION (INCHES)
TOTALS 5.83 4.69 1.14
DAILY AVG. 0.06
DAYS >= .01 28 27.1 0.9
DAYS >= .10 14
DAYS >= .50 3
DAYS >= 1.00 1 0.4 0.6
GREATEST
24 HR. TOTAL 1.38 01/08 TO 01/09
SNOWFALL (INCHES)
TOTALS 33.7 31.6 2.1
SINCE 7/1 36.3 34.9 1.4
SNOWDEPTH AVG. 3
DAYS >= TRACE 25 21.0 4.0
DAYS >= 1.0 6 10.0 -4.0
GREATEST
SNOW DEPTH 18 01/13
24 HR TOTAL 12.0 01/08 TO 01/09
DEGREE DAYS
HEATING TOTAL 3112 3865 -753
SINCE 7/1 4373 5440 -1067
COOLING TOTAL 0 0 0
SINCE 1/1 0 0 0
..............................................................
WIND (MPH)
AVERAGE WIND SPEED 10.3
HIGHEST WIND SPEED/DIRECTION 35/320 DATE 12/18
HIGHEST GUST SPEED/DIRECTION 47/340 DATE 02/28
SKY COVER
AVERAGE SKY COVER 0.54
NUMBER OF DAYS FAIR 34
NUMBER OF DAYS PC 19
NUMBER OF DAYS CLOUDY 38
AVERAGE RH (PERCENT) 76
WEATHER CONDITIONS. NUMBER OF DAYS WITH
THUNDERSTORM 2 HAIL 0
SLEET 0 FOG 49
FOG W/VIS <= 1/4 MILE 19 HAZE 21
- INDICATES NEGATIVE NUMBERS.
R INDICATES RECORD WAS SET OR TIED.
MM INDICATES DATA IS MISSING.
T INDICATES TRACE AMOUNT.
$$
===================================================================
NOTE: SUPPLEMENTAL CLIMATE DATA WAS USED FROM A NEARBY
CLIMATOLOGICALLY REPRESENTATIVE STATION.
===================================================================
PARAMETER DATE
--------- ----
SNW ALL OBSERVED SNW ABOVE
WTR 12/2, 12/28, 12/31, 1/8, 1/9, 1/10, 1/11, 1/12,
1/13, 1/18
GROSS