000
CXUS53 KDDC 161417 CCA
CLADDC
CLIMATE REPORT
NATIONAL WEATHER SERVICE DODGE CITY KS
1247 PM CST THU JAN 2 2020
...................................
...THE DODGE CITY KS CLIMATE SUMMARY FOR THE YEAR OF 2019...
CLIMATE NORMAL PERIOD 1981 TO 2010
CLIMATE RECORD PERIOD 1875 TO 2020
WEATHER OBSERVED NORMAL DEPART LAST YEAR`S
VALUE DATE(S) VALUE FROM VALUE DATE(S)
NORMAL
................................................................
TEMPERATURE (F)
RECORD
HIGH 111 06/27/2012
LOW -26 02/12/1899
HIGHEST 105 07/31 MM MM 104 06/10
07/20
LOWEST -1 03/04 MM MM -9 01/01
AVG. MAXIMUM 67.9 68.2 -0.3 69.8
AVG. MINIMUM 42.2 42.6 -0.4 41.9
MEAN 55.1 55.4 -0.3 55.8
DAYS MAX >= 90 72 62.8 9.2 87
DAYS MAX <= 32 21 18.3 2.7 16
DAYS MIN <= 32 145 122.6 22.4 137
DAYS MIN <= 0 1 2.6 -1.6 4
PRECIPITATION (INCHES)
RECORD
MAXIMUM 34.29 1944
MINIMUM 9.97 1956
TOTALS 22.89 21.60 1.29 27.97
DAYS >= .01 76 76.8 -0.8 79
DAYS >= .10 38 41.7 -3.7 46
DAYS >= .50 18 13.6 4.4 18
DAYS >= 1.00 6 4.6 1.4 6
GREATEST
24 HR. TOTAL 2.24 05/20 TO 05/21 08/18 TO 08/19
SNOWFALL (INCHES)
RECORDS
TOTAL 44.7 1948
24 HR TOTAL 15.0 02/25/1912 TO 02/25/1912
SNOW DEPTH 14 03/13/1999
11/26/1992
03/26/1957
TOTALS 19.8 21.1 -1.3 9.2
SINCE 7/1 2.2 6.3 -4.1 5.6
SNOWDEPTH AVG. 0 MM MM 0
DAYS >= 1.0 6 5.8 0.2 5
GREATEST
SNOW DEPTH 5 02/24 2 11/26
11/12
24 HR TOTAL 5.3 02/23 TO 02/23 11/25 TO 11/25
DEGREE_DAYS
HEATING TOTAL 5153 4965 188 4962
SINCE 7/1 1953 2014 -61 2120
COOLING TOTAL 1689 1462 227 1757
SINCE 1/1 1689 1463 226 1757
FREEZE DATES
.................................................................
WIND (MPH)
AVERAGE WIND SPEED 12.6
HIGHEST WIND SPEED/DIRECTION 47/320 DATE 03/14
HIGHEST GUST SPEED/DIRECTION 71/320 DATE 03/14
SKY COVER
POSSIBLE SUNSHINE (PERCENT) MM
AVERAGE SKY COVER 0.20
NUMBER OF DAYS FAIR 258
NUMBER OF DAYS PC 69
NUMBER OF DAYS CLOUDY 38
WEATHER CONDITIONS. NUMBER OF DAYS WITH
THUNDERSTORM 54 MIXED PRECIP 0
HEAVY RAIN 30 RAIN 38
LIGHT RAIN 81 FREEZING RAIN 0
LT FREEZING RAIN 4 HAIL 0
HEAVY SNOW 3 SNOW 3
LIGHT SNOW 33 SLEET 0
FOG 158 FOG W/VIS <= 1/4 MILE 37
HAZE 176 BLOWING SNOW 0
TORNADO 0
- INDICATES NEGATIVE NUMBERS.
R INDICATES RECORD WAS SET OR TIED.
MM INDICATES DATA IS MISSING.
T INDICATES TRACE AMOUNT.
$$