000
CXUS55 KALY 010810
CF6DDH
PRELIMINARY LOCAL CLIMATOLOGICAL DATA (WS FORM: F-6)
STATION: BENNINGTON VT
MONTH: NOVEMBER
YEAR: 2022
LATITUDE: 42 53 N
LONGITUDE: 73 15 W
TEMPERATURE IN F: :PCPN: SNOW: WIND :SUNSHINE: SKY :PK WND
================================================================================
1 2 3 4 5 6A 6B 7 8 9 10 11 12 13 14 15 16 17 18
12Z AVG MX 2MIN
DY MAX MIN AVG DEP HDD CDD WTR SNW DPTH SPD SPD DIR MIN PSBL S-S WX SPD DR
================================================================================
1 66 52 59 15 6 0 T M M 1.5 8 270 M M 9 13 200
2 66 35 51 8 14 0 0.00 M M 2.3 12 280 M M 1 8 15 330
3 69 31 50 7 15 0 0.00 M M 2.2 12 220 M M 0 15 210
4 71 36 54 12 11 0 0.00 M M 5.3 21 200 M M 0 29 190
5 75 63 69 27 0 4 T M M 12.0 24 180 M M 3 31 170
6 72 68 70 28 0 5 T M M 16.2 30 190 M M 7 45 180
7 71 44 58 16 7 0 0.43 M M 9.1 22 280 M M 3 33 270
8 49 27 38 -3 27 0 0.00 M M 8.0 21 360 M M 0 26 350
9 53 22 38 -3 27 0 0.00 M M 1.0 7 120 M M 0 8 9 130
10 67 27 47 6 18 0 0.00 M M 2.5 10 230 M M 0 14 200
11 71 43 57 17 8 0 0.29 M M 8.2 30 160 M M 6 38 150
12 72 45 59 19 6 0 0.44 M M 10.3 28 190 M M 9 40 180
13 47 34 41 1 24 0 0.03 M M 6.0 16 280 M M 9 24 300
14 39 23 31 -8 34 0 0.00 M M 6.4 16 260 M M 4 23 250
15 38 17 28 -11 37 0 0.14 M M 1.7 10 210 M M 3 13 130
16 38 33 36 -3 29 0 0.35 M M 6.4 17 110 M M 10 68 26 110
17 40 30 35 -3 30 0 0.06 M M 7.3 23 310 M M 9 8 36 330
18 40 26 33 -5 32 0 T M M 4.9 13 240 M M 8 20 230
19 38 21 30 -8 35 0 0.00 M M 5.4 14 180 M M 2 18 180
20 32 24 28 -10 37 0 T M M 10.0 26 270 M M 7 8 42 260
21 39 15 27 -10 38 0 0.00 M M 7.9 17 190 M M 3 26 190
22 45 25 35 -2 30 0 0.00 M M 3.5 12 220 M M 3 17 230
23 46 27 37 1 28 0 0.00 M M 3.7 13 270 M M 7 18 270
24 50 22 36 0 29 0 0.00 M M 2.1 10 180 M M 0 8 13 190
25 49 34 42 6 23 0 0.04 M M 7.5 16 280 M M 8 26 270
26 48 27 38 2 27 0 0.00 M M 5.2 14 250 M M 4 19 320
27 51 27 39 4 26 0 1.28 M M 1.9 16 170 M M 5 3 20 170
28 51 35 43 8 22 0 0.01 M M 7.2 18 260 M M 10 28 270
29 36 27 32 -2 33 0 0.00 M M 3.6 8 350 M M 8 11 300
30 56 32 44 10 21 0 0.46 M M 13.2 30 200 M M 7 43 160
================================================================================
SM 1585 972 674 9 3.53 M 182.5 M 145
================================================================================
AV 52.8 32.4 6.1 FASTST M M 5 MAX(MPH)
MISC ----> # 30 190 45 180
================================================================================
NOTES:
# LAST OF SEVERAL OCCURRENCES
COLUMN 17 PEAK WIND IN M.P.H.
PRELIMINARY LOCAL CLIMATOLOGICAL DATA (WS FORM: F-6) , PAGE 2
STATION: BENNINGTON VT
MONTH: NOVEMBER
YEAR: 2022
LATITUDE: 42 53 N
LONGITUDE: 73 15 W
[TEMPERATURE DATA] [PRECIPITATION DATA] SYMBOLS USED IN COLUMN 16
AVERAGE MONTHLY: 42.6 TOTAL FOR MONTH: 3.53 1 = FOG OR MIST
DPTR FM NORMAL: 3.7 DPTR FM NORMAL: 0.76 2 = FOG REDUCING VISIBILITY
HIGHEST: 75 ON 5 GRTST 24HR 1.29 ON 27-28 TO 1/4 MILE OR LESS
LOWEST: 15 ON 21 3 = THUNDER
SNOW, ICE PELLETS, HAIL 4 = ICE PELLETS
TOTAL MONTH: M 5 = HAIL
GRTST 24HR M ON M 6 = FREEZING RAIN OR DRIZZLE
GRTST DEPTH: M ON M 7 = DUSTSTORM OR SANDSTORM:
VSBY 1/2 MILE OR LESS
8 = SMOKE OR HAZE
[NO. OF DAYS WITH] [WEATHER - DAYS WITH] 9 = BLOWING SNOW
X = TORNADO
MAX 32 OR BELOW: 1 0.01 INCH OR MORE: 11
MAX 90 OR ABOVE: 0 0.10 INCH OR MORE: 7
MIN 32 OR BELOW: 18 0.50 INCH OR MORE: 1
MIN 0 OR BELOW: 0 1.00 INCH OR MORE: 1
[HDD (BASE 65) ]
TOTAL THIS MO. 674 CLEAR (SCALE 0-3) 12
DPTR FM NORMAL -109 PTCLDY (SCALE 4-7) 12
TOTAL FM JUL 1 1304 CLOUDY (SCALE 8-10) 6
DPTR FM NORMAL -221
[CDD (BASE 65) ]
TOTAL THIS MO. 9
DPTR FM NORMAL 9 [PRESSURE DATA]
TOTAL FM JAN 1 539 HIGHEST SLP 30.69 ON 9
DPTR FM NORMAL 168 LOWEST SLP 29.27 ON 27
[REMARKS]
#FINAL-11-22#