542
CXUS55 KALY 010710
CF6DDH
PRELIMINARY LOCAL CLIMATOLOGICAL DATA (WS FORM: F-6)
STATION: BENNINGTON VT
MONTH: JUNE
YEAR: 2020
LATITUDE: 42 53 N
LONGITUDE: 73 15 W
TEMPERATURE IN F: :PCPN: SNOW: WIND :SUNSHINE: SKY :PK WND
================================================================================
1 2 3 4 5 6A 6B 7 8 9 10 11 12 13 14 15 16 17 18
12Z AVG MX 2MIN
DY MAX MIN AVG DEP HDD CDD WTR SNW DPTH SPD SPD DIR MIN PSBL S-S WX SPD DR
================================================================================
1 61 32 47 -13 18 0 0.02 M M 3.1 13 270 M M 5 1 18 330
2 67 38 53 -7 12 0 0.01 M M 2.4 10 240 M M 8 1 15 230
3 76 55 66 6 0 1 0.00 M M 3.1 15 230 M M 8 23 280
4 84 54 69 9 0 4 0.00 M M 4.1 13 260 M M 4 12 21 210
5 83 63 73 12 0 8 0.01 M M 2.8 13 200 M M 4 17 200
6 82 51 67 6 0 2 0.00 M M 6.3 23 270 M M 5 1 34 340
7 69 44 57 -4 8 0 0.00 M M 7.4 22 350 M M 4 29 330
8 77 41 59 -3 6 0 0.00 M M 4.1 14 350 M M 1 21 340
9 83 53 68 6 0 3 0.00 M M 3.5 14 240 M M 5 19 110
10 81 63 72 10 0 7 T M M 9.0 24 140 M M 4 34 140
11 83 56 70 7 0 5 0.69 M M 7.4 22 180 M M 5 12 30 180
12 77 50 64 1 1 0 0.00 M M 6.3 18 270 M M 1 1 28 280
13 62 38 50 -13 15 0 0.00 M M 5.1 14 360 M M 4 20 10
14 69 34 52 -12 13 0 0.00 M M 2.9 12 330 M M 4 16 340
15 75 43 59 -5 6 0 0.00 M M 2.0 12 360 M M 4 14 10
16 81 42 62 -2 3 0 0.00 M M 2.4 12 140 M M 0 15 140
17 85 46 66 2 0 1 0.00 M M 2.2 9 220 M M 0 14 210
18 87 50 69 4 0 4 0.00 M M 2.1 10 220 M M 0 17 240
19 86 61 74 9 0 9 0.00 M M 2.5 9 200 M M 4 1 13 190
20 89 60 75 10 0 10 0.00 M M 2.1 10 250 M M 1 14 260
21 90 60 75 10 0 10 0.00 M M 3.2 9 240 M M 1 12 14 250
22 91 62 77 11 0 12 T M M 2.2 13 100 M M 3 18 100
23 90 65 78 12 0 13 0.00 M M 7.7 21 170 M M 2 1 27 160
24 80 57 69 3 0 4 0.41 M M 3.9 15 260 M M 5 18 25 250
25 80 52 66 0 0 1 0.01 M M 4.0 17 190 M M 4 1 24 200
26 81 55 68 2 0 3 0.00 M M 3.1 15 240 M M 1 20 260
27 72 52 62 -5 3 0 0.03 M M 1.3 10 210 M M 5 18 14 210
28 79 59 69 2 0 4 0.02 M M 1.7 8 260 M M 6 1 13 300
29 79 63 71 4 0 6 0.01 M M 3.2 13 330 M M 8 18 18 310
30 78 61 70 3 0 5 1.70 M M 1.8 13 130 M M 8 128 23 210
================================================================================
SM 2377 1560 85 112 2.91 M 112.9 M 114
================================================================================
AV 79.2 52.0 3.8 FASTST M M 4 MAX(MPH)
MISC ----> 24 140 # 34 340
================================================================================
NOTES:
# LAST OF SEVERAL OCCURRENCES
COLUMN 17 PEAK WIND IN M.P.H.
PRELIMINARY LOCAL CLIMATOLOGICAL DATA (WS FORM: F-6) , PAGE 2
STATION: BENNINGTON VT
MONTH: JUNE
YEAR: 2020
LATITUDE: 42 53 N
LONGITUDE: 73 15 W
[TEMPERATURE DATA] [PRECIPITATION DATA] SYMBOLS USED IN COLUMN 16
AVERAGE MONTHLY: 65.6 TOTAL FOR MONTH: 2.91 1 = FOG OR MIST
DPTR FM NORMAL: 1.9 DPTR FM NORMAL: -1.22 2 = FOG REDUCING VISIBILITY
HIGHEST: 91 ON 22 GRTST 24HR 1.71 ON 29-30 TO 1/4 MILE OR LESS
LOWEST: 32 ON 1 3 = THUNDER
SNOW, ICE PELLETS, HAIL 4 = ICE PELLETS
TOTAL MONTH: M 5 = HAIL
GRTST 24HR M ON M 6 = FREEZING RAIN OR DRIZZLE
GRTST DEPTH: M ON M 7 = DUSTSTORM OR SANDSTORM:
VSBY 1/2 MILE OR LESS
8 = SMOKE OR HAZE
[NO. OF DAYS WITH] [WEATHER - DAYS WITH] 9 = BLOWING SNOW
X = TORNADO
MAX 32 OR BELOW: 0 0.01 INCH OR MORE: 10
MAX 90 OR ABOVE: 3 0.10 INCH OR MORE: 3
MIN 32 OR BELOW: 1 0.50 INCH OR MORE: 2
MIN 0 OR BELOW: 0 1.00 INCH OR MORE: 1
[HDD (BASE 65) ]
TOTAL THIS MO. 85 CLEAR (SCALE 0-3) 10
DPTR FM NORMAL -12 PTCLDY (SCALE 4-7) 18
TOTAL FM JUL 1 6744 CLOUDY (SCALE 8-10) 2
DPTR FM NORMAL -491
[CDD (BASE 65) ]
TOTAL THIS MO. 112
DPTR FM NORMAL 54 [PRESSURE DATA]
TOTAL FM JAN 1 152 HIGHEST SLP M ON M
DPTR FM NORMAL 80 LOWEST SLP 29.54 ON 3
[REMARKS]
#FINAL-06-20#