000
CXUS53 KILX 010900
CF6DEC
PRELIMINARY LOCAL CLIMATOLOGICAL DATA (WS FORM: F-6)
STATION: DECATUR IL AIRPORT
MONTH: OCTOBER
YEAR: 2023
LATITUDE: 39 49 N
LONGITUDE: 88 51 W
TEMPERATURE IN F: :PCPN: SNOW: WIND :SUNSHINE: SKY :PK WND
================================================================================
1 2 3 4 5 6A 6B 7 8 9 10 11 12 13 14 15 16 17 18
12Z AVG MX 2MIN
DY MAX MIN AVG DEP HDD CDD WTR SNW DPTH SPD SPD DIR MIN PSBL S-S WX SPD DR
================================================================================
1 87 52 70 9 0 5 0.00 M M 4.0 16 120 M M 0 24 110
2 88 54 71 10 0 6 0.00 M M 3.6 13 150 M M 0 1 17 150
3 89 53 71 10 0 6 0.00 M M 6.5 16 180 M M 0 22 180
4 84 64 74 14 0 9 0.00 M M 10.2 25 210 M M 4 33 210
5 72 59 66 6 0 1 1.22 M M 8.8 21 200 M M 7 1 30 210
6 66 48 57 -2 8 0 0.01 M M 11.6 26 320 M M 3 38 320
7 63 43 53 -6 12 0 0.00 M M 9.8 21 320 M M 2 29 320
8 63 43 53 -5 12 0 T M M 5.6 12 30 M M 8 16 30
9 64 39 52 -6 13 0 0.00 M M 5.3 16 310 M M 1 22 320
10 65 35 50 -8 15 0 0.00 M M 6.3 18 280 M M 0 28 280
11 75 37 56 -1 9 0 0.00 M M 6.1 17 180 M M 5 24 190
12 79 48 64 7 1 0 0.00 M M 8.1 18 150 M M 1 1 23 160
13 67 54 61 5 4 0 0.92 M M 9.4 21 260 M M 8 138 29 270
14 58 51 55 -1 10 0 0.03 M M 12.4 25 350 M M 10 1 35 30
15 57 47 52 -4 13 0 T M M 11.6 21 330 M M 8 28 340
16 57 41 49 -6 16 0 0.00 M M 7.6 17 340 M M 6 1 24 330
17 65 37 51 -4 14 0 0.00 M M 4.4 13 260 M M 0 1 20 240
18 71 43 57 3 8 0 0.05 M M 13.4 24 190 M M 2 34 210
19 61 54 58 4 7 0 0.12 M M 10.5 18 270 M M 9 1 27 260
20 66 45 56 2 9 0 0.00 M M 10.4 24 330 M M 1 35 330
21 73 44 59 6 6 0 0.00 M M 13.1 26 300 M M 0 40 310
22 62 39 51 -2 14 0 0.00 M M 5.2 16 350 M M 0 21 350
23 73 38 56 4 9 0 0.00 M M 12.4 22 180 M M 0 29 160
24 76 56 66 14 0 1 0.00 M M 12.0 18 190 M M 2 25 190
25 72 62 67 15 0 2 0.14 M M 13.6 22 190 M M 9 1 30 200
26 73 63 68 17 0 3 0.07 M M 12.2 26 210 M M 7 1 39 200
27 73 46 60 9 5 0 0.11 M M 10.8 22 310 M M 9 13 30 330
28 51 40 46 -4 19 0 0.74 M M 11.7 20 330 M M 10 1 25 330
29 47 39 43 -7 22 0 0.29 M M 13.2 22 340 M M 10 1 31 360
30 43 30 37 -13 28 0 T M M 10.4 18 340 M M 4 1 26 320
31 39 25 32 -17 33 0 0.00 M M 13.2 29 280 M M M 41 270
================================================================================
SM 2079 1429 287 33 3.70 M 293.4 M 126
================================================================================
AV 67.1 46.1 9.5 FASTST M M 4 MAX(MPH)
MISC ----> 29 280 41 270
================================================================================
NOTES:
# LAST OF SEVERAL OCCURRENCES
COLUMN 17 PEAK WIND IN M.P.H.
PRELIMINARY LOCAL CLIMATOLOGICAL DATA (WS FORM: F-6) , PAGE 2
STATION: DECATUR IL AIRPORT
MONTH: OCTOBER
YEAR: 2023
LATITUDE: 39 49 N
LONGITUDE: 88 51 W
[TEMPERATURE DATA] [PRECIPITATION DATA] SYMBOLS USED IN COLUMN 16
AVERAGE MONTHLY: 56.6 TOTAL FOR MONTH: 3.70 1 = FOG OR MIST
DPTR FM NORMAL: 1.4 DPTR FM NORMAL: 0.52 2 = FOG REDUCING VISIBILITY
HIGHEST: 89 ON 3 GRTST 24HR 1.22 ON 5- 5 TO 1/4 MILE OR LESS
LOWEST: 25 ON 31 3 = THUNDER
SNOW, ICE PELLETS, HAIL 4 = ICE PELLETS
TOTAL MONTH: M 5 = HAIL
GRTST 24HR M ON M 6 = FREEZING RAIN OR DRIZZLE
GRTST DEPTH: M ON M 7 = DUSTSTORM OR SANDSTORM:
VSBY 1/2 MILE OR LESS
8 = SMOKE OR HAZE
[NO. OF DAYS WITH] [WEATHER - DAYS WITH] 9 = BLOWING SNOW
X = TORNADO
MAX 32 OR BELOW: 0 0.01 INCH OR MORE: 11
MAX 90 OR ABOVE: 0 0.10 INCH OR MORE: 7
MIN 32 OR BELOW: 2 0.50 INCH OR MORE: 3
MIN 0 OR BELOW: 0 1.00 INCH OR MORE: 1
[HDD (BASE 65) ]
TOTAL THIS MO. 287 CLEAR (SCALE 0-3) 14
DPTR FM NORMAL -38 PTCLDY (SCALE 4-7) 8
TOTAL FM JUL 1 301 CLOUDY (SCALE 8-10) 9
DPTR FM NORMAL -95
[CDD (BASE 65) ]
TOTAL THIS MO. 33
DPTR FM NORMAL 11 [PRESSURE DATA]
TOTAL FM JAN 1 1135 HIGHEST SLP M ON M
DPTR FM NORMAL 31 LOWEST SLP 29.65 ON 21
[REMARKS]
#FINAL-10-23#