000
CXUS56 KOTX 010910
CF6DEW
PRELIMINARY LOCAL CLIMATOLOGICAL DATA (WS FORM: F-6)
STATION: DEER_PARK WA AIRPORT
MONTH: SEPTEMBER
YEAR: 2023
LATITUDE: 47 58 N
LONGITUDE: 117 25 W
TEMPERATURE IN F: :PCPN: SNOW: WIND :SUNSHINE: SKY :PK WND
================================================================================
1 2 3 4 5 6A 6B 7 8 9 10 11 12 13 14 15 16 17 18
12Z AVG MX 2MIN
DY MAX MIN AVG DEP HDD CDD WTR SNW DPTH SPD SPD DIR MIN PSBL S-S WX SPD DR
================================================================================
1 80 52 66 4 0 1 0.00 M M 5.1 12 360 M M 0 1 17 30
2 85 47 66 5 0 1 0.00 M M 2.9 10 200 M M 0 1 14 190
3 72 57 65 4 0 0 0.01 M M 4.8 13 180 M M 6 16 180
4 64 47 56 -5 9 0 0.02 M M 3.4 13 200 M M 8 1 14 200
5 75 42 59 -1 6 0 0.00 M M 3.7 10 160 M M 2 12 15 180
6 73 42 58 -2 7 0 0.00 M M 1.3 7 280 M M 0 12 280
7 78 39 59 -1 6 0 0.00 M M 2.4 12 170 M M 1 1 15 340
8 78 43 61 1 4 0 0.00 M M 2.5 12 10 M M 0 M M
9 84 52 68 9 0 3 0.00 M M 7.3 14 60 M M 0 19 30
10 87 53 70 11 0 5 0.00 M M 6.4 16 40 M M 0 22 30
11 80 49 65 6 0 0 0.00 M M 2.2 8 30 M M 0 12 20
12 77 49 63 5 2 0 0.00 M M 5.5 12 230 M M 1 16 150
13 77 44 61 3 4 0 0.00 M M 2.8 13 210 M M 0 17 220
14 81 37 59 1 6 0 0.00 M M 1.3 14 190 M M 0 17 190
15 83 37 60 3 5 0 0.00 M M 2.5 7 290 M M 0 10 180
16 87 39 63 6 2 0 0.00 M M 2.6 8 60 M M 0 17 90
17 79 45 62 5 3 0 0.00 M M 5.5 17 210 M M 0 20 220
18 76 39 58 2 7 0 0.00 M M 7.9 26 220 M M 2 8 33 220
19 67 33 50 -6 15 0 0.00 M M 4.4 17 240 M M 3 20 220
20 63 35 49 -7 16 0 0.05 M M 4.6 13 20 M M 5 16 40
21 73 46 60 5 5 0 T M M 9.8 23 50 M M 4 34 40
22 61 45 53 -2 12 0 0.00 M M 4.2 13 160 M M 10 8 17 150
23 72 41 57 3 8 0 0.00 M M 3.6 13 190 M M 4 12 16 200
24 68 50 59 5 6 0 0.03 M M 3.6 12 230 M M 6 14 240
25 77 53 65 11 0 0 0.02 M M 7.3 21 260 M M 4 28 250
26 62 40 51 -2 14 0 0.13 M M 5.8 18 250 M M 7 1 24 260
27 57 39 48 -5 17 0 0.56 M M 5.6 20 240 M M 8 1 26 240
28 57 37 47 -5 18 0 0.28 M M 6.7 18 340 M M 8 1 23 320
29 58 36 47 -5 18 0 0.00 M M 2.8 9 20 M M 8 12 13 40
30 61 36 49 -3 16 0 0.00 M M 5.5 16 50 M M 7 21 50
================================================================================
SM 2192 1304 206 10 1.10 M 134.0 M 94
================================================================================
AV 73.1 43.5 4.5 FASTST M M 3 MAX(MPH)
MISC ----> 26 220 34 40
================================================================================
NOTES:
# LAST OF SEVERAL OCCURRENCES
COLUMN 17 PEAK WIND IN M.P.H.
PRELIMINARY LOCAL CLIMATOLOGICAL DATA (WS FORM: F-6) , PAGE 2
STATION: DEER_PARK WA AIRPORT
MONTH: SEPTEMBER
YEAR: 2023
LATITUDE: 47 58 N
LONGITUDE: 117 25 W
[TEMPERATURE DATA] [PRECIPITATION DATA] SYMBOLS USED IN COLUMN 16
AVERAGE MONTHLY: 58.3 TOTAL FOR MONTH: 1.10 1 = FOG OR MIST
DPTR FM NORMAL: 1.3 DPTR FM NORMAL: 0.28 2 = FOG REDUCING VISIBILITY
HIGHEST: 87 ON 16,10 GRTST 24HR 0.56 ON 27-27 TO 1/4 MILE OR LESS
LOWEST: 33 ON 19 3 = THUNDER
SNOW, ICE PELLETS, HAIL 4 = ICE PELLETS
TOTAL MONTH: M 5 = HAIL
GRTST 24HR M ON M 6 = FREEZING RAIN OR DRIZZLE
GRTST DEPTH: M ON M 7 = DUSTSTORM OR SANDSTORM:
VSBY 1/2 MILE OR LESS
8 = SMOKE OR HAZE
[NO. OF DAYS WITH] [WEATHER - DAYS WITH] 9 = BLOWING SNOW
X = TORNADO
MAX 32 OR BELOW: 0 0.01 INCH OR MORE: 8
MAX 90 OR ABOVE: 0 0.10 INCH OR MORE: 3
MIN 32 OR BELOW: 0 0.50 INCH OR MORE: 1
MIN 0 OR BELOW: 0 1.00 INCH OR MORE: 0
[HDD (BASE 65) ]
TOTAL THIS MO. 206 CLEAR (SCALE 0-3) 17
DPTR FM NORMAL -50 PTCLDY (SCALE 4-7) 11
TOTAL FM JUL 1 256 CLOUDY (SCALE 8-10) 2
DPTR FM NORMAL -126
[CDD (BASE 65) ]
TOTAL THIS MO. 10
DPTR FM NORMAL -4 [PRESSURE DATA]
TOTAL FM JAN 1 408 HIGHEST SLP M ON M
DPTR FM NORMAL 192 LOWEST SLP 29.77 ON 3
[REMARKS]
#FINAL-09-23#