000
CXUS53 KIWX 010810
CF6DFI
PRELIMINARY LOCAL CLIMATOLOGICAL DATA (WS FORM: F-6)
STATION: DEFIANCE MEMORIAL
MONTH: JULY
YEAR: 2023
LATITUDE: 41 20 N
LONGITUDE: 84 26 W
TEMPERATURE IN F: :PCPN: SNOW: WIND :SUNSHINE: SKY :PK WND
================================================================================
1 2 3 4 5 6A 6B 7 8 9 10 11 12 13 14 15 16 17 18
12Z AVG MX 2MIN
DY MAX MIN AVG DEP HDD CDD WTR SNW DPTH SPD SPD DIR MIN PSBL S-S WX SPD DR
================================================================================
1 83 71 77 4 0 12 0.29 M M 2.8 16 230 M M 6 138 25 240
2 83 68 76 3 0 11 1.28 M M 4.6 17 180 M M 7 13 27 230
3 86 65 76 3 0 11 0.00 M M 4.5 13 310 M M 4 12 18 360
4 88 66 77 4 0 12 0.00 M M 2.6 10 230 M M 1 18 14 220
5 90 67 79 6 0 14 0.00 M M 3.8 12 170 M M 2 138 19 180
6 86 68 77 4 0 12 T M M 6.1 18 320 M M 3 26 310
7 83 64 74 1 0 9 0.00 M M 4.2 10 120 M M 4 16 130
8 77 65 71 -2 0 6 0.18 M M 4.8 13 90 M M 8 1 18 280
9 81 59 70 -3 0 5 0.00 M M 3.2 12 340 M M 3 15 350
10 85 56 71 -2 0 6 0.00 M M 3.5 12 220 M M 0 17 230
11 88 62 75 2 0 10 0.00 M M 6.8 17 230 M M 1 8 28 230
12 83 64 74 1 0 9 0.16 M M 4.6 24 200 M M 6 13 38 190
13 78 62 70 -3 0 5 T M M 5.6 23 200 M M 5 36 200
14 87 59 73 0 0 8 T M M 4.9 14 300 M M 2 13 26 210
15 77 67 72 -1 0 7 0.41 M M 3.9 23 340 M M 5 13 32 340
16 82 62 72 -1 0 7 0.00 M M 4.0 13 260 M M 6 128 21 280
17 82 62 72 -1 0 7 0.00 M M 6.0 15 310 M M 1 18 22 240
18 81 57 69 -4 0 4 0.00 M M 2.0 7 60 M M 2 11 240
19 84 57 71 -2 0 6 0.00 M M 2.7 10 100 M M 2 14 150
20 86 63 75 2 0 10 0.04 M M 5.2 18 220 M M 3 138 29 220
21 81 60 71 -2 0 6 0.00 M M 4.7 14 340 M M 3 20 360
22 81 56 69 -4 0 4 0.55 M M 2.9 22 350 M M 3 13 33 350
23 81 57 69 -4 0 4 T M M 3.6 24 300 M M 1 13 34 290
24 85 58 72 -1 0 7 0.00 M M 1.4 9 200 M M 2 12 13 190
25 88 60 74 1 0 9 0.00 M M 1.9 8 190 M M 0 18 11 10
26 87 65 76 3 0 11 0.74 M M 7.5 28 290 M M 4 138 45 300
27 88 68 78 5 0 13 0.00 M M 2.8 8 330 M M 2 18 12 320
28 88 71 80 7 0 15 0.01 M M 3.8 14 310 M M 1 13 19 310
29 84 64 74 2 0 9 0.76 M M 7.1 20 340 M M 5 13 32 270
30 83 59 71 -1 0 6 0.00 M M 4.4 12 350 M M 2 1 19 20
31 80 54 67 -5 0 2 0.00 M M 2.4 12 10 M M 1 15 360
================================================================================
SM 2596 1936 0 257 4.42 M 128.3 M 95
================================================================================
AV 83.7 62.5 4.1 FASTST M M 3 MAX(MPH)
MISC ----> 28 290 45 300
================================================================================
NOTES:
# LAST OF SEVERAL OCCURRENCES
COLUMN 17 PEAK WIND IN M.P.H.
PRELIMINARY LOCAL CLIMATOLOGICAL DATA (WS FORM: F-6) , PAGE 2
STATION: DEFIANCE MEMORIAL
MONTH: JULY
YEAR: 2023
LATITUDE: 41 20 N
LONGITUDE: 84 26 W
[TEMPERATURE DATA] [PRECIPITATION DATA] SYMBOLS USED IN COLUMN 16
AVERAGE MONTHLY: 73.1 TOTAL FOR MONTH: 4.42 1 = FOG OR MIST
DPTR FM NORMAL: 0.2 DPTR FM NORMAL: 0.79 2 = FOG REDUCING VISIBILITY
HIGHEST: 90 ON 5 GRTST 24HR 1.28 ON 2- 2 TO 1/4 MILE OR LESS
LOWEST: 54 ON 31 3 = THUNDER
SNOW, ICE PELLETS, HAIL 4 = ICE PELLETS
TOTAL MONTH: M 5 = HAIL
GRTST 24HR M ON M 6 = FREEZING RAIN OR DRIZZLE
GRTST DEPTH: M ON M 7 = DUSTSTORM OR SANDSTORM:
VSBY 1/2 MILE OR LESS
8 = SMOKE OR HAZE
[NO. OF DAYS WITH] [WEATHER - DAYS WITH] 9 = BLOWING SNOW
X = TORNADO
MAX 32 OR BELOW: 0 0.01 INCH OR MORE: 10
MAX 90 OR ABOVE: 1 0.10 INCH OR MORE: 8
MIN 32 OR BELOW: 0 0.50 INCH OR MORE: 4
MIN 0 OR BELOW: 0 1.00 INCH OR MORE: 1
[HDD (BASE 65) ]
TOTAL THIS MO. 0 CLEAR (SCALE 0-3) 18
DPTR FM NORMAL -4 PTCLDY (SCALE 4-7) 13
TOTAL FM JUL 1 0 CLOUDY (SCALE 8-10) 0
DPTR FM NORMAL 0
[CDD (BASE 65) ]
TOTAL THIS MO. 257
DPTR FM NORMAL 7 [PRESSURE DATA]
TOTAL FM JAN 1 431 HIGHEST SLP 30.17 ON 31
DPTR FM NORMAL -38 LOWEST SLP 29.68 ON 13
[REMARKS]
#FINAL-07-23#