000
CXUS52 KTAE 010900
CF6DHN
PRELIMINARY LOCAL CLIMATOLOGICAL DATA (WS FORM: F-6)
STATION: DOTHAN
MONTH: DECEMBER
YEAR: 2023
LATITUDE: 31 19 N
LONGITUDE: 85 27 W
TEMPERATURE IN F: :PCPN: SNOW: WIND :SUNSHINE: SKY :PK WND
================================================================================
1 2 3 4 5 6A 6B 7 8 9 10 11 12 13 14 15 16 17 18
12Z AVG MX 2MIN
DY MAX MIN AVG DEP HDD CDD WTR SNW DPTH SPD SPD DIR MIN PSBL S-S WX SPD DR
================================================================================
1 68 52 60 5 5 0 0.29 0.0 0 6.7 14 190 M M 6 12 18 150
2 68 61 65 10 0 0 1.57 M M 10.8 20 150 M M 8 123 23 180
3 71 57 64 9 1 0 0.87 M M 6.2 15 310 M M 5 1 19 170
4 70 48 59 4 6 0 0.00 M M 6.9 21 280 M M 0 8 25 280
5 64 41 53 -2 12 0 0.00 0.0 M 6.1 15 300 M M 0 17 300
6 59 37 48 -6 17 0 0.00 0.0 M 8.1 18 350 M M 0 24 20
7 61 33 47 -7 18 0 0.00 M M 1.5 8 140 M M 0 13 120
8 65 40 53 -1 12 0 T M M 5.6 10 140 M M 6 13 140
9 79 57 68 14 0 3 0.81 0.0 M 8.9 16 180 M M 8 13 21 170
10 69 41 55 1 10 0 0.42 0.0 0 10.5 35 310 M M 8 13 40 310
11 58 36 47 -7 18 0 0.00 0.0 0 8.0 16 340 M M 0 22 340
12 61 34 48 -6 17 0 0.00 0.0 0 6.4 12 50 M M 0 15 50
13 63 39 51 -3 14 0 0.00 0.0 0 8.4 17 70 M M 0 23 70
14 64 47 56 3 9 0 0.00 0.0 0 11.9 21 60 M M 0 28 80
15 64 45 55 2 10 0 0.00 0.0 0 10.8 16 90 M M 2 22 70
16 61 44 53 0 12 0 0.27 0.0 0 9.7 16 80 M M 6 1 21 80
17 58 46 52 -1 13 0 0.03 0.0 0 12.0 20 310 M M 9 1 24 320
18 62 40 51 -2 14 0 0.00 0.0 0 11.3 18 310 M M 0 23 320
19 55 32 44 -9 21 0 0.00 0.0 M 6.8 15 360 M M 0 20 360
20 54 30 42 -10 23 0 0.00 0.0 M 5.9 14 90 M M 0 8 17 90
21 61 35 48 -4 17 0 0.00 0.0 M 5.2 12 110 M M 0 15 80
22 66 40 53 1 12 0 0.00 0.0 M 4.4 9 80 M M 0 12 110
23 72 43 58 6 7 0 0.00 0.0 M 5.3 12 150 M M 0 15 140
24 68 52 60 8 5 0 0.18 0.0 0 9.4 17 120 M M 4 1 23 80
25 72 61 67 15 0 2 0.31 0.0 M 10.5 24 130 M M 10 1 32 130
26 62 49 56 4 9 0 0.00 0.0 M 8.3 15 310 M M 9 1 18 320
27 64 44 54 2 11 0 0.00 0.0 M 5.8 10 290 M M 0 15 280
28 61 38 50 -2 15 0 0.00 0.0 M 7.3 15 270 M M 0 20 250
29 52 33 43 -8 22 0 0.00 0.0 M 7.4 17 270 M M 1 23 300
30 54 35 45 -6 20 0 0.00 0.0 M 6.0 14 290 M M 0 18 280
31 61 31 46 -5 19 0 0.00 0.0 0 4.3 14 210 M M 0 18 220
================================================================================
SM 1967 1321 369 5 4.75 0.0 236.4 M 82
================================================================================
AV 63.5 42.6 7.6 FASTST M M 3 MAX(MPH)
MISC ----> 35 310 40 310
================================================================================
NOTES:
# LAST OF SEVERAL OCCURRENCES
COLUMN 17 PEAK WIND IN M.P.H.
PRELIMINARY LOCAL CLIMATOLOGICAL DATA (WS FORM: F-6) , PAGE 2
STATION: DOTHAN
MONTH: DECEMBER
YEAR: 2023
LATITUDE: 31 19 N
LONGITUDE: 85 27 W
[TEMPERATURE DATA] [PRECIPITATION DATA] SYMBOLS USED IN COLUMN 16
AVERAGE MONTHLY: 53.0 TOTAL FOR MONTH: 4.75 1 = FOG OR MIST
DPTR FM NORMAL: -0.1 DPTR FM NORMAL: -0.01 2 = FOG REDUCING VISIBILITY
HIGHEST: 79 ON 9 GRTST 24HR 2.37 ON 2- 3 TO 1/4 MILE OR LESS
LOWEST: 30 ON 20 3 = THUNDER
SNOW, ICE PELLETS, HAIL 4 = ICE PELLETS
TOTAL MONTH: 0.0 INCH 5 = HAIL
GRTST 24HR 0.0 6 = FREEZING RAIN OR DRIZZLE
GRTST DEPTH: 0 7 = DUSTSTORM OR SANDSTORM:
VSBY 1/2 MILE OR LESS
8 = SMOKE OR HAZE
[NO. OF DAYS WITH] [WEATHER - DAYS WITH] 9 = BLOWING SNOW
X = TORNADO
MAX 32 OR BELOW: 0 0.01 INCH OR MORE: 9
MAX 90 OR ABOVE: 0 0.10 INCH OR MORE: 8
MIN 32 OR BELOW: 3 0.50 INCH OR MORE: 3
MIN 0 OR BELOW: 0 1.00 INCH OR MORE: 1
[HDD (BASE 65) ]
TOTAL THIS MO. 369 CLEAR (SCALE 0-3) 20
DPTR FM NORMAL -15 PTCLDY (SCALE 4-7) 8
TOTAL FM JUL 1 615 CLOUDY (SCALE 8-10) 3
DPTR FM NORMAL -32
[CDD (BASE 65) ]
TOTAL THIS MO. 5
DPTR FM NORMAL -10 [PRESSURE DATA]
TOTAL FM JAN 1 2873 HIGHEST SLP 30.60 ON 14
DPTR FM NORMAL 187 LOWEST SLP 29.78 ON 17
[REMARKS]
#FINAL-12-23#