000
CXUS54 KAMA 010810
CF6DHT
PRELIMINARY LOCAL CLIMATOLOGICAL DATA (WS FORM: F-6)
STATION: DALHART
MONTH: DECEMBER
YEAR: 2023
LATITUDE: 36 1 N
LONGITUDE: 102 33 W
TEMPERATURE IN F: :PCPN: SNOW: WIND :SUNSHINE: SKY :PK WND
================================================================================
1 2 3 4 5 6A 6B 7 8 9 10 11 12 13 14 15 16 17 18
12Z AVG MX 2MIN
DY MAX MIN AVG DEP HDD CDD WTR SNW DPTH SPD SPD DIR MIN PSBL S-S WX SPD DR
================================================================================
1 51 22 37 -2 28 0 0.00 M M 7.3 16 200 M M 2 22 210
2 55 21 38 -1 27 0 0.00 M M 10.6 26 320 M M 1 37 330
3 64 22 43 5 22 0 0.00 M M 15.0 38 360 M M 0 56 10
4 58 20 39 1 26 0 0.00 M M 8.6 20 20 M M 0 26 20
5 61 28 45 7 20 0 0.00 M M 9.5 23 50 M M 0 36 40
6 70 27 49 11 16 0 0.00 M M 13.8 26 210 M M 0 37 210
7 74 30 52 15 13 0 0.00 M M 14.7 28 240 M M 0 37 230
8 57 29 43 6 22 0 0.00 M M 8.5 23 50 M M 1 30 10
9 41 22 32 -5 33 0 0.21 M M 12.8 29 20 M M 4 1 38 360
10 52 13 33 -4 32 0 0.00 M M 9.7 20 210 M M 0 27 220
11 54 28 41 5 24 0 0.00 M M 6.3 14 360 M M 0 17 350
12 53 25 39 3 26 0 0.00 M M 6.3 13 140 M M 1 17 140
13 43 35 39 3 26 0 0.85 M M 11.5 18 110 M M 10 18 25 110
14 37 34 36 0 29 0 0.26 M M 7.9 18 120 M M 10 1 25 130
15 53 32 43 7 22 0 0.00 M M 10.4 28 360 M M 4 1 37 340
16 59 27 43 7 22 0 0.00 M M 9.5 20 240 M M 0 26 240
17 68 32 50 15 15 0 0.00 M M 9.9 21 30 M M 0 26 30
18 56 27 42 7 23 0 0.00 M M 10.2 24 190 M M 0 31 220
19 68 33 51 16 14 0 0.00 M M 11.7 22 230 M M 0 29 230
20 65 34 50 15 15 0 0.00 M M 4.7 10 260 M M 0 13 20
21 64 36 50 15 15 0 0.01 M M 7.8 14 20 M M 4 18 210
22 64 32 48 13 17 0 0.00 M M 8.2 15 170 M M 1 20 160
23 58 37 48 13 17 0 0.34 M M 12.9 32 200 M M 5 13 39 210
24 41 30 36 1 29 0 0.00 M M 21.0 35 360 M M 5 50 360
25 41 17 29 -6 36 0 0.00 M M 9.2 25 360 M M 4 33 350
26 42 15 29 -6 36 0 0.00 M M 10.5 25 330 M M 7 34 320
27 50 33 42 7 23 0 0.00 M M 16.3 31 360 M M 6 44 360
28 47 20 34 -1 31 0 0.00 M M 13.9 29 360 M M 0 38 350
29 58 21 40 5 25 0 0.00 M M 9.6 21 10 M M 0 27 10
30 46 29 38 3 27 0 0.00 M M 6.2 8 300 M M 0 M M
31 48 23 36 1 29 0 0.00 M M 8.3 15 60 M M 0 19 60
================================================================================
SM 1698 834 740 0 1.67 M 322.8 M 65
================================================================================
AV 54.8 26.9 10.4 FASTST M M 2 MAX(MPH)
MISC ----> 38 360 56 10
================================================================================
NOTES:
# LAST OF SEVERAL OCCURRENCES
COLUMN 17 PEAK WIND IN M.P.H.
PRELIMINARY LOCAL CLIMATOLOGICAL DATA (WS FORM: F-6) , PAGE 2
STATION: DALHART
MONTH: DECEMBER
YEAR: 2023
LATITUDE: 36 1 N
LONGITUDE: 102 33 W
[TEMPERATURE DATA] [PRECIPITATION DATA] SYMBOLS USED IN COLUMN 16
AVERAGE MONTHLY: 40.8 TOTAL FOR MONTH: 1.67 1 = FOG OR MIST
DPTR FM NORMAL: 4.7 DPTR FM NORMAL: 1.13 2 = FOG REDUCING VISIBILITY
HIGHEST: 74 ON 7 GRTST 24HR 1.01 ON 13-14 TO 1/4 MILE OR LESS
LOWEST: 13 ON 10 3 = THUNDER
SNOW, ICE PELLETS, HAIL 4 = ICE PELLETS
TOTAL MONTH: M 5 = HAIL
GRTST 24HR M ON M 6 = FREEZING RAIN OR DRIZZLE
GRTST DEPTH: M ON M 7 = DUSTSTORM OR SANDSTORM:
VSBY 1/2 MILE OR LESS
8 = SMOKE OR HAZE
[NO. OF DAYS WITH] [WEATHER - DAYS WITH] 9 = BLOWING SNOW
X = TORNADO
MAX 32 OR BELOW: 0 0.01 INCH OR MORE: 5
MAX 90 OR ABOVE: 0 0.10 INCH OR MORE: 4
MIN 32 OR BELOW: 24 0.50 INCH OR MORE: 1
MIN 0 OR BELOW: 0 1.00 INCH OR MORE: 0
[HDD (BASE 65) ]
TOTAL THIS MO. 740 CLEAR (SCALE 0-3) 21
DPTR FM NORMAL -157 PTCLDY (SCALE 4-7) 8
TOTAL FM JUL 1 1538 CLOUDY (SCALE 8-10) 2
DPTR FM NORMAL -259
[CDD (BASE 65) ]
TOTAL THIS MO. 0
DPTR FM NORMAL 0 [PRESSURE DATA]
TOTAL FM JAN 1 1347 HIGHEST SLP M ON M
DPTR FM NORMAL -57 LOWEST SLP 29.56 ON 8
[REMARKS]
#FINAL-12-23#