000
CXUS53 KBIS 031448 CCA
CF6DIK
PRELIMINARY LOCAL CLIMATOLOGICAL DATA (WS FORM: F-6)
STATION: DICKINSON ND
MONTH: DECEMBER
YEAR: 2022
LATITUDE: 46 47 N
LONGITUDE: 102 48 W
TEMPERATURE IN F: :PCPN: SNOW: WIND :SUNSHINE: SKY :PK WND
================================================================================
1 2 3 4 5 6A 6B 7 8 9 10 11 12 13 14 15 16 17 18
12Z AVG MX 2MIN
DY MAX MIN AVG DEP HDD CDD WTR SNW DPTH SPD SPD DIR MIN PSBL S-S WX SPD DR
================================================================================
1 36 12 24 0 41 0 0.00 M M 8.6 21 150 M M 0 25 150
2 18 -4 7 -17 58 0 M M M 19.1 31 300 M M 7 18 39 300
3 29 -4 13 -11 52 0 0.00 M M 9.5 18 270 M M 0 23 280
4 40 8 24 1 41 0 0.00 M M 14.9 25 240 M M 0 32 280
5 19 10 15 -8 50 0 M M M 9.6 21 110 M M 7 1 27 110
6 13 0 7 -16 58 0 M M M 9.9 22 300 M M 9 18 27 310
7 14 -8 3 -19 62 0 M M M 13.3 29 180 M M 5 18 33 180
8 28 2 15 -7 50 0 0.00 M M 5.8 13 190 M M 0 13 190
9 25 9 17 -5 48 0 0.00 M M 8.7 18 280 M M 0 24 160
10 30 12 21 0 44 0 0.00 M M 9.0 16 280 M M 0 21 280
11 22 7 15 -6 50 0 0.00 M M 9.3 18 130 M M 1 12 23 130
12 23 17 20 -1 45 0 0.00 M M 8.2 14 350 M M 10 12 18 350
13 25 19 22 2 43 0 M M M 15.5 22 350 M M 10 1 30 360
14 20 11 16 -4 49 0 M M M 21.0 29 300 M M 10 12 35 300
15 12 9 11 -9 54 0 M M M 28.4 38 300 M M 10 129 53 310
16 12 -2 5 -15 60 0 M M M 24.2 35 320 M M 6 1289 52 310
17 4 -6 -1 -20 66 0 T M M 7.9 15 290 M M 4 18 17 300
18 0 -19 -9 -28 74 0 M M M 6.9 14 70 M M 6 1 16 70
19 -4 -21 -12 -31 77 0 M M M 8.1 21 300 M M 8 1 26 300
20 -9 -19 -14 -32 79 0 M M M 10.4 21 280 M M 6 27 280
21 -13 -25 -19 -37 84 0 M M M 19.4 32 290 M M 10 18 40 290
22 -16 -23 -19 -37 84 0 M M M 30.1 39 300 M M 10 8 51 300
23 -10 -22 -16 -34 81 0 0.00 M M 13.7 32 300 M M 2 8 40 300
24 3 -13 -5 -23 70 0 0.00 M M 8.9 22 160 M M 7 27 160
25 37 -6 16 -2 49 0 M M M 23.0 46 310 M M 6 1689 59 310
26 36 -8 14 -3 51 0 0.00 M M 13.4 24 190 M M 5 12 28 180
27 43 34 39 22 26 0 0.00 M M 9.5 21 240 M M 2 25 250
28 42 18 30 13 35 0 0.00 M M 14.4 28 300 M M 1 33 290
29 24 10 17 0 48 0 0.00 M M 9.1 21 290 M M 7 24 300
30 31 9 20 3 45 0 0.00 M M 7.6 14 190 M M 0 16 190
31 32 18 25 8 40 0 0.00 M M 10.4 16 260 M M 2 20 270
================================================================================
SM 566 25 1714 0 T M 407.8 M 151
================================================================================
AV 18.3 0.8 13.2 FASTST M M 5 MAX(MPH)
MISC ----> 46 310 59 310
================================================================================
NOTES:
# LAST OF SEVERAL OCCURRENCES
COLUMN 17 PEAK WIND IN M.P.H.
PRELIMINARY LOCAL CLIMATOLOGICAL DATA (WS FORM: F-6) , PAGE 2
STATION: DICKINSON ND
MONTH: DECEMBER
YEAR: 2022
LATITUDE: 46 47 N
LONGITUDE: 102 48 W
[TEMPERATURE DATA] [PRECIPITATION DATA] SYMBOLS USED IN COLUMN 16
AVERAGE MONTHLY: 9.5 TOTAL FOR MONTH: T 1 = FOG OR MIST
DPTR FM NORMAL: -8.9 DPTR FM NORMAL: -0.19 2 = FOG REDUCING VISIBILITY
HIGHEST: 43 ON 27 GRTST 24HR 0.03 ON 21-22 TO 1/4 MILE OR LESS
LOWEST: -25 ON 21 3 = THUNDER
SNOW, ICE PELLETS, HAIL 4 = ICE PELLETS
TOTAL MONTH: M 5 = HAIL
GRTST 24HR M ON M 6 = FREEZING RAIN OR DRIZZLE
GRTST DEPTH: M ON M 7 = DUSTSTORM OR SANDSTORM:
VSBY 1/2 MILE OR LESS
8 = SMOKE OR HAZE
[NO. OF DAYS WITH] [WEATHER - DAYS WITH] 9 = BLOWING SNOW
X = TORNADO
MAX 32 OR BELOW: 25 0.01 INCH OR MORE: 0
MAX 90 OR ABOVE: 0 0.10 INCH OR MORE: 0
MIN 32 OR BELOW: 30 0.50 INCH OR MORE: 0
MIN 0 OR BELOW: 15 1.00 INCH OR MORE: 0
[HDD (BASE 65) ]
TOTAL THIS MO. 1714 CLEAR (SCALE 0-3) 12
DPTR FM NORMAL 316 PTCLDY (SCALE 4-7) 12
TOTAL FM JUL 1 3696 CLOUDY (SCALE 8-10) 7
DPTR FM NORMAL 286
[CDD (BASE 65) ]
TOTAL THIS MO. 0
DPTR FM NORMAL 0 [PRESSURE DATA]
TOTAL FM JAN 1 557 HIGHEST SLP 30.80 ON 23
DPTR FM NORMAL 139 LOWEST SLP 29.15 ON 28
[REMARKS]
#FINAL-12-22#