000
CXUS54 KEPZ 011030
CF6DMN
PRELIMINARY LOCAL CLIMATOLOGICAL DATA (WS FORM: F-6)
STATION: DEMING
MONTH: MARCH
YEAR: 2023
LATITUDE: 32 15 N
LONGITUDE: 107 42 W
TEMPERATURE IN F: :PCPN: SNOW: WIND :SUNSHINE: SKY :PK WND
================================================================================
1 2 3 4 5 6A 6B 7 8 9 10 11 12 13 14 15 16 17 18
12Z AVG MX 2MIN
DY MAX MIN AVG DEP HDD CDD WTR SNW DPTH SPD SPD DIR MIN PSBL S-S WX SPD DR
================================================================================
1 67 33 50 1 15 0 0.00 M M 13.7 35 250 M M 2 8 46 240
2 53 30 42 -8 23 0 0.01 M M 21.0 39 270 M M 4 1 55 260
3 59 26 43 -7 22 0 0.00 M M 14.0 25 270 M M 0 34 250
4 69 28 49 -1 16 0 0.00 M M 7.2 18 230 M M 0 24 230
5 72 30 51 1 14 0 0.00 M M 7.9 23 270 M M 0 31 270
6 74 34 54 3 11 0 0.00 M M 7.7 21 280 M M 0 29 260
7 71 44 58 7 7 0 T M M 8.2 29 330 M M 3 39 330
8 77 36 57 6 8 0 0.00 M M 7.4 23 250 M M 0 34 270
9 74 38 56 5 9 0 0.00 M M 8.1 21 270 M M 0 28 260
10 79 35 57 5 8 0 0.00 M M 9.8 23 280 M M 0 31 280
11 73 46 60 8 5 0 0.00 M M 15.9 30 280 M M 0 43 290
12 73 47 60 8 5 0 0.00 M M 13.1 26 310 M M 0 35 240
13 71 31 51 -1 14 0 0.00 M M 8.2 22 280 M M 0 32 300
14 74 35 55 2 10 0 0.00 M M 5.1 15 260 M M 0 21 240
15 76 40 58 5 7 0 T M M 11.5 35 270 M M 4 8 48 290
16 64 45 55 2 10 0 0.21 M M 15.7 31 290 M M 5 1 42 240
17 58 39 49 -5 16 0 T M M 10.8 24 40 M M 8 1 34 40
18 51 37 44 -10 21 0 0.02 M M 13.9 23 40 M M 9 1 32 40
19 55 30 43 -11 22 0 0.00 M M 7.4 20 120 M M 2 28 150
20 70 35 53 -1 12 0 T M M 10.2 25 250 M M 4 36 240
21 74 49 62 8 3 0 0.00 M M 17.1 36 250 M M 1 8 50 250
22 71 43 57 2 8 0 0.00 M M 13.0 36 240 M M 1 8 48 240
23 65 41 53 -2 12 0 T M M 12.0 32 270 M M 3 46 260
24 58 32 45 -10 20 0 0.00 M M 15.4 31 270 M M 2 43 280
25 63 30 47 -9 18 0 0.00 M M 10.0 22 280 M M 0 32 260
26 63 30 47 -9 18 0 0.00 M M 12.3 26 260 M M 0 37 250
27 71 31 51 -5 14 0 0.00 M M 10.5 29 40 M M 0 40 50
28 66 41 54 -2 11 0 0.00 M M 16.0 33 40 M M 0 46 40
29 78 34 56 0 9 0 0.00 M M 8.7 20 230 M M 0 29 230
30 73 40 57 0 8 0 0.00 M M 16.4 38 250 M M 1 8 56 270
31 67 40 54 -3 11 0 0.00 M M 12.8 26 310 M M 0 44 300
================================================================================
SM 2109 1130 387 0 0.24 M 361.0 M 49
================================================================================
AV 68.0 36.5 11.6 FASTST M M 2 MAX(MPH)
MISC ----> 39 270 56 270
================================================================================
NOTES:
# LAST OF SEVERAL OCCURRENCES
COLUMN 17 PEAK WIND IN M.P.H.
PRELIMINARY LOCAL CLIMATOLOGICAL DATA (WS FORM: F-6) , PAGE 2
STATION: DEMING
MONTH: MARCH
YEAR: 2023
LATITUDE: 32 15 N
LONGITUDE: 107 42 W
[TEMPERATURE DATA] [PRECIPITATION DATA] SYMBOLS USED IN COLUMN 16
AVERAGE MONTHLY: 52.2 TOTAL FOR MONTH: 0.24 1 = FOG OR MIST
DPTR FM NORMAL: -1.0 DPTR FM NORMAL: -0.06 2 = FOG REDUCING VISIBILITY
HIGHEST: 79 ON 10 GRTST 24HR 0.21 ON 15-16 TO 1/4 MILE OR LESS
LOWEST: 26 ON 3 3 = THUNDER
SNOW, ICE PELLETS, HAIL 4 = ICE PELLETS
TOTAL MONTH: M 5 = HAIL
GRTST 24HR M ON M 6 = FREEZING RAIN OR DRIZZLE
GRTST DEPTH: M ON M 7 = DUSTSTORM OR SANDSTORM:
VSBY 1/2 MILE OR LESS
8 = SMOKE OR HAZE
[NO. OF DAYS WITH] [WEATHER - DAYS WITH] 9 = BLOWING SNOW
X = TORNADO
MAX 32 OR BELOW: 0 0.01 INCH OR MORE: 3
MAX 90 OR ABOVE: 0 0.10 INCH OR MORE: 1
MIN 32 OR BELOW: 10 0.50 INCH OR MORE: 0
MIN 0 OR BELOW: 0 1.00 INCH OR MORE: 0
[HDD (BASE 65) ]
TOTAL THIS MO. 387 CLEAR (SCALE 0-3) 25
DPTR FM NORMAL 20 PTCLDY (SCALE 4-7) 5
TOTAL FM JUL 1 2967 CLOUDY (SCALE 8-10) 1
DPTR FM NORMAL 114
[CDD (BASE 65) ]
TOTAL THIS MO. 0
DPTR FM NORMAL -1 [PRESSURE DATA]
TOTAL FM JAN 1 0 HIGHEST SLP 30.31 ON 19
DPTR FM NORMAL -1 LOWEST SLP 29.44 ON 2
[REMARKS]
#FINAL-03-23#